{"version":"1.0","provider_name":"Auren Argentina","provider_url":"https:\/\/auren.com\/ar","author_name":"Auren Argentina","author_url":"https:\/\/auren.com\/ar\/author\/auren_ar\/","title":"El carro delante de los caballos - Auren Argentina","type":"rich","width":600,"height":338,"html":"<blockquote class=\"wp-embedded-content\" data-secret=\"J5QDggpha3\"><a href=\"https:\/\/auren.com\/ar\/blog\/el-carro-delante-de-los-caballos\/\">El carro delante de los caballos<\/a><\/blockquote><iframe sandbox=\"allow-scripts\" security=\"restricted\" src=\"https:\/\/auren.com\/ar\/blog\/el-carro-delante-de-los-caballos\/embed\/#?secret=J5QDggpha3\" width=\"600\" height=\"338\" title=\"\u00abEl carro delante de los caballos\u00bb \u2014 Auren Argentina\" data-secret=\"J5QDggpha3\" frameborder=\"0\" marginwidth=\"0\" marginheight=\"0\" scrolling=\"no\" class=\"wp-embedded-content\"><\/iframe><script>\n\/*! This file is auto-generated *\/\n!function(d,l){\"use strict\";l.querySelector&&d.addEventListener&&\"undefined\"!=typeof URL&&(d.wp=d.wp||{},d.wp.receiveEmbedMessage||(d.wp.receiveEmbedMessage=function(e){var t=e.data;if((t||t.secret||t.message||t.value)&&!\/[^a-zA-Z0-9]\/.test(t.secret)){for(var s,r,n,a=l.querySelectorAll('iframe[data-secret=\"'+t.secret+'\"]'),o=l.querySelectorAll('blockquote[data-secret=\"'+t.secret+'\"]'),c=new RegExp(\"^https?:$\",\"i\"),i=0;i<o.length;i++)o[i].style.display=\"none\";for(i=0;i<a.length;i++)s=a[i],e.source===s.contentWindow&&(s.removeAttribute(\"style\"),\"height\"===t.message?(1e3<(r=parseInt(t.value,10))?r=1e3:~~r<200&&(r=200),s.height=r):\"link\"===t.message&&(r=new URL(s.getAttribute(\"src\")),n=new URL(t.value),c.test(n.protocol))&&n.host===r.host&&l.activeElement===s&&(d.top.location.href=t.value))}},d.addEventListener(\"message\",d.wp.receiveEmbedMessage,!1),l.addEventListener(\"DOMContentLoaded\",function(){for(var e,t,s=l.querySelectorAll(\"iframe.wp-embedded-content\"),r=0;r<s.length;r++)(t=(e=s[r]).getAttribute(\"data-secret\"))||(t=Math.random().toString(36).substring(2,12),e.src+=\"#?secret=\"+t,e.setAttribute(\"data-secret\",t)),e.contentWindow.postMessage({message:\"ready\",secret:t},\"*\")},!1)))}(window,document);\n\/\/# sourceURL=https:\/\/auren.com\/ar\/wp-includes\/js\/wp-embed.min.js\n<\/script>\n","thumbnail_url":"https:\/\/auren.com\/ar\/wp-content\/uploads\/2019\/12\/el-carro-delante-del-caballo-1.jpg","thumbnail_width":640,"thumbnail_height":314,"description":"Durante el mes de Agosto pasado, debieron haber vencido las presentaciones de los Informes de Precios de Transferencia de los Contribuyentes con cierre de Ejercicio en Diciembre de 2018; pero ante los cambios introducidos por la Ley 27.430\/17&nbsp; y el Decreto 1170\/18; la AFIP a trav\u00e9s de la Resoluci\u00f3n General 4538\/19 estableci\u00f3 que &nbsp;la informaci\u00f3n respecto de los per\u00edodos fiscales cerrados entre el 31 de diciembre de 2018 y el 30 de abril de 2019, ambos inclusive, se presentar\u00e1 -con car\u00e1cter de excepci\u00f3n- entre los d\u00edas 16 y 20 de diciembre de 2019."}

Durante el mes de Agosto pasado, debieron haber vencido las presentaciones de los Informes de Precios de Transferencia de los Contribuyentes con cierre de Ejercicio en Diciembre de 2018; pero ante los cambios introducidos por la Ley 27.430/17&nbsp; y el Decreto 1170/18; la AFIP a través de la Resolución General 4538/19 estableció que &nbsp;la información respecto de los períodos fiscales cerrados entre el 31 de diciembre de 2018 y el 30 de abril de 2019, ambos inclusive, se presentará -con carácter de excepción- entre los días 16 y 20 de diciembre de 2019.
