{"id":13008,"date":"2024-11-06T13:50:08","date_gmt":"2024-11-06T12:50:08","guid":{"rendered":"https:\/\/auren.com\/ar\/new\/novedades-programa-aviones-v\/"},"modified":"2024-11-06T13:50:08","modified_gmt":"2024-11-06T12:50:08","slug":"novedades-programa-aviones-v","status":"publish","type":"new","link":"https:\/\/auren.com\/ar\/noticias\/novedades-programa-aviones-v\/","title":{"rendered":"Novedades | Programa Aviones V"},"content":{"rendered":"<figure class=\"wp-block-table\">\n<table>\n<tbody>\n<tr>\n<td>\u00a1Sumate a las pr\u00e1cticas profesionales del Programa Aviones V! &#x1f4bc;<\/td>\n<\/tr>\n<\/tbody>\n<\/table>\n<\/figure>\n<p>Si sos&nbsp;<strong>estudiante<\/strong>&nbsp;de la carrera de&nbsp;<strong>Contador P\u00fablico UP<\/strong>, queremos invitarte a participar de la&nbsp;<strong>quinta edici\u00f3n<\/strong>&nbsp;del programa&nbsp;<strong>\u201cAviones\u201d<\/strong>&nbsp;de&nbsp;<strong>pr\u00e1cticas profesionales remuneradas<\/strong>&nbsp;de&nbsp;<strong>Auren Argentina<\/strong>. El programa se orienta a perfiles sin experiencia laboral, con un rango de edad de entre 18 y 22 a\u00f1os e incluye beneficios como una jornada part time y modalidad h\u00edbrida, entre otros.<\/p>\n<div class=\"wp-block-file\"><a id=\"wp-block-file--media-0429bff3-b36d-414b-a416-d4c30b6dd5ab\" href=\"https:\/\/auren.com\/ar\/wp-content\/uploads\/migration\/2024\/11\/PROGRAMA-AVIONES.docx\">PROGRAMA-AVIONES<\/a><a href=\"https:\/\/auren.com\/ar\/wp-content\/uploads\/migration\/2024\/11\/PROGRAMA-AVIONES.docx\" class=\"wp-block-file__button wp-element-button\" download aria-describedby=\"wp-block-file--media-0429bff3-b36d-414b-a416-d4c30b6dd5ab\">Descarga<\/a><\/div>\n<p><!-- AddThis Advanced Settings generic via filter on the_content --><!-- AddThis Share Buttons generic via filter on the_content --><\/p>\n","protected":false},"excerpt":{"rendered":"<p>\u00a1Sumate a las pr\u00e1cticas profesionales del Programa Aviones V! &#x1f4bc; Si sos&nbsp;estudiante&nbsp;de la carrera de&nbsp;Contador P\u00fablico UP, queremos invitarte a participar de la&nbsp;quinta edici\u00f3n&nbsp;del programa&nbsp;\u201cAviones\u201d&nbsp;de&nbsp;pr\u00e1cticas profesionales remuneradas&nbsp;de&nbsp;Auren Argentina. El programa [&hellip;]<\/p>\n","protected":false},"featured_media":13009,"template":"","meta":{"_acf_changed":false,"footnotes":""},"new-category":[],"class_list":["post-13008","new","type-new","status-publish","has-post-thumbnail","hentry"],"acf":[],"yoast_head":"<!-- This site is optimized with the Yoast SEO plugin v27.4 - https:\/\/yoast.com\/product\/yoast-seo-wordpress\/ -->\n<title>Novedades | Programa Aviones V - Auren Argentina<\/title>\n<meta name=\"description\" content=\"Auren invita a participar de la\u00a0quinta edici\u00f3n\u00a0del programa\u00a0\u201cAviones\u201d\u00a0de\u00a0pr\u00e1cticas profesionales remuneradas\u00a0de\u00a0Auren Argentina.\" \/>\n<meta name=\"robots\" content=\"index, follow, max-snippet:-1, max-image-preview:large, max-video-preview:-1\" \/>\n<link rel=\"canonical\" href=\"https:\/\/auren.com\/ar\/noticias\/novedades-programa-aviones-v\/\" \/>\n<meta property=\"og:locale\" content=\"es_ES\" \/>\n<meta property=\"og:type\" content=\"article\" \/>\n<meta property=\"og:title\" content=\"Novedades | Programa Aviones V - Auren Argentina\" \/>\n<meta property=\"og:description\" content=\"Auren invita a participar de la\u00a0quinta edici\u00f3n\u00a0del programa\u00a0\u201cAviones\u201d\u00a0de\u00a0pr\u00e1cticas profesionales remuneradas\u00a0de\u00a0Auren Argentina.\" \/>\n<meta property=\"og:url\" content=\"https:\/\/auren.com\/ar\/noticias\/novedades-programa-aviones-v\/\" \/>\n<meta property=\"og:site_name\" content=\"Auren Argentina\" \/>\n<meta property=\"article:publisher\" content=\"https:\/\/www.facebook.com\/AurenArg\/\" \/>\n<meta property=\"og:image\" content=\"https:\/\/auren.com\/ar\/wp-content\/uploads\/2024\/11\/carrusel-programa-aviones_programa-aviones-01-4.jpg\" \/>\n\t<meta property=\"og:image:width\" content=\"1080\" \/>\n\t<meta property=\"og:image:height\" content=\"1080\" \/>\n\t<meta property=\"og:image:type\" content=\"image\/jpeg\" \/>\n<meta name=\"twitter:card\" content=\"summary_large_image\" \/>\n<meta name=\"twitter:site\" content=\"@AUREN_Argentina\" \/>\n<script type=\"application\/ld+json\" class=\"yoast-schema-graph\">{\"@context\":\"https:\\\/\\\/schema.org\",\"@graph\":[{\"@type\":\"WebPage\",\"@id\":\"https:\\\/\\\/auren.com\\\/ar\\\/noticias\\\/novedades-programa-aviones-v\\\/\",\"url\":\"https:\\\/\\\/auren.com\\\/ar\\\/noticias\\\/novedades-programa-aviones-v\\\/\",\"name\":\"Novedades | Programa Aviones V - Auren Argentina\",\"isPartOf\":{\"@id\":\"https:\\\/\\\/auren.com\\\/ar\\\/#website\"},\"primaryImageOfPage\":{\"@id\":\"https:\\\/\\\/auren.com\\\/ar\\\/noticias\\\/novedades-programa-aviones-v\\\/#primaryimage\"},\"image\":{\"@id\":\"https:\\\/\\\/auren.com\\\/ar\\\/noticias\\\/novedades-programa-aviones-v\\\/#primaryimage\"},\"thumbnailUrl\":\"https:\\\/\\\/auren.com\\\/ar\\\/wp-content\\\/uploads\\\/2024\\\/11\\\/carrusel-programa-aviones_programa-aviones-01-4.jpg\",\"datePublished\":\"2024-11-06T12:50:08+00:00\",\"description\":\"Auren invita a participar de la\u00a0quinta edici\u00f3n\u00a0del programa\u00a0\u201cAviones\u201d\u00a0de\u00a0pr\u00e1cticas profesionales remuneradas\u00a0de\u00a0Auren Argentina.\",\"breadcrumb\":{\"@id\":\"https:\\\/\\\/auren.com\\\/ar\\\/noticias\\\/novedades-programa-aviones-v\\\/#breadcrumb\"},\"inLanguage\":\"es\",\"potentialAction\":[{\"@type\":\"ReadAction\",\"target\":[\"https:\\\/\\\/auren.com\\\/ar\\\/noticias\\\/novedades-programa-aviones-v\\\/\"]}]},{\"@type\":\"ImageObject\",\"inLanguage\":\"es\",\"@id\":\"https:\\\/\\\/auren.com\\\/ar\\\/noticias\\\/novedades-programa-aviones-v\\\/#primaryimage\",\"url\":\"https:\\\/\\\/auren.com\\\/ar\\\/wp-content\\\/uploads\\\/2024\\\/11\\\/carrusel-programa-aviones_programa-aviones-01-4.jpg\",\"contentUrl\":\"https:\\\/\\\/auren.com\\\/ar\\\/wp-content\\\/uploads\\\/2024\\\/11\\\/carrusel-programa-aviones_programa-aviones-01-4.jpg\",\"width\":1080,\"height\":1080},{\"@type\":\"BreadcrumbList\",\"@id\":\"https:\\\/\\\/auren.com\\\/ar\\\/noticias\\\/novedades-programa-aviones-v\\\/#breadcrumb\",\"itemListElement\":[{\"@type\":\"ListItem\",\"position\":1,\"name\":\"Portada\",\"item\":\"https:\\\/\\\/auren.com\\\/ar\\\/\"},{\"@type\":\"ListItem\",\"position\":2,\"name\":\"Novedades | Programa Aviones V\"}]},{\"@type\":\"WebSite\",\"@id\":\"https:\\\/\\\/auren.com\\\/ar\\\/#website\",\"url\":\"https:\\\/\\\/auren.com\\\/ar\\\/\",\"name\":\"Auren Argentina\",\"description\":\"\",\"publisher\":{\"@id\":\"https:\\\/\\\/auren.com\\\/ar\\\/#organization\"},\"potentialAction\":[{\"@type\":\"SearchAction\",\"target\":{\"@type\":\"EntryPoint\",\"urlTemplate\":\"https:\\\/\\\/auren.com\\\/ar\\\/?s={search_term_string}\"},\"query-input\":{\"@type\":\"PropertyValueSpecification\",\"valueRequired\":true,\"valueName\":\"search_term_string\"}}],\"inLanguage\":\"es\"},{\"@type\":\"Organization\",\"@id\":\"https:\\\/\\\/auren.com\\\/ar\\\/#organization\",\"name\":\"Auren Argentina\",\"url\":\"https:\\\/\\\/auren.com\\\/ar\\\/\",\"logo\":{\"@type\":\"ImageObject\",\"inLanguage\":\"es\",\"@id\":\"https:\\\/\\\/auren.com\\\/ar\\\/#\\\/schema\\\/logo\\\/image\\\/\",\"url\":\"https:\\\/\\\/auren.com\\\/ar\\\/wp-content\\\/uploads\\\/2025\\\/01\\\/cropped-cropped-favicon-Auren.png\",\"contentUrl\":\"https:\\\/\\\/auren.com\\\/ar\\\/wp-content\\\/uploads\\\/2025\\\/01\\\/cropped-cropped-favicon-Auren.png\",\"width\":512,\"height\":512,\"caption\":\"Auren Argentina\"},\"image\":{\"@id\":\"https:\\\/\\\/auren.com\\\/ar\\\/#\\\/schema\\\/logo\\\/image\\\/\"},\"sameAs\":[\"https:\\\/\\\/www.facebook.com\\\/AurenArg\\\/\",\"https:\\\/\\\/x.com\\\/AUREN_Argentina\",\"https:\\\/\\\/www.linkedin.com\\\/company\\\/aurenargentina\",\"https:\\\/\\\/www.youtube.com\\\/channel\\\/UCSCseiHMECB0uMBGF9wtjSw\",\"https:\\\/\\\/www.instagram.com\\\/aurenargentina\\\/\"]}]}<\/script>\n<!-- \/ Yoast SEO plugin. -->","yoast_head_json":{"title":"Novedades | Programa Aviones V - Auren Argentina","description":"Auren invita a participar de la\u00a0quinta edici\u00f3n\u00a0del programa\u00a0\u201cAviones\u201d\u00a0de\u00a0pr\u00e1cticas profesionales remuneradas\u00a0de\u00a0Auren Argentina.","robots":{"index":"index","follow":"follow","max-snippet":"max-snippet:-1","max-image-preview":"max-image-preview:large","max-video-preview":"max-video-preview:-1"},"canonical":"https:\/\/auren.com\/ar\/noticias\/novedades-programa-aviones-v\/","og_locale":"es_ES","og_type":"article","og_title":"Novedades | Programa Aviones V - Auren Argentina","og_description":"Auren invita a participar de la\u00a0quinta edici\u00f3n\u00a0del programa\u00a0\u201cAviones\u201d\u00a0de\u00a0pr\u00e1cticas profesionales remuneradas\u00a0de\u00a0Auren Argentina.","og_url":"https:\/\/auren.com\/ar\/noticias\/novedades-programa-aviones-v\/","og_site_name":"Auren Argentina","article_publisher":"https:\/\/www.facebook.com\/AurenArg\/","og_image":[{"width":1080,"height":1080,"url":"https:\/\/auren.com\/ar\/wp-content\/uploads\/2024\/11\/carrusel-programa-aviones_programa-aviones-01-4.jpg","type":"image\/jpeg"}],"twitter_card":"summary_large_image","twitter_site":"@AUREN_Argentina","schema":{"@context":"https:\/\/schema.org","@graph":[{"@type":"WebPage","@id":"https:\/\/auren.com\/ar\/noticias\/novedades-programa-aviones-v\/","url":"https:\/\/auren.com\/ar\/noticias\/novedades-programa-aviones-v\/","name":"Novedades | Programa Aviones V - Auren Argentina","isPartOf":{"@id":"https:\/\/auren.com\/ar\/#website"},"primaryImageOfPage":{"@id":"https:\/\/auren.com\/ar\/noticias\/novedades-programa-aviones-v\/#primaryimage"},"image":{"@id":"https:\/\/auren.com\/ar\/noticias\/novedades-programa-aviones-v\/#primaryimage"},"thumbnailUrl":"https:\/\/auren.com\/ar\/wp-content\/uploads\/2024\/11\/carrusel-programa-aviones_programa-aviones-01-4.jpg","datePublished":"2024-11-06T12:50:08+00:00","description":"Auren invita a participar de la\u00a0quinta edici\u00f3n\u00a0del programa\u00a0\u201cAviones\u201d\u00a0de\u00a0pr\u00e1cticas profesionales remuneradas\u00a0de\u00a0Auren Argentina.","breadcrumb":{"@id":"https:\/\/auren.com\/ar\/noticias\/novedades-programa-aviones-v\/#breadcrumb"},"inLanguage":"es","potentialAction":[{"@type":"ReadAction","target":["https:\/\/auren.com\/ar\/noticias\/novedades-programa-aviones-v\/"]}]},{"@type":"ImageObject","inLanguage":"es","@id":"https:\/\/auren.com\/ar\/noticias\/novedades-programa-aviones-v\/#primaryimage","url":"https:\/\/auren.com\/ar\/wp-content\/uploads\/2024\/11\/carrusel-programa-aviones_programa-aviones-01-4.jpg","contentUrl":"https:\/\/auren.com\/ar\/wp-content\/uploads\/2024\/11\/carrusel-programa-aviones_programa-aviones-01-4.jpg","width":1080,"height":1080},{"@type":"BreadcrumbList","@id":"https:\/\/auren.com\/ar\/noticias\/novedades-programa-aviones-v\/#breadcrumb","itemListElement":[{"@type":"ListItem","position":1,"name":"Portada","item":"https:\/\/auren.com\/ar\/"},{"@type":"ListItem","position":2,"name":"Novedades | Programa Aviones V"}]},{"@type":"WebSite","@id":"https:\/\/auren.com\/ar\/#website","url":"https:\/\/auren.com\/ar\/","name":"Auren Argentina","description":"","publisher":{"@id":"https:\/\/auren.com\/ar\/#organization"},"potentialAction":[{"@type":"SearchAction","target":{"@type":"EntryPoint","urlTemplate":"https:\/\/auren.com\/ar\/?s={search_term_string}"},"query-input":{"@type":"PropertyValueSpecification","valueRequired":true,"valueName":"search_term_string"}}],"inLanguage":"es"},{"@type":"Organization","@id":"https:\/\/auren.com\/ar\/#organization","name":"Auren Argentina","url":"https:\/\/auren.com\/ar\/","logo":{"@type":"ImageObject","inLanguage":"es","@id":"https:\/\/auren.com\/ar\/#\/schema\/logo\/image\/","url":"https:\/\/auren.com\/ar\/wp-content\/uploads\/2025\/01\/cropped-cropped-favicon-Auren.png","contentUrl":"https:\/\/auren.com\/ar\/wp-content\/uploads\/2025\/01\/cropped-cropped-favicon-Auren.png","width":512,"height":512,"caption":"Auren Argentina"},"image":{"@id":"https:\/\/auren.com\/ar\/#\/schema\/logo\/image\/"},"sameAs":["https:\/\/www.facebook.com\/AurenArg\/","https:\/\/x.com\/AUREN_Argentina","https:\/\/www.linkedin.com\/company\/aurenargentina","https:\/\/www.youtube.com\/channel\/UCSCseiHMECB0uMBGF9wtjSw","https:\/\/www.instagram.com\/aurenargentina\/"]}]}},"_links":{"self":[{"href":"https:\/\/auren.com\/ar\/wp-json\/wp\/v2\/new\/13008","targetHints":{"allow":["GET"]}}],"collection":[{"href":"https:\/\/auren.com\/ar\/wp-json\/wp\/v2\/new"}],"about":[{"href":"https:\/\/auren.com\/ar\/wp-json\/wp\/v2\/types\/new"}],"version-history":[{"count":0,"href":"https:\/\/auren.com\/ar\/wp-json\/wp\/v2\/new\/13008\/revisions"}],"wp:featuredmedia":[{"embeddable":true,"href":"https:\/\/auren.com\/ar\/wp-json\/wp\/v2\/media\/13009"}],"wp:attachment":[{"href":"https:\/\/auren.com\/ar\/wp-json\/wp\/v2\/media?parent=13008"}],"wp:term":[{"taxonomy":"new-category","embeddable":true,"href":"https:\/\/auren.com\/ar\/wp-json\/wp\/v2\/new-category?post=13008"}],"curies":[{"name":"wp","href":"https:\/\/api.w.org\/{rel}","templated":true}]}}

<figure class="wp-block-table">
<table>
<tbody>
<tr>
<td>¡Sumate a las prácticas profesionales del Programa Aviones V! &#x1f4bc;</td>
</tr>
</tbody>
</table>
</figure>
<p>Si sos&nbsp;<strong>estudiante</strong>&nbsp;de la carrera de&nbsp;<strong>Contador Público UP</strong>, queremos invitarte a participar de la&nbsp;<strong>quinta edición</strong>&nbsp;del programa&nbsp;<strong>“Aviones”</strong>&nbsp;de&nbsp;<strong>prácticas profesionales remuneradas</strong>&nbsp;de&nbsp;<strong>Auren Argentina</strong>. El programa se orienta a perfiles sin experiencia laboral, con un rango de edad de entre 18 y 22 años e incluye beneficios como una jornada part time y modalidad híbrida, entre otros.</p>
<div class="wp-block-file"><a id="wp-block-file--media-0429bff3-b36d-414b-a416-d4c30b6dd5ab" href="https://auren.com/ar/wp-content/uploads/migration/2024/11/PROGRAMA-AVIONES.docx">PROGRAMA-AVIONES</a><a href="https://auren.com/ar/wp-content/uploads/migration/2024/11/PROGRAMA-AVIONES.docx" class="wp-block-file__button wp-element-button" download aria-describedby="wp-block-file--media-0429bff3-b36d-414b-a416-d4c30b6dd5ab">Descarga</a></div>
<p><!-- AddThis Advanced Settings generic via filter on the_content --><!-- AddThis Share Buttons generic via filter on the_content --></p>

<p>¡Sumate a las prácticas profesionales del Programa Aviones V! &#x1f4bc; Si sos&nbsp;estudiante&nbsp;de la carrera de&nbsp;Contador Público UP, queremos invitarte a participar de la&nbsp;quinta edición&nbsp;del programa&nbsp;“Aviones”&nbsp;de&nbsp;prácticas profesionales remuneradas&nbsp;de&nbsp;Auren Argentina. El programa [&hellip;]</p>

<!-- This site is optimized with the Yoast SEO plugin v27.4 - https://yoast.com/product/yoast-seo-wordpress/ -->
<title>Novedades | Programa Aviones V - Auren Argentina</title>
<meta name="description" content="Auren invita a participar de la quinta edición del programa “Aviones” de prácticas profesionales remuneradas de Auren Argentina." />
<meta name="robots" content="index, follow, max-snippet:-1, max-image-preview:large, max-video-preview:-1" />
<link rel="canonical" href="https://auren.com/ar/noticias/novedades-programa-aviones-v/" />
<meta property="og:locale" content="es_ES" />
<meta property="og:type" content="article" />
<meta property="og:title" content="Novedades | Programa Aviones V - Auren Argentina" />
<meta property="og:description" content="Auren invita a participar de la quinta edición del programa “Aviones” de prácticas profesionales remuneradas de Auren Argentina." />
<meta property="og:url" content="https://auren.com/ar/noticias/novedades-programa-aviones-v/" />
<meta property="og:site_name" content="Auren Argentina" />
<meta property="article:publisher" content="https://www.facebook.com/AurenArg/" />
<meta property="og:image" content="https://auren.com/ar/wp-content/uploads/2024/11/carrusel-programa-aviones_programa-aviones-01-4.jpg" />
	<meta property="og:image:width" content="1080" />
	<meta property="og:image:height" content="1080" />
	<meta property="og:image:type" content="image/jpeg" />
<meta name="twitter:card" content="summary_large_image" />
<meta name="twitter:site" content="@AUREN_Argentina" />
<script type="application/ld+json" class="yoast-schema-graph">{"@context":"https:\/\/schema.org","@graph":[{"@type":"WebPage","@id":"https:\/\/auren.com\/ar\/noticias\/novedades-programa-aviones-v\/","url":"https:\/\/auren.com\/ar\/noticias\/novedades-programa-aviones-v\/","name":"Novedades | Programa Aviones V - Auren Argentina","isPartOf":{"@id":"https:\/\/auren.com\/ar\/#website"},"primaryImageOfPage":{"@id":"https:\/\/auren.com\/ar\/noticias\/novedades-programa-aviones-v\/#primaryimage"},"image":{"@id":"https:\/\/auren.com\/ar\/noticias\/novedades-programa-aviones-v\/#primaryimage"},"thumbnailUrl":"https:\/\/auren.com\/ar\/wp-content\/uploads\/2024\/11\/carrusel-programa-aviones_programa-aviones-01-4.jpg","datePublished":"2024-11-06T12:50:08+00:00","description":"Auren invita a participar de la quinta edición del programa “Aviones” de prácticas profesionales remuneradas de Auren Argentina.","breadcrumb":{"@id":"https:\/\/auren.com\/ar\/noticias\/novedades-programa-aviones-v\/#breadcrumb"},"inLanguage":"es","potentialAction":[{"@type":"ReadAction","target":["https:\/\/auren.com\/ar\/noticias\/novedades-programa-aviones-v\/"]}]},{"@type":"ImageObject","inLanguage":"es","@id":"https:\/\/auren.com\/ar\/noticias\/novedades-programa-aviones-v\/#primaryimage","url":"https:\/\/auren.com\/ar\/wp-content\/uploads\/2024\/11\/carrusel-programa-aviones_programa-aviones-01-4.jpg","contentUrl":"https:\/\/auren.com\/ar\/wp-content\/uploads\/2024\/11\/carrusel-programa-aviones_programa-aviones-01-4.jpg","width":1080,"height":1080},{"@type":"BreadcrumbList","@id":"https:\/\/auren.com\/ar\/noticias\/novedades-programa-aviones-v\/#breadcrumb","itemListElement":[{"@type":"ListItem","position":1,"name":"Portada","item":"https:\/\/auren.com\/ar\/"},{"@type":"ListItem","position":2,"name":"Novedades | Programa Aviones V"}]},{"@type":"WebSite","@id":"https:\/\/auren.com\/ar\/#website","url":"https:\/\/auren.com\/ar\/","name":"Auren Argentina","description":"","publisher":{"@id":"https:\/\/auren.com\/ar\/#organization"},"potentialAction":[{"@type":"SearchAction","target":{"@type":"EntryPoint","urlTemplate":"https:\/\/auren.com\/ar\/?s={search_term_string}"},"query-input":{"@type":"PropertyValueSpecification","valueRequired":true,"valueName":"search_term_string"}}],"inLanguage":"es"},{"@type":"Organization","@id":"https:\/\/auren.com\/ar\/#organization","name":"Auren Argentina","url":"https:\/\/auren.com\/ar\/","logo":{"@type":"ImageObject","inLanguage":"es","@id":"https:\/\/auren.com\/ar\/#\/schema\/logo\/image\/","url":"https:\/\/auren.com\/ar\/wp-content\/uploads\/2025\/01\/cropped-cropped-favicon-Auren.png","contentUrl":"https:\/\/auren.com\/ar\/wp-content\/uploads\/2025\/01\/cropped-cropped-favicon-Auren.png","width":512,"height":512,"caption":"Auren Argentina"},"image":{"@id":"https:\/\/auren.com\/ar\/#\/schema\/logo\/image\/"},"sameAs":["https:\/\/www.facebook.com\/AurenArg\/","https:\/\/x.com\/AUREN_Argentina","https:\/\/www.linkedin.com\/company\/aurenargentina","https:\/\/www.youtube.com\/channel\/UCSCseiHMECB0uMBGF9wtjSw","https:\/\/www.instagram.com\/aurenargentina\/"]}]}</script>
<!-- / Yoast SEO plugin. -->

Auren invita a participar de la quinta edición del programa “Aviones” de prácticas profesionales remuneradas de Auren Argentina.
