{"id":15940,"date":"2019-09-17T16:19:03","date_gmt":"2019-09-17T14:19:03","guid":{"rendered":"https:\/\/auren.com\/ar\/new\/prensa-auren-se-expande-en-latinoamerica-revista-mercado-12-9-2019\/"},"modified":"2019-09-17T16:19:03","modified_gmt":"2019-09-17T14:19:03","slug":"prensa-auren-se-expande-en-latinoamerica-revista-mercado-12-9-2019","status":"publish","type":"new","link":"https:\/\/auren.com\/ar\/noticias\/prensa-auren-se-expande-en-latinoamerica-revista-mercado-12-9-2019\/","title":{"rendered":"Prensa. Auren se expande en Latinoamerica (Revista Mercado 12\/9\/2019)"},"content":{"rendered":"<p class=\"text-justify\"><em>La firma de servicios profesionales de Auditor\u00eda y Consultor\u00eda abre una nueva oficina en Paraguay. Esta operaci\u00f3n es el resultado de la integraci\u00f3n en Auren de la firma Logistik, empresa de servicios profesionales.<\/em><strong><\/strong><\/p>\n<p>Gracias a la integraci\u00f3n&nbsp;Gracias a la integraci\u00f3n con Logistik, Auren continuar\u00e1 brindando servicios en Paraguay orientados a cubrir las necesidades del mercado local e internacional.<\/p>\n<p>La nueva oficinaocuentra ubicada en el World Trade Center en la ciudad de Asunci\u00f3n y se suma a las 34 oficinas en 6 pa\u00edses que tiene Auren en Latinoam\u00e9rica: en Argentina, Uruguay, Chile, Colombia y M\u00e9xico. Auren cuenta con un total de 60 oficinas en 12 pa\u00edses en el mundo con m\u00e1s de 2100 profesionales.<\/p>\n<p>Paraguay es miembro del Mercosur, con una importante expansi\u00f3n econ\u00f3mica, crecimiento del PBI e inversi\u00f3n en la generaci\u00f3n de energ\u00eda el\u00e9ctrica.<\/p>\n<p>\u00abCon la incorporaci\u00f3n de Paraguay, fortalecemos nuestra presencia en el Mercosur, continuando la estrategia de posicionamiento de marca en LATAM en empresas medianas y grande brindando servicios multidisciplinarios con alta calidad\u00bb, expres\u00f3 Fernando Tezanos Pinto, presidente de Auren Argentina y Responsable de Latinoam\u00e9rica.<\/p>\n<p>Leer nota en&nbsp;<a href=\"http:\/\/www.mercado.com.ar\/notas\/protagonistas\/8029870\/auren-se-expande-en-latinoamerica\">http:\/\/www.mercado.com.ar\/notas\/protagonistas\/8029870\/auren-se-expande-en-latinoamerica<\/a><\/p>\n<p><!-- AddThis Advanced Settings generic via filter on the_content --><!-- AddThis Share Buttons generic via filter on the_content --><\/p>\n","protected":false},"excerpt":{"rendered":"<p>La firma de servicios profesionales de Auditor\u00eda y Consultor\u00eda abre una nueva oficina en Paraguay. Esta operaci\u00f3n es el resultado de la integraci\u00f3n en Auren de la firma Logistik, empresa de servicios profesionales.<\/p>\n","protected":false},"featured_media":15941,"template":"","meta":{"_acf_changed":false,"footnotes":""},"new-category":[],"class_list":["post-15940","new","type-new","status-publish","has-post-thumbnail","hentry"],"acf":[],"yoast_head":"<!-- This site is optimized with the Yoast SEO plugin v27.4 - https:\/\/yoast.com\/product\/yoast-seo-wordpress\/ -->\n<title>Prensa. Auren se expande en Latinoamerica (Revista Mercado 12\/9\/2019) - Auren Argentina<\/title>\n<meta name=\"robots\" content=\"index, follow, max-snippet:-1, max-image-preview:large, max-video-preview:-1\" \/>\n<link rel=\"canonical\" href=\"https:\/\/auren.com\/ar\/noticias\/prensa-auren-se-expande-en-latinoamerica-revista-mercado-12-9-2019\/\" \/>\n<meta property=\"og:locale\" content=\"es_ES\" \/>\n<meta property=\"og:type\" content=\"article\" \/>\n<meta property=\"og:title\" content=\"Prensa. Auren se expande en Latinoamerica (Revista Mercado 12\/9\/2019) - Auren Argentina\" \/>\n<meta property=\"og:description\" content=\"La firma de servicios profesionales de Auditor\u00eda y Consultor\u00eda abre una nueva oficina en Paraguay. Esta operaci\u00f3n es el resultado de la integraci\u00f3n en Auren de la firma Logistik, empresa de servicios profesionales.\" \/>\n<meta property=\"og:url\" content=\"https:\/\/auren.com\/ar\/noticias\/prensa-auren-se-expande-en-latinoamerica-revista-mercado-12-9-2019\/\" \/>\n<meta property=\"og:site_name\" content=\"Auren Argentina\" \/>\n<meta property=\"article:publisher\" content=\"https:\/\/www.facebook.com\/AurenArg\/\" \/>\n<meta property=\"og:image\" content=\"https:\/\/auren.com\/ar\/wp-content\/uploads\/2019\/09\/900x520_25-1.jpg\" \/>\n\t<meta property=\"og:image:width\" content=\"900\" \/>\n\t<meta property=\"og:image:height\" content=\"520\" \/>\n\t<meta property=\"og:image:type\" content=\"image\/jpeg\" \/>\n<meta name=\"twitter:card\" content=\"summary_large_image\" \/>\n<meta name=\"twitter:site\" content=\"@AUREN_Argentina\" \/>\n<meta name=\"twitter:label1\" content=\"Tiempo de lectura\" \/>\n\t<meta name=\"twitter:data1\" content=\"1 minuto\" \/>\n<script type=\"application\/ld+json\" class=\"yoast-schema-graph\">{\"@context\":\"https:\\\/\\\/schema.org\",\"@graph\":[{\"@type\":\"WebPage\",\"@id\":\"https:\\\/\\\/auren.com\\\/ar\\\/noticias\\\/prensa-auren-se-expande-en-latinoamerica-revista-mercado-12-9-2019\\\/\",\"url\":\"https:\\\/\\\/auren.com\\\/ar\\\/noticias\\\/prensa-auren-se-expande-en-latinoamerica-revista-mercado-12-9-2019\\\/\",\"name\":\"Prensa. Auren se expande en Latinoamerica (Revista Mercado 12\\\/9\\\/2019) - Auren Argentina\",\"isPartOf\":{\"@id\":\"https:\\\/\\\/auren.com\\\/ar\\\/#website\"},\"primaryImageOfPage\":{\"@id\":\"https:\\\/\\\/auren.com\\\/ar\\\/noticias\\\/prensa-auren-se-expande-en-latinoamerica-revista-mercado-12-9-2019\\\/#primaryimage\"},\"image\":{\"@id\":\"https:\\\/\\\/auren.com\\\/ar\\\/noticias\\\/prensa-auren-se-expande-en-latinoamerica-revista-mercado-12-9-2019\\\/#primaryimage\"},\"thumbnailUrl\":\"https:\\\/\\\/auren.com\\\/ar\\\/wp-content\\\/uploads\\\/2019\\\/09\\\/900x520_25-1.jpg\",\"datePublished\":\"2019-09-17T14:19:03+00:00\",\"breadcrumb\":{\"@id\":\"https:\\\/\\\/auren.com\\\/ar\\\/noticias\\\/prensa-auren-se-expande-en-latinoamerica-revista-mercado-12-9-2019\\\/#breadcrumb\"},\"inLanguage\":\"es\",\"potentialAction\":[{\"@type\":\"ReadAction\",\"target\":[\"https:\\\/\\\/auren.com\\\/ar\\\/noticias\\\/prensa-auren-se-expande-en-latinoamerica-revista-mercado-12-9-2019\\\/\"]}]},{\"@type\":\"ImageObject\",\"inLanguage\":\"es\",\"@id\":\"https:\\\/\\\/auren.com\\\/ar\\\/noticias\\\/prensa-auren-se-expande-en-latinoamerica-revista-mercado-12-9-2019\\\/#primaryimage\",\"url\":\"https:\\\/\\\/auren.com\\\/ar\\\/wp-content\\\/uploads\\\/2019\\\/09\\\/900x520_25-1.jpg\",\"contentUrl\":\"https:\\\/\\\/auren.com\\\/ar\\\/wp-content\\\/uploads\\\/2019\\\/09\\\/900x520_25-1.jpg\",\"width\":900,\"height\":520},{\"@type\":\"BreadcrumbList\",\"@id\":\"https:\\\/\\\/auren.com\\\/ar\\\/noticias\\\/prensa-auren-se-expande-en-latinoamerica-revista-mercado-12-9-2019\\\/#breadcrumb\",\"itemListElement\":[{\"@type\":\"ListItem\",\"position\":1,\"name\":\"Portada\",\"item\":\"https:\\\/\\\/auren.com\\\/ar\\\/\"},{\"@type\":\"ListItem\",\"position\":2,\"name\":\"Prensa. Auren se expande en Latinoamerica (Revista Mercado 12\\\/9\\\/2019)\"}]},{\"@type\":\"WebSite\",\"@id\":\"https:\\\/\\\/auren.com\\\/ar\\\/#website\",\"url\":\"https:\\\/\\\/auren.com\\\/ar\\\/\",\"name\":\"Auren Argentina\",\"description\":\"\",\"publisher\":{\"@id\":\"https:\\\/\\\/auren.com\\\/ar\\\/#organization\"},\"potentialAction\":[{\"@type\":\"SearchAction\",\"target\":{\"@type\":\"EntryPoint\",\"urlTemplate\":\"https:\\\/\\\/auren.com\\\/ar\\\/?s={search_term_string}\"},\"query-input\":{\"@type\":\"PropertyValueSpecification\",\"valueRequired\":true,\"valueName\":\"search_term_string\"}}],\"inLanguage\":\"es\"},{\"@type\":\"Organization\",\"@id\":\"https:\\\/\\\/auren.com\\\/ar\\\/#organization\",\"name\":\"Auren Argentina\",\"url\":\"https:\\\/\\\/auren.com\\\/ar\\\/\",\"logo\":{\"@type\":\"ImageObject\",\"inLanguage\":\"es\",\"@id\":\"https:\\\/\\\/auren.com\\\/ar\\\/#\\\/schema\\\/logo\\\/image\\\/\",\"url\":\"https:\\\/\\\/auren.com\\\/ar\\\/wp-content\\\/uploads\\\/2025\\\/01\\\/cropped-cropped-favicon-Auren.png\",\"contentUrl\":\"https:\\\/\\\/auren.com\\\/ar\\\/wp-content\\\/uploads\\\/2025\\\/01\\\/cropped-cropped-favicon-Auren.png\",\"width\":512,\"height\":512,\"caption\":\"Auren Argentina\"},\"image\":{\"@id\":\"https:\\\/\\\/auren.com\\\/ar\\\/#\\\/schema\\\/logo\\\/image\\\/\"},\"sameAs\":[\"https:\\\/\\\/www.facebook.com\\\/AurenArg\\\/\",\"https:\\\/\\\/x.com\\\/AUREN_Argentina\",\"https:\\\/\\\/www.linkedin.com\\\/company\\\/aurenargentina\",\"https:\\\/\\\/www.youtube.com\\\/channel\\\/UCSCseiHMECB0uMBGF9wtjSw\",\"https:\\\/\\\/www.instagram.com\\\/aurenargentina\\\/\"]}]}<\/script>\n<!-- \/ Yoast SEO plugin. -->","yoast_head_json":{"title":"Prensa. Auren se expande en Latinoamerica (Revista Mercado 12\/9\/2019) - Auren Argentina","robots":{"index":"index","follow":"follow","max-snippet":"max-snippet:-1","max-image-preview":"max-image-preview:large","max-video-preview":"max-video-preview:-1"},"canonical":"https:\/\/auren.com\/ar\/noticias\/prensa-auren-se-expande-en-latinoamerica-revista-mercado-12-9-2019\/","og_locale":"es_ES","og_type":"article","og_title":"Prensa. Auren se expande en Latinoamerica (Revista Mercado 12\/9\/2019) - Auren Argentina","og_description":"La firma de servicios profesionales de Auditor\u00eda y Consultor\u00eda abre una nueva oficina en Paraguay. Esta operaci\u00f3n es el resultado de la integraci\u00f3n en Auren de la firma Logistik, empresa de servicios profesionales.","og_url":"https:\/\/auren.com\/ar\/noticias\/prensa-auren-se-expande-en-latinoamerica-revista-mercado-12-9-2019\/","og_site_name":"Auren Argentina","article_publisher":"https:\/\/www.facebook.com\/AurenArg\/","og_image":[{"width":900,"height":520,"url":"https:\/\/auren.com\/ar\/wp-content\/uploads\/2019\/09\/900x520_25-1.jpg","type":"image\/jpeg"}],"twitter_card":"summary_large_image","twitter_site":"@AUREN_Argentina","twitter_misc":{"Tiempo de lectura":"1 minuto"},"schema":{"@context":"https:\/\/schema.org","@graph":[{"@type":"WebPage","@id":"https:\/\/auren.com\/ar\/noticias\/prensa-auren-se-expande-en-latinoamerica-revista-mercado-12-9-2019\/","url":"https:\/\/auren.com\/ar\/noticias\/prensa-auren-se-expande-en-latinoamerica-revista-mercado-12-9-2019\/","name":"Prensa. Auren se expande en Latinoamerica (Revista Mercado 12\/9\/2019) - Auren Argentina","isPartOf":{"@id":"https:\/\/auren.com\/ar\/#website"},"primaryImageOfPage":{"@id":"https:\/\/auren.com\/ar\/noticias\/prensa-auren-se-expande-en-latinoamerica-revista-mercado-12-9-2019\/#primaryimage"},"image":{"@id":"https:\/\/auren.com\/ar\/noticias\/prensa-auren-se-expande-en-latinoamerica-revista-mercado-12-9-2019\/#primaryimage"},"thumbnailUrl":"https:\/\/auren.com\/ar\/wp-content\/uploads\/2019\/09\/900x520_25-1.jpg","datePublished":"2019-09-17T14:19:03+00:00","breadcrumb":{"@id":"https:\/\/auren.com\/ar\/noticias\/prensa-auren-se-expande-en-latinoamerica-revista-mercado-12-9-2019\/#breadcrumb"},"inLanguage":"es","potentialAction":[{"@type":"ReadAction","target":["https:\/\/auren.com\/ar\/noticias\/prensa-auren-se-expande-en-latinoamerica-revista-mercado-12-9-2019\/"]}]},{"@type":"ImageObject","inLanguage":"es","@id":"https:\/\/auren.com\/ar\/noticias\/prensa-auren-se-expande-en-latinoamerica-revista-mercado-12-9-2019\/#primaryimage","url":"https:\/\/auren.com\/ar\/wp-content\/uploads\/2019\/09\/900x520_25-1.jpg","contentUrl":"https:\/\/auren.com\/ar\/wp-content\/uploads\/2019\/09\/900x520_25-1.jpg","width":900,"height":520},{"@type":"BreadcrumbList","@id":"https:\/\/auren.com\/ar\/noticias\/prensa-auren-se-expande-en-latinoamerica-revista-mercado-12-9-2019\/#breadcrumb","itemListElement":[{"@type":"ListItem","position":1,"name":"Portada","item":"https:\/\/auren.com\/ar\/"},{"@type":"ListItem","position":2,"name":"Prensa. Auren se expande en Latinoamerica (Revista Mercado 12\/9\/2019)"}]},{"@type":"WebSite","@id":"https:\/\/auren.com\/ar\/#website","url":"https:\/\/auren.com\/ar\/","name":"Auren Argentina","description":"","publisher":{"@id":"https:\/\/auren.com\/ar\/#organization"},"potentialAction":[{"@type":"SearchAction","target":{"@type":"EntryPoint","urlTemplate":"https:\/\/auren.com\/ar\/?s={search_term_string}"},"query-input":{"@type":"PropertyValueSpecification","valueRequired":true,"valueName":"search_term_string"}}],"inLanguage":"es"},{"@type":"Organization","@id":"https:\/\/auren.com\/ar\/#organization","name":"Auren Argentina","url":"https:\/\/auren.com\/ar\/","logo":{"@type":"ImageObject","inLanguage":"es","@id":"https:\/\/auren.com\/ar\/#\/schema\/logo\/image\/","url":"https:\/\/auren.com\/ar\/wp-content\/uploads\/2025\/01\/cropped-cropped-favicon-Auren.png","contentUrl":"https:\/\/auren.com\/ar\/wp-content\/uploads\/2025\/01\/cropped-cropped-favicon-Auren.png","width":512,"height":512,"caption":"Auren Argentina"},"image":{"@id":"https:\/\/auren.com\/ar\/#\/schema\/logo\/image\/"},"sameAs":["https:\/\/www.facebook.com\/AurenArg\/","https:\/\/x.com\/AUREN_Argentina","https:\/\/www.linkedin.com\/company\/aurenargentina","https:\/\/www.youtube.com\/channel\/UCSCseiHMECB0uMBGF9wtjSw","https:\/\/www.instagram.com\/aurenargentina\/"]}]}},"_links":{"self":[{"href":"https:\/\/auren.com\/ar\/wp-json\/wp\/v2\/new\/15940","targetHints":{"allow":["GET"]}}],"collection":[{"href":"https:\/\/auren.com\/ar\/wp-json\/wp\/v2\/new"}],"about":[{"href":"https:\/\/auren.com\/ar\/wp-json\/wp\/v2\/types\/new"}],"version-history":[{"count":0,"href":"https:\/\/auren.com\/ar\/wp-json\/wp\/v2\/new\/15940\/revisions"}],"wp:featuredmedia":[{"embeddable":true,"href":"https:\/\/auren.com\/ar\/wp-json\/wp\/v2\/media\/15941"}],"wp:attachment":[{"href":"https:\/\/auren.com\/ar\/wp-json\/wp\/v2\/media?parent=15940"}],"wp:term":[{"taxonomy":"new-category","embeddable":true,"href":"https:\/\/auren.com\/ar\/wp-json\/wp\/v2\/new-category?post=15940"}],"curies":[{"name":"wp","href":"https:\/\/api.w.org\/{rel}","templated":true}]}}

<p class="text-justify"><em>La firma de servicios profesionales de Auditoría y Consultoría abre una nueva oficina en Paraguay. Esta operación es el resultado de la integración en Auren de la firma Logistik, empresa de servicios profesionales.</em><strong></strong></p>
<p>Gracias a la integración&nbsp;Gracias a la integración con Logistik, Auren continuará brindando servicios en Paraguay orientados a cubrir las necesidades del mercado local e internacional.</p>
<p>La nueva oficinaocuentra ubicada en el World Trade Center en la ciudad de Asunción y se suma a las 34 oficinas en 6 países que tiene Auren en Latinoamérica: en Argentina, Uruguay, Chile, Colombia y México. Auren cuenta con un total de 60 oficinas en 12 países en el mundo con más de 2100 profesionales.</p>
<p>Paraguay es miembro del Mercosur, con una importante expansión económica, crecimiento del PBI e inversión en la generación de energía eléctrica.</p>
<p>«Con la incorporación de Paraguay, fortalecemos nuestra presencia en el Mercosur, continuando la estrategia de posicionamiento de marca en LATAM en empresas medianas y grande brindando servicios multidisciplinarios con alta calidad», expresó Fernando Tezanos Pinto, presidente de Auren Argentina y Responsable de Latinoamérica.</p>
<p>Leer nota en&nbsp;<a href="http://www.mercado.com.ar/notas/protagonistas/8029870/auren-se-expande-en-latinoamerica">http://www.mercado.com.ar/notas/protagonistas/8029870/auren-se-expande-en-latinoamerica</a></p>
<p><!-- AddThis Advanced Settings generic via filter on the_content --><!-- AddThis Share Buttons generic via filter on the_content --></p>

<p>La firma de servicios profesionales de Auditoría y Consultoría abre una nueva oficina en Paraguay. Esta operación es el resultado de la integración en Auren de la firma Logistik, empresa de servicios profesionales.</p>

<!-- This site is optimized with the Yoast SEO plugin v27.4 - https://yoast.com/product/yoast-seo-wordpress/ -->
<title>Prensa. Auren se expande en Latinoamerica (Revista Mercado 12/9/2019) - Auren Argentina</title>
<meta name="robots" content="index, follow, max-snippet:-1, max-image-preview:large, max-video-preview:-1" />
<link rel="canonical" href="https://auren.com/ar/noticias/prensa-auren-se-expande-en-latinoamerica-revista-mercado-12-9-2019/" />
<meta property="og:locale" content="es_ES" />
<meta property="og:type" content="article" />
<meta property="og:title" content="Prensa. Auren se expande en Latinoamerica (Revista Mercado 12/9/2019) - Auren Argentina" />
<meta property="og:description" content="La firma de servicios profesionales de Auditoría y Consultoría abre una nueva oficina en Paraguay. Esta operación es el resultado de la integración en Auren de la firma Logistik, empresa de servicios profesionales." />
<meta property="og:url" content="https://auren.com/ar/noticias/prensa-auren-se-expande-en-latinoamerica-revista-mercado-12-9-2019/" />
<meta property="og:site_name" content="Auren Argentina" />
<meta property="article:publisher" content="https://www.facebook.com/AurenArg/" />
<meta property="og:image" content="https://auren.com/ar/wp-content/uploads/2019/09/900x520_25-1.jpg" />
	<meta property="og:image:width" content="900" />
	<meta property="og:image:height" content="520" />
	<meta property="og:image:type" content="image/jpeg" />
<meta name="twitter:card" content="summary_large_image" />
<meta name="twitter:site" content="@AUREN_Argentina" />
<meta name="twitter:label1" content="Tiempo de lectura" />
	<meta name="twitter:data1" content="1 minuto" />
<script type="application/ld+json" class="yoast-schema-graph">{"@context":"https:\/\/schema.org","@graph":[{"@type":"WebPage","@id":"https:\/\/auren.com\/ar\/noticias\/prensa-auren-se-expande-en-latinoamerica-revista-mercado-12-9-2019\/","url":"https:\/\/auren.com\/ar\/noticias\/prensa-auren-se-expande-en-latinoamerica-revista-mercado-12-9-2019\/","name":"Prensa. Auren se expande en Latinoamerica (Revista Mercado 12\/9\/2019) - Auren Argentina","isPartOf":{"@id":"https:\/\/auren.com\/ar\/#website"},"primaryImageOfPage":{"@id":"https:\/\/auren.com\/ar\/noticias\/prensa-auren-se-expande-en-latinoamerica-revista-mercado-12-9-2019\/#primaryimage"},"image":{"@id":"https:\/\/auren.com\/ar\/noticias\/prensa-auren-se-expande-en-latinoamerica-revista-mercado-12-9-2019\/#primaryimage"},"thumbnailUrl":"https:\/\/auren.com\/ar\/wp-content\/uploads\/2019\/09\/900x520_25-1.jpg","datePublished":"2019-09-17T14:19:03+00:00","breadcrumb":{"@id":"https:\/\/auren.com\/ar\/noticias\/prensa-auren-se-expande-en-latinoamerica-revista-mercado-12-9-2019\/#breadcrumb"},"inLanguage":"es","potentialAction":[{"@type":"ReadAction","target":["https:\/\/auren.com\/ar\/noticias\/prensa-auren-se-expande-en-latinoamerica-revista-mercado-12-9-2019\/"]}]},{"@type":"ImageObject","inLanguage":"es","@id":"https:\/\/auren.com\/ar\/noticias\/prensa-auren-se-expande-en-latinoamerica-revista-mercado-12-9-2019\/#primaryimage","url":"https:\/\/auren.com\/ar\/wp-content\/uploads\/2019\/09\/900x520_25-1.jpg","contentUrl":"https:\/\/auren.com\/ar\/wp-content\/uploads\/2019\/09\/900x520_25-1.jpg","width":900,"height":520},{"@type":"BreadcrumbList","@id":"https:\/\/auren.com\/ar\/noticias\/prensa-auren-se-expande-en-latinoamerica-revista-mercado-12-9-2019\/#breadcrumb","itemListElement":[{"@type":"ListItem","position":1,"name":"Portada","item":"https:\/\/auren.com\/ar\/"},{"@type":"ListItem","position":2,"name":"Prensa. Auren se expande en Latinoamerica (Revista Mercado 12\/9\/2019)"}]},{"@type":"WebSite","@id":"https:\/\/auren.com\/ar\/#website","url":"https:\/\/auren.com\/ar\/","name":"Auren Argentina","description":"","publisher":{"@id":"https:\/\/auren.com\/ar\/#organization"},"potentialAction":[{"@type":"SearchAction","target":{"@type":"EntryPoint","urlTemplate":"https:\/\/auren.com\/ar\/?s={search_term_string}"},"query-input":{"@type":"PropertyValueSpecification","valueRequired":true,"valueName":"search_term_string"}}],"inLanguage":"es"},{"@type":"Organization","@id":"https:\/\/auren.com\/ar\/#organization","name":"Auren Argentina","url":"https:\/\/auren.com\/ar\/","logo":{"@type":"ImageObject","inLanguage":"es","@id":"https:\/\/auren.com\/ar\/#\/schema\/logo\/image\/","url":"https:\/\/auren.com\/ar\/wp-content\/uploads\/2025\/01\/cropped-cropped-favicon-Auren.png","contentUrl":"https:\/\/auren.com\/ar\/wp-content\/uploads\/2025\/01\/cropped-cropped-favicon-Auren.png","width":512,"height":512,"caption":"Auren Argentina"},"image":{"@id":"https:\/\/auren.com\/ar\/#\/schema\/logo\/image\/"},"sameAs":["https:\/\/www.facebook.com\/AurenArg\/","https:\/\/x.com\/AUREN_Argentina","https:\/\/www.linkedin.com\/company\/aurenargentina","https:\/\/www.youtube.com\/channel\/UCSCseiHMECB0uMBGF9wtjSw","https:\/\/www.instagram.com\/aurenargentina\/"]}]}</script>
<!-- / Yoast SEO plugin. -->

La firma de servicios profesionales de Auditoría y Consultoría abre una nueva oficina en Paraguay. Esta operación es el resultado de la integración en Auren de la firma Logistik, empresa de servicios profesionales.
