{"id":17244,"date":"2023-11-27T14:58:45","date_gmt":"2023-11-27T13:58:45","guid":{"rendered":"https:\/\/auren.com\/ar\/video-podcast\/planificacion-fiscal-guillermo-poch\/"},"modified":"2023-11-27T14:58:45","modified_gmt":"2023-11-27T13:58:45","slug":"planificacion-fiscal-guillermo-poch","status":"publish","type":"video-podcast","link":"https:\/\/auren.com\/ar\/videos\/planificacion-fiscal-guillermo-poch\/","title":{"rendered":"Planificaci\u00f3n Fiscal &#8211; Guillermo Poch"},"content":{"rendered":"<p>Profundizamos en el proceso de planificaci\u00f3n fiscal. Desde la comprensi\u00f3n de la relaci\u00f3n con la clientela hasta el an\u00e1lisis interno del proceso productivo, detallando c\u00f3mo dise\u00f1ar una estructura societaria eficiente. <\/p>\n<p>Por <a href=\"https:\/\/www.linkedin.com\/in\/guillermopoch\/\">Guillermo Poch<\/a>, Socio de <a href=\"https:\/\/auren.com\/ar\/\">Auren<\/a><\/p>\n<\/p>\n<figure class=\"wp-block-embed is-type-video is-provider-youtube wp-block-embed-youtube wp-embed-aspect-16-9 wp-has-aspect-ratio\">\n<div class=\"wp-block-embed__wrapper\">\n<div class=\"auren-youtube-cookie-gate\"><div class=\"auren-youtube-cookie-placeholder cookieconsent-optout-marketing\"><img class=\"auren-youtube-cookie-logo lazyload\" data-src=\"https:\/\/auren.com\/ar\/wp-content\/uploads\/2024\/10\/logo-auren.svg\" alt=\"Auren Argentina\" src=\"data:image\/svg+xml;base64,PHN2ZyB3aWR0aD0iMSIgaGVpZ2h0PSIxIiB4bWxucz0iaHR0cDovL3d3dy53My5vcmcvMjAwMC9zdmciPjwvc3ZnPg==\"><p class=\"auren-youtube-cookie-message\">Please accept the marketing cookies to view this video.<\/p><\/div><iframe class=\"cookieconsent-optin-marketing\" type=\"text\/plain\" data-cookieconsent=\"marketing\" data-src=\"https:\/\/www.youtube.com\/embed\/GwRQMPcL6bI?feature=oembed&#038;rel=0\" loading=\"lazy\" title=\"Planificaci\u00f3n fiscal seg\u00fan Guillermo Poch\" width=\"500\" height=\"281\"  frameborder=\"0\" allow=\"accelerometer; autoplay; clipboard-write; encrypted-media; gyroscope; picture-in-picture; web-share\" allowfullscreen><\/iframe><\/div>\n<\/div>\n<\/figure>\n<p><!-- AddThis Advanced Settings generic via filter on the_content --><!-- AddThis Share Buttons generic via filter on the_content --><\/p>\n","protected":false},"excerpt":{"rendered":"<p>Profundizamos en el proceso de planificaci\u00f3n fiscal. Desde la comprensi\u00f3n de la relaci\u00f3n con la clientela hasta el an\u00e1lisis interno del proceso productivo, detallando c\u00f3mo dise\u00f1ar una estructura societaria eficiente. Por Guillermo Poch, Socio de Auren Please accept the marketing cookies to view this video.<\/p>\n","protected":false},"featured_media":17245,"template":"","meta":{"_acf_changed":false,"footnotes":""},"video-podcast-category":[],"class_list":["post-17244","video-podcast","type-video-podcast","status-publish","has-post-thumbnail","hentry"],"acf":[],"yoast_head":"<!-- This site is optimized with the Yoast SEO plugin v27.4 - https:\/\/yoast.com\/product\/yoast-seo-wordpress\/ -->\n<title>Planificaci\u00f3n Fiscal - Guillermo Poch - Auren Argentina<\/title>\n<meta name=\"description\" content=\"Profundizamos sobre planificaci\u00f3n fiscal. Desde la comprensi\u00f3n de la relaci\u00f3n con la clientela hasta el an\u00e1lisis interno del proceso productivo.\" \/>\n<meta name=\"robots\" content=\"index, follow, max-snippet:-1, max-image-preview:large, max-video-preview:-1\" \/>\n<link rel=\"canonical\" href=\"https:\/\/auren.com\/ar\/videos\/planificacion-fiscal-guillermo-poch\/\" \/>\n<meta property=\"og:locale\" content=\"es_ES\" \/>\n<meta property=\"og:type\" content=\"article\" \/>\n<meta property=\"og:title\" content=\"Planificaci\u00f3n Fiscal - Guillermo Poch - Auren Argentina\" \/>\n<meta property=\"og:description\" content=\"Profundizamos sobre planificaci\u00f3n fiscal. Desde la comprensi\u00f3n de la relaci\u00f3n con la clientela hasta el an\u00e1lisis interno del proceso productivo.\" \/>\n<meta property=\"og:url\" content=\"https:\/\/auren.com\/ar\/videos\/planificacion-fiscal-guillermo-poch\/\" \/>\n<meta property=\"og:site_name\" content=\"Auren Argentina\" \/>\n<meta property=\"article:publisher\" content=\"https:\/\/www.facebook.com\/AurenArg\/\" \/>\n<meta property=\"og:image\" content=\"https:\/\/auren.com\/ar\/wp-content\/uploads\/2023\/11\/POCH.png\" \/>\n\t<meta property=\"og:image:width\" content=\"684\" \/>\n\t<meta property=\"og:image:height\" content=\"420\" \/>\n\t<meta property=\"og:image:type\" content=\"image\/png\" \/>\n<meta name=\"twitter:card\" content=\"summary_large_image\" \/>\n<meta name=\"twitter:site\" content=\"@AUREN_Argentina\" \/>\n<script type=\"application\/ld+json\" class=\"yoast-schema-graph\">{\"@context\":\"https:\\\/\\\/schema.org\",\"@graph\":[{\"@type\":\"WebPage\",\"@id\":\"https:\\\/\\\/auren.com\\\/ar\\\/videos\\\/planificacion-fiscal-guillermo-poch\\\/\",\"url\":\"https:\\\/\\\/auren.com\\\/ar\\\/videos\\\/planificacion-fiscal-guillermo-poch\\\/\",\"name\":\"Planificaci\u00f3n Fiscal - Guillermo Poch - Auren Argentina\",\"isPartOf\":{\"@id\":\"https:\\\/\\\/auren.com\\\/ar\\\/#website\"},\"primaryImageOfPage\":{\"@id\":\"https:\\\/\\\/auren.com\\\/ar\\\/videos\\\/planificacion-fiscal-guillermo-poch\\\/#primaryimage\"},\"image\":{\"@id\":\"https:\\\/\\\/auren.com\\\/ar\\\/videos\\\/planificacion-fiscal-guillermo-poch\\\/#primaryimage\"},\"thumbnailUrl\":\"https:\\\/\\\/auren.com\\\/ar\\\/wp-content\\\/uploads\\\/2023\\\/11\\\/POCH.png\",\"datePublished\":\"2023-11-27T13:58:45+00:00\",\"description\":\"Profundizamos sobre planificaci\u00f3n fiscal. Desde la comprensi\u00f3n de la relaci\u00f3n con la clientela hasta el an\u00e1lisis interno del proceso productivo.\",\"breadcrumb\":{\"@id\":\"https:\\\/\\\/auren.com\\\/ar\\\/videos\\\/planificacion-fiscal-guillermo-poch\\\/#breadcrumb\"},\"inLanguage\":\"es\",\"potentialAction\":[{\"@type\":\"ReadAction\",\"target\":[\"https:\\\/\\\/auren.com\\\/ar\\\/videos\\\/planificacion-fiscal-guillermo-poch\\\/\"]}]},{\"@type\":\"ImageObject\",\"inLanguage\":\"es\",\"@id\":\"https:\\\/\\\/auren.com\\\/ar\\\/videos\\\/planificacion-fiscal-guillermo-poch\\\/#primaryimage\",\"url\":\"https:\\\/\\\/auren.com\\\/ar\\\/wp-content\\\/uploads\\\/2023\\\/11\\\/POCH.png\",\"contentUrl\":\"https:\\\/\\\/auren.com\\\/ar\\\/wp-content\\\/uploads\\\/2023\\\/11\\\/POCH.png\",\"width\":684,\"height\":420},{\"@type\":\"BreadcrumbList\",\"@id\":\"https:\\\/\\\/auren.com\\\/ar\\\/videos\\\/planificacion-fiscal-guillermo-poch\\\/#breadcrumb\",\"itemListElement\":[{\"@type\":\"ListItem\",\"position\":1,\"name\":\"Portada\",\"item\":\"https:\\\/\\\/auren.com\\\/ar\\\/\"},{\"@type\":\"ListItem\",\"position\":2,\"name\":\"Planificaci\u00f3n Fiscal &#8211; Guillermo Poch\"}]},{\"@type\":\"WebSite\",\"@id\":\"https:\\\/\\\/auren.com\\\/ar\\\/#website\",\"url\":\"https:\\\/\\\/auren.com\\\/ar\\\/\",\"name\":\"Auren Argentina\",\"description\":\"\",\"publisher\":{\"@id\":\"https:\\\/\\\/auren.com\\\/ar\\\/#organization\"},\"potentialAction\":[{\"@type\":\"SearchAction\",\"target\":{\"@type\":\"EntryPoint\",\"urlTemplate\":\"https:\\\/\\\/auren.com\\\/ar\\\/?s={search_term_string}\"},\"query-input\":{\"@type\":\"PropertyValueSpecification\",\"valueRequired\":true,\"valueName\":\"search_term_string\"}}],\"inLanguage\":\"es\"},{\"@type\":\"Organization\",\"@id\":\"https:\\\/\\\/auren.com\\\/ar\\\/#organization\",\"name\":\"Auren Argentina\",\"url\":\"https:\\\/\\\/auren.com\\\/ar\\\/\",\"logo\":{\"@type\":\"ImageObject\",\"inLanguage\":\"es\",\"@id\":\"https:\\\/\\\/auren.com\\\/ar\\\/#\\\/schema\\\/logo\\\/image\\\/\",\"url\":\"https:\\\/\\\/auren.com\\\/ar\\\/wp-content\\\/uploads\\\/2025\\\/01\\\/cropped-cropped-favicon-Auren.png\",\"contentUrl\":\"https:\\\/\\\/auren.com\\\/ar\\\/wp-content\\\/uploads\\\/2025\\\/01\\\/cropped-cropped-favicon-Auren.png\",\"width\":512,\"height\":512,\"caption\":\"Auren Argentina\"},\"image\":{\"@id\":\"https:\\\/\\\/auren.com\\\/ar\\\/#\\\/schema\\\/logo\\\/image\\\/\"},\"sameAs\":[\"https:\\\/\\\/www.facebook.com\\\/AurenArg\\\/\",\"https:\\\/\\\/x.com\\\/AUREN_Argentina\",\"https:\\\/\\\/www.linkedin.com\\\/company\\\/aurenargentina\",\"https:\\\/\\\/www.youtube.com\\\/channel\\\/UCSCseiHMECB0uMBGF9wtjSw\",\"https:\\\/\\\/www.instagram.com\\\/aurenargentina\\\/\"]}]}<\/script>\n<!-- \/ Yoast SEO plugin. -->","yoast_head_json":{"title":"Planificaci\u00f3n Fiscal - Guillermo Poch - Auren Argentina","description":"Profundizamos sobre planificaci\u00f3n fiscal. Desde la comprensi\u00f3n de la relaci\u00f3n con la clientela hasta el an\u00e1lisis interno del proceso productivo.","robots":{"index":"index","follow":"follow","max-snippet":"max-snippet:-1","max-image-preview":"max-image-preview:large","max-video-preview":"max-video-preview:-1"},"canonical":"https:\/\/auren.com\/ar\/videos\/planificacion-fiscal-guillermo-poch\/","og_locale":"es_ES","og_type":"article","og_title":"Planificaci\u00f3n Fiscal - Guillermo Poch - Auren Argentina","og_description":"Profundizamos sobre planificaci\u00f3n fiscal. Desde la comprensi\u00f3n de la relaci\u00f3n con la clientela hasta el an\u00e1lisis interno del proceso productivo.","og_url":"https:\/\/auren.com\/ar\/videos\/planificacion-fiscal-guillermo-poch\/","og_site_name":"Auren Argentina","article_publisher":"https:\/\/www.facebook.com\/AurenArg\/","og_image":[{"width":684,"height":420,"url":"https:\/\/auren.com\/ar\/wp-content\/uploads\/2023\/11\/POCH.png","type":"image\/png"}],"twitter_card":"summary_large_image","twitter_site":"@AUREN_Argentina","schema":{"@context":"https:\/\/schema.org","@graph":[{"@type":"WebPage","@id":"https:\/\/auren.com\/ar\/videos\/planificacion-fiscal-guillermo-poch\/","url":"https:\/\/auren.com\/ar\/videos\/planificacion-fiscal-guillermo-poch\/","name":"Planificaci\u00f3n Fiscal - Guillermo Poch - Auren Argentina","isPartOf":{"@id":"https:\/\/auren.com\/ar\/#website"},"primaryImageOfPage":{"@id":"https:\/\/auren.com\/ar\/videos\/planificacion-fiscal-guillermo-poch\/#primaryimage"},"image":{"@id":"https:\/\/auren.com\/ar\/videos\/planificacion-fiscal-guillermo-poch\/#primaryimage"},"thumbnailUrl":"https:\/\/auren.com\/ar\/wp-content\/uploads\/2023\/11\/POCH.png","datePublished":"2023-11-27T13:58:45+00:00","description":"Profundizamos sobre planificaci\u00f3n fiscal. Desde la comprensi\u00f3n de la relaci\u00f3n con la clientela hasta el an\u00e1lisis interno del proceso productivo.","breadcrumb":{"@id":"https:\/\/auren.com\/ar\/videos\/planificacion-fiscal-guillermo-poch\/#breadcrumb"},"inLanguage":"es","potentialAction":[{"@type":"ReadAction","target":["https:\/\/auren.com\/ar\/videos\/planificacion-fiscal-guillermo-poch\/"]}]},{"@type":"ImageObject","inLanguage":"es","@id":"https:\/\/auren.com\/ar\/videos\/planificacion-fiscal-guillermo-poch\/#primaryimage","url":"https:\/\/auren.com\/ar\/wp-content\/uploads\/2023\/11\/POCH.png","contentUrl":"https:\/\/auren.com\/ar\/wp-content\/uploads\/2023\/11\/POCH.png","width":684,"height":420},{"@type":"BreadcrumbList","@id":"https:\/\/auren.com\/ar\/videos\/planificacion-fiscal-guillermo-poch\/#breadcrumb","itemListElement":[{"@type":"ListItem","position":1,"name":"Portada","item":"https:\/\/auren.com\/ar\/"},{"@type":"ListItem","position":2,"name":"Planificaci\u00f3n Fiscal &#8211; Guillermo Poch"}]},{"@type":"WebSite","@id":"https:\/\/auren.com\/ar\/#website","url":"https:\/\/auren.com\/ar\/","name":"Auren Argentina","description":"","publisher":{"@id":"https:\/\/auren.com\/ar\/#organization"},"potentialAction":[{"@type":"SearchAction","target":{"@type":"EntryPoint","urlTemplate":"https:\/\/auren.com\/ar\/?s={search_term_string}"},"query-input":{"@type":"PropertyValueSpecification","valueRequired":true,"valueName":"search_term_string"}}],"inLanguage":"es"},{"@type":"Organization","@id":"https:\/\/auren.com\/ar\/#organization","name":"Auren Argentina","url":"https:\/\/auren.com\/ar\/","logo":{"@type":"ImageObject","inLanguage":"es","@id":"https:\/\/auren.com\/ar\/#\/schema\/logo\/image\/","url":"https:\/\/auren.com\/ar\/wp-content\/uploads\/2025\/01\/cropped-cropped-favicon-Auren.png","contentUrl":"https:\/\/auren.com\/ar\/wp-content\/uploads\/2025\/01\/cropped-cropped-favicon-Auren.png","width":512,"height":512,"caption":"Auren Argentina"},"image":{"@id":"https:\/\/auren.com\/ar\/#\/schema\/logo\/image\/"},"sameAs":["https:\/\/www.facebook.com\/AurenArg\/","https:\/\/x.com\/AUREN_Argentina","https:\/\/www.linkedin.com\/company\/aurenargentina","https:\/\/www.youtube.com\/channel\/UCSCseiHMECB0uMBGF9wtjSw","https:\/\/www.instagram.com\/aurenargentina\/"]}]}},"_links":{"self":[{"href":"https:\/\/auren.com\/ar\/wp-json\/wp\/v2\/video-podcast\/17244","targetHints":{"allow":["GET"]}}],"collection":[{"href":"https:\/\/auren.com\/ar\/wp-json\/wp\/v2\/video-podcast"}],"about":[{"href":"https:\/\/auren.com\/ar\/wp-json\/wp\/v2\/types\/video-podcast"}],"version-history":[{"count":0,"href":"https:\/\/auren.com\/ar\/wp-json\/wp\/v2\/video-podcast\/17244\/revisions"}],"wp:featuredmedia":[{"embeddable":true,"href":"https:\/\/auren.com\/ar\/wp-json\/wp\/v2\/media\/17245"}],"wp:attachment":[{"href":"https:\/\/auren.com\/ar\/wp-json\/wp\/v2\/media?parent=17244"}],"wp:term":[{"taxonomy":"video-podcast-category","embeddable":true,"href":"https:\/\/auren.com\/ar\/wp-json\/wp\/v2\/video-podcast-category?post=17244"}],"curies":[{"name":"wp","href":"https:\/\/api.w.org\/{rel}","templated":true}]}}

Planificación Fiscal &#8211; Guillermo Poch

<p>Profundizamos en el proceso de planificación fiscal. Desde la comprensión de la relación con la clientela hasta el análisis interno del proceso productivo, detallando cómo diseñar una estructura societaria eficiente. </p>
<p>Por <a href="https://www.linkedin.com/in/guillermopoch/">Guillermo Poch</a>, Socio de <a href="https://auren.com/ar/">Auren</a></p>
</p>
<figure class="wp-block-embed is-type-video is-provider-youtube wp-block-embed-youtube wp-embed-aspect-16-9 wp-has-aspect-ratio">
<div class="wp-block-embed__wrapper">
<div class="auren-youtube-cookie-gate"><div class="auren-youtube-cookie-placeholder cookieconsent-optout-marketing"><img class="auren-youtube-cookie-logo lazyload" data-src="https://auren.com/ar/wp-content/uploads/2024/10/logo-auren.svg" alt="Auren Argentina" src="data:image/svg+xml;base64,PHN2ZyB3aWR0aD0iMSIgaGVpZ2h0PSIxIiB4bWxucz0iaHR0cDovL3d3dy53My5vcmcvMjAwMC9zdmciPjwvc3ZnPg=="><p class="auren-youtube-cookie-message">Please accept the marketing cookies to view this video.</p></div><iframe class="cookieconsent-optin-marketing" type="text/plain" data-cookieconsent="marketing" data-src="https://www.youtube.com/embed/GwRQMPcL6bI?feature=oembed&#038;rel=0" loading="lazy" title="Planificación fiscal según Guillermo Poch" width="500" height="281"  frameborder="0" allow="accelerometer; autoplay; clipboard-write; encrypted-media; gyroscope; picture-in-picture; web-share" allowfullscreen></iframe></div>
</div>
</figure>
<p><!-- AddThis Advanced Settings generic via filter on the_content --><!-- AddThis Share Buttons generic via filter on the_content --></p>

<p>Profundizamos en el proceso de planificación fiscal. Desde la comprensión de la relación con la clientela hasta el análisis interno del proceso productivo, detallando cómo diseñar una estructura societaria eficiente. Por Guillermo Poch, Socio de Auren Please accept the marketing cookies to view this video.</p>

<!-- This site is optimized with the Yoast SEO plugin v27.4 - https://yoast.com/product/yoast-seo-wordpress/ -->
<title>Planificación Fiscal - Guillermo Poch - Auren Argentina</title>
<meta name="description" content="Profundizamos sobre planificación fiscal. Desde la comprensión de la relación con la clientela hasta el análisis interno del proceso productivo." />
<meta name="robots" content="index, follow, max-snippet:-1, max-image-preview:large, max-video-preview:-1" />
<link rel="canonical" href="https://auren.com/ar/videos/planificacion-fiscal-guillermo-poch/" />
<meta property="og:locale" content="es_ES" />
<meta property="og:type" content="article" />
<meta property="og:title" content="Planificación Fiscal - Guillermo Poch - Auren Argentina" />
<meta property="og:description" content="Profundizamos sobre planificación fiscal. Desde la comprensión de la relación con la clientela hasta el análisis interno del proceso productivo." />
<meta property="og:url" content="https://auren.com/ar/videos/planificacion-fiscal-guillermo-poch/" />
<meta property="og:site_name" content="Auren Argentina" />
<meta property="article:publisher" content="https://www.facebook.com/AurenArg/" />
<meta property="og:image" content="https://auren.com/ar/wp-content/uploads/2023/11/POCH.png" />
	<meta property="og:image:width" content="684" />
	<meta property="og:image:height" content="420" />
	<meta property="og:image:type" content="image/png" />
<meta name="twitter:card" content="summary_large_image" />
<meta name="twitter:site" content="@AUREN_Argentina" />
<script type="application/ld+json" class="yoast-schema-graph">{"@context":"https:\/\/schema.org","@graph":[{"@type":"WebPage","@id":"https:\/\/auren.com\/ar\/videos\/planificacion-fiscal-guillermo-poch\/","url":"https:\/\/auren.com\/ar\/videos\/planificacion-fiscal-guillermo-poch\/","name":"Planificación Fiscal - Guillermo Poch - Auren Argentina","isPartOf":{"@id":"https:\/\/auren.com\/ar\/#website"},"primaryImageOfPage":{"@id":"https:\/\/auren.com\/ar\/videos\/planificacion-fiscal-guillermo-poch\/#primaryimage"},"image":{"@id":"https:\/\/auren.com\/ar\/videos\/planificacion-fiscal-guillermo-poch\/#primaryimage"},"thumbnailUrl":"https:\/\/auren.com\/ar\/wp-content\/uploads\/2023\/11\/POCH.png","datePublished":"2023-11-27T13:58:45+00:00","description":"Profundizamos sobre planificación fiscal. Desde la comprensión de la relación con la clientela hasta el análisis interno del proceso productivo.","breadcrumb":{"@id":"https:\/\/auren.com\/ar\/videos\/planificacion-fiscal-guillermo-poch\/#breadcrumb"},"inLanguage":"es","potentialAction":[{"@type":"ReadAction","target":["https:\/\/auren.com\/ar\/videos\/planificacion-fiscal-guillermo-poch\/"]}]},{"@type":"ImageObject","inLanguage":"es","@id":"https:\/\/auren.com\/ar\/videos\/planificacion-fiscal-guillermo-poch\/#primaryimage","url":"https:\/\/auren.com\/ar\/wp-content\/uploads\/2023\/11\/POCH.png","contentUrl":"https:\/\/auren.com\/ar\/wp-content\/uploads\/2023\/11\/POCH.png","width":684,"height":420},{"@type":"BreadcrumbList","@id":"https:\/\/auren.com\/ar\/videos\/planificacion-fiscal-guillermo-poch\/#breadcrumb","itemListElement":[{"@type":"ListItem","position":1,"name":"Portada","item":"https:\/\/auren.com\/ar\/"},{"@type":"ListItem","position":2,"name":"Planificación Fiscal &#8211; Guillermo Poch"}]},{"@type":"WebSite","@id":"https:\/\/auren.com\/ar\/#website","url":"https:\/\/auren.com\/ar\/","name":"Auren Argentina","description":"","publisher":{"@id":"https:\/\/auren.com\/ar\/#organization"},"potentialAction":[{"@type":"SearchAction","target":{"@type":"EntryPoint","urlTemplate":"https:\/\/auren.com\/ar\/?s={search_term_string}"},"query-input":{"@type":"PropertyValueSpecification","valueRequired":true,"valueName":"search_term_string"}}],"inLanguage":"es"},{"@type":"Organization","@id":"https:\/\/auren.com\/ar\/#organization","name":"Auren Argentina","url":"https:\/\/auren.com\/ar\/","logo":{"@type":"ImageObject","inLanguage":"es","@id":"https:\/\/auren.com\/ar\/#\/schema\/logo\/image\/","url":"https:\/\/auren.com\/ar\/wp-content\/uploads\/2025\/01\/cropped-cropped-favicon-Auren.png","contentUrl":"https:\/\/auren.com\/ar\/wp-content\/uploads\/2025\/01\/cropped-cropped-favicon-Auren.png","width":512,"height":512,"caption":"Auren Argentina"},"image":{"@id":"https:\/\/auren.com\/ar\/#\/schema\/logo\/image\/"},"sameAs":["https:\/\/www.facebook.com\/AurenArg\/","https:\/\/x.com\/AUREN_Argentina","https:\/\/www.linkedin.com\/company\/aurenargentina","https:\/\/www.youtube.com\/channel\/UCSCseiHMECB0uMBGF9wtjSw","https:\/\/www.instagram.com\/aurenargentina\/"]}]}</script>
<!-- / Yoast SEO plugin. -->

Planificación Fiscal - Guillermo Poch - Auren Argentina

Profundizamos sobre planificación fiscal. Desde la comprensión de la relación con la clientela hasta el análisis interno del proceso productivo.
