{"id":17248,"date":"2023-10-31T11:33:23","date_gmt":"2023-10-31T10:33:23","guid":{"rendered":"https:\/\/auren.com\/ar\/video-podcast\/talento-global-luis-salerno\/"},"modified":"2023-10-31T11:33:23","modified_gmt":"2023-10-31T10:33:23","slug":"talento-global-luis-salerno","status":"publish","type":"video-podcast","link":"https:\/\/auren.com\/ar\/videos\/talento-global-luis-salerno\/","title":{"rendered":"Talento global &#8211; Luis Salerno"},"content":{"rendered":"<p>\u00abEn el futuro todas las compa\u00f1\u00edas tendremos las mismas tecnolog\u00edas y los mismos procesos, el diferencial va a estar en las personas. \u00bfEst\u00e1s trabajando para contar con ese talento de forma global? El mejor talento te diferencia de tus competidores\u00bb<\/p>\n<p>Por <a href=\"https:\/\/www.linkedin.com\/in\/salernoluis\/\">Luis Salerno<\/a>, Socio de <a href=\"https:\/\/www.auren.com.ar\/bpotercerizacion\/\">BPO<\/a> de <a href=\"https:\/\/auren.com\/ar\/\">Auren Argentina<\/a><\/p>\n<figure class=\"wp-block-embed is-type-video is-provider-youtube wp-block-embed-youtube wp-embed-aspect-16-9 wp-has-aspect-ratio\">\n<div class=\"wp-block-embed__wrapper\">\n<div class=\"auren-youtube-cookie-gate\"><div class=\"auren-youtube-cookie-placeholder cookieconsent-optout-marketing\"><img class=\"auren-youtube-cookie-logo lazyload\" data-src=\"https:\/\/auren.com\/ar\/wp-content\/uploads\/2024\/10\/logo-auren.svg\" alt=\"Auren Argentina\" src=\"data:image\/svg+xml;base64,PHN2ZyB3aWR0aD0iMSIgaGVpZ2h0PSIxIiB4bWxucz0iaHR0cDovL3d3dy53My5vcmcvMjAwMC9zdmciPjwvc3ZnPg==\"><p class=\"auren-youtube-cookie-message\">Please accept the marketing cookies to view this video.<\/p><\/div><iframe class=\"cookieconsent-optin-marketing\" type=\"text\/plain\" data-cookieconsent=\"marketing\" data-src=\"https:\/\/www.youtube.com\/embed\/L2YtHH2H5LI?feature=oembed&#038;rel=0\" loading=\"lazy\" title=\"BPO\" width=\"500\" height=\"281\"  frameborder=\"0\" allow=\"accelerometer; autoplay; clipboard-write; encrypted-media; gyroscope; picture-in-picture; web-share\" allowfullscreen><\/iframe><\/div>\n<\/div>\n<\/figure>\n<p><!-- AddThis Advanced Settings generic via filter on the_content --><!-- AddThis Share Buttons generic via filter on the_content --><\/p>\n","protected":false},"excerpt":{"rendered":"<p>\u00abEn el futuro todas las compa\u00f1\u00edas tendremos las mismas tecnolog\u00edas y los mismos procesos, el diferencial va a estar en las personas. \u00bfEst\u00e1s trabajando para contar con ese talento de forma global? El mejor talento te diferencia de tus competidores\u00bb Por Luis Salerno, Socio de BPO de Auren Argentina Please accept the marketing cookies to [&hellip;]<\/p>\n","protected":false},"featured_media":17249,"template":"","meta":{"_acf_changed":false,"footnotes":""},"video-podcast-category":[],"class_list":["post-17248","video-podcast","type-video-podcast","status-publish","has-post-thumbnail","hentry"],"acf":[],"yoast_head":"<!-- This site is optimized with the Yoast SEO plugin v27.4 - https:\/\/yoast.com\/product\/yoast-seo-wordpress\/ -->\n<title>Talento global - Luis Salerno - Auren Argentina<\/title>\n<meta name=\"description\" content=\"Las compa\u00f1\u00edas trabajan para contar con el talento global. Mismas tecnolog\u00edas y mismos procesos, el diferencial va a estar en las personas\" \/>\n<meta name=\"robots\" content=\"index, follow, max-snippet:-1, max-image-preview:large, max-video-preview:-1\" \/>\n<link rel=\"canonical\" href=\"https:\/\/auren.com\/ar\/videos\/talento-global-luis-salerno\/\" \/>\n<meta property=\"og:locale\" content=\"es_ES\" \/>\n<meta property=\"og:type\" content=\"article\" \/>\n<meta property=\"og:title\" content=\"Talento global - Luis Salerno - Auren Argentina\" \/>\n<meta property=\"og:description\" content=\"Las compa\u00f1\u00edas trabajan para contar con el talento global. Mismas tecnolog\u00edas y mismos procesos, el diferencial va a estar en las personas\" \/>\n<meta property=\"og:url\" content=\"https:\/\/auren.com\/ar\/videos\/talento-global-luis-salerno\/\" \/>\n<meta property=\"og:site_name\" content=\"Auren Argentina\" \/>\n<meta property=\"article:publisher\" content=\"https:\/\/www.facebook.com\/AurenArg\/\" \/>\n<meta property=\"og:image\" content=\"https:\/\/auren.com\/ar\/wp-content\/uploads\/2023\/10\/IMAGEN-VIDEO-LUCHO.png\" \/>\n\t<meta property=\"og:image:width\" content=\"594\" \/>\n\t<meta property=\"og:image:height\" content=\"447\" \/>\n\t<meta property=\"og:image:type\" content=\"image\/png\" \/>\n<meta name=\"twitter:card\" content=\"summary_large_image\" \/>\n<meta name=\"twitter:site\" content=\"@AUREN_Argentina\" \/>\n<script type=\"application\/ld+json\" class=\"yoast-schema-graph\">{\"@context\":\"https:\\\/\\\/schema.org\",\"@graph\":[{\"@type\":\"WebPage\",\"@id\":\"https:\\\/\\\/auren.com\\\/ar\\\/videos\\\/talento-global-luis-salerno\\\/\",\"url\":\"https:\\\/\\\/auren.com\\\/ar\\\/videos\\\/talento-global-luis-salerno\\\/\",\"name\":\"Talento global - Luis Salerno - Auren Argentina\",\"isPartOf\":{\"@id\":\"https:\\\/\\\/auren.com\\\/ar\\\/#website\"},\"primaryImageOfPage\":{\"@id\":\"https:\\\/\\\/auren.com\\\/ar\\\/videos\\\/talento-global-luis-salerno\\\/#primaryimage\"},\"image\":{\"@id\":\"https:\\\/\\\/auren.com\\\/ar\\\/videos\\\/talento-global-luis-salerno\\\/#primaryimage\"},\"thumbnailUrl\":\"https:\\\/\\\/auren.com\\\/ar\\\/wp-content\\\/uploads\\\/2023\\\/10\\\/IMAGEN-VIDEO-LUCHO.png\",\"datePublished\":\"2023-10-31T10:33:23+00:00\",\"description\":\"Las compa\u00f1\u00edas trabajan para contar con el talento global. Mismas tecnolog\u00edas y mismos procesos, el diferencial va a estar en las personas\",\"breadcrumb\":{\"@id\":\"https:\\\/\\\/auren.com\\\/ar\\\/videos\\\/talento-global-luis-salerno\\\/#breadcrumb\"},\"inLanguage\":\"es\",\"potentialAction\":[{\"@type\":\"ReadAction\",\"target\":[\"https:\\\/\\\/auren.com\\\/ar\\\/videos\\\/talento-global-luis-salerno\\\/\"]}]},{\"@type\":\"ImageObject\",\"inLanguage\":\"es\",\"@id\":\"https:\\\/\\\/auren.com\\\/ar\\\/videos\\\/talento-global-luis-salerno\\\/#primaryimage\",\"url\":\"https:\\\/\\\/auren.com\\\/ar\\\/wp-content\\\/uploads\\\/2023\\\/10\\\/IMAGEN-VIDEO-LUCHO.png\",\"contentUrl\":\"https:\\\/\\\/auren.com\\\/ar\\\/wp-content\\\/uploads\\\/2023\\\/10\\\/IMAGEN-VIDEO-LUCHO.png\",\"width\":594,\"height\":447},{\"@type\":\"BreadcrumbList\",\"@id\":\"https:\\\/\\\/auren.com\\\/ar\\\/videos\\\/talento-global-luis-salerno\\\/#breadcrumb\",\"itemListElement\":[{\"@type\":\"ListItem\",\"position\":1,\"name\":\"Portada\",\"item\":\"https:\\\/\\\/auren.com\\\/ar\\\/\"},{\"@type\":\"ListItem\",\"position\":2,\"name\":\"Talento global &#8211; Luis Salerno\"}]},{\"@type\":\"WebSite\",\"@id\":\"https:\\\/\\\/auren.com\\\/ar\\\/#website\",\"url\":\"https:\\\/\\\/auren.com\\\/ar\\\/\",\"name\":\"Auren Argentina\",\"description\":\"\",\"publisher\":{\"@id\":\"https:\\\/\\\/auren.com\\\/ar\\\/#organization\"},\"potentialAction\":[{\"@type\":\"SearchAction\",\"target\":{\"@type\":\"EntryPoint\",\"urlTemplate\":\"https:\\\/\\\/auren.com\\\/ar\\\/?s={search_term_string}\"},\"query-input\":{\"@type\":\"PropertyValueSpecification\",\"valueRequired\":true,\"valueName\":\"search_term_string\"}}],\"inLanguage\":\"es\"},{\"@type\":\"Organization\",\"@id\":\"https:\\\/\\\/auren.com\\\/ar\\\/#organization\",\"name\":\"Auren Argentina\",\"url\":\"https:\\\/\\\/auren.com\\\/ar\\\/\",\"logo\":{\"@type\":\"ImageObject\",\"inLanguage\":\"es\",\"@id\":\"https:\\\/\\\/auren.com\\\/ar\\\/#\\\/schema\\\/logo\\\/image\\\/\",\"url\":\"https:\\\/\\\/auren.com\\\/ar\\\/wp-content\\\/uploads\\\/2025\\\/01\\\/cropped-cropped-favicon-Auren.png\",\"contentUrl\":\"https:\\\/\\\/auren.com\\\/ar\\\/wp-content\\\/uploads\\\/2025\\\/01\\\/cropped-cropped-favicon-Auren.png\",\"width\":512,\"height\":512,\"caption\":\"Auren Argentina\"},\"image\":{\"@id\":\"https:\\\/\\\/auren.com\\\/ar\\\/#\\\/schema\\\/logo\\\/image\\\/\"},\"sameAs\":[\"https:\\\/\\\/www.facebook.com\\\/AurenArg\\\/\",\"https:\\\/\\\/x.com\\\/AUREN_Argentina\",\"https:\\\/\\\/www.linkedin.com\\\/company\\\/aurenargentina\",\"https:\\\/\\\/www.youtube.com\\\/channel\\\/UCSCseiHMECB0uMBGF9wtjSw\",\"https:\\\/\\\/www.instagram.com\\\/aurenargentina\\\/\"]}]}<\/script>\n<!-- \/ Yoast SEO plugin. -->","yoast_head_json":{"title":"Talento global - Luis Salerno - Auren Argentina","description":"Las compa\u00f1\u00edas trabajan para contar con el talento global. Mismas tecnolog\u00edas y mismos procesos, el diferencial va a estar en las personas","robots":{"index":"index","follow":"follow","max-snippet":"max-snippet:-1","max-image-preview":"max-image-preview:large","max-video-preview":"max-video-preview:-1"},"canonical":"https:\/\/auren.com\/ar\/videos\/talento-global-luis-salerno\/","og_locale":"es_ES","og_type":"article","og_title":"Talento global - Luis Salerno - Auren Argentina","og_description":"Las compa\u00f1\u00edas trabajan para contar con el talento global. Mismas tecnolog\u00edas y mismos procesos, el diferencial va a estar en las personas","og_url":"https:\/\/auren.com\/ar\/videos\/talento-global-luis-salerno\/","og_site_name":"Auren Argentina","article_publisher":"https:\/\/www.facebook.com\/AurenArg\/","og_image":[{"width":594,"height":447,"url":"https:\/\/auren.com\/ar\/wp-content\/uploads\/2023\/10\/IMAGEN-VIDEO-LUCHO.png","type":"image\/png"}],"twitter_card":"summary_large_image","twitter_site":"@AUREN_Argentina","schema":{"@context":"https:\/\/schema.org","@graph":[{"@type":"WebPage","@id":"https:\/\/auren.com\/ar\/videos\/talento-global-luis-salerno\/","url":"https:\/\/auren.com\/ar\/videos\/talento-global-luis-salerno\/","name":"Talento global - Luis Salerno - Auren Argentina","isPartOf":{"@id":"https:\/\/auren.com\/ar\/#website"},"primaryImageOfPage":{"@id":"https:\/\/auren.com\/ar\/videos\/talento-global-luis-salerno\/#primaryimage"},"image":{"@id":"https:\/\/auren.com\/ar\/videos\/talento-global-luis-salerno\/#primaryimage"},"thumbnailUrl":"https:\/\/auren.com\/ar\/wp-content\/uploads\/2023\/10\/IMAGEN-VIDEO-LUCHO.png","datePublished":"2023-10-31T10:33:23+00:00","description":"Las compa\u00f1\u00edas trabajan para contar con el talento global. Mismas tecnolog\u00edas y mismos procesos, el diferencial va a estar en las personas","breadcrumb":{"@id":"https:\/\/auren.com\/ar\/videos\/talento-global-luis-salerno\/#breadcrumb"},"inLanguage":"es","potentialAction":[{"@type":"ReadAction","target":["https:\/\/auren.com\/ar\/videos\/talento-global-luis-salerno\/"]}]},{"@type":"ImageObject","inLanguage":"es","@id":"https:\/\/auren.com\/ar\/videos\/talento-global-luis-salerno\/#primaryimage","url":"https:\/\/auren.com\/ar\/wp-content\/uploads\/2023\/10\/IMAGEN-VIDEO-LUCHO.png","contentUrl":"https:\/\/auren.com\/ar\/wp-content\/uploads\/2023\/10\/IMAGEN-VIDEO-LUCHO.png","width":594,"height":447},{"@type":"BreadcrumbList","@id":"https:\/\/auren.com\/ar\/videos\/talento-global-luis-salerno\/#breadcrumb","itemListElement":[{"@type":"ListItem","position":1,"name":"Portada","item":"https:\/\/auren.com\/ar\/"},{"@type":"ListItem","position":2,"name":"Talento global &#8211; Luis Salerno"}]},{"@type":"WebSite","@id":"https:\/\/auren.com\/ar\/#website","url":"https:\/\/auren.com\/ar\/","name":"Auren Argentina","description":"","publisher":{"@id":"https:\/\/auren.com\/ar\/#organization"},"potentialAction":[{"@type":"SearchAction","target":{"@type":"EntryPoint","urlTemplate":"https:\/\/auren.com\/ar\/?s={search_term_string}"},"query-input":{"@type":"PropertyValueSpecification","valueRequired":true,"valueName":"search_term_string"}}],"inLanguage":"es"},{"@type":"Organization","@id":"https:\/\/auren.com\/ar\/#organization","name":"Auren Argentina","url":"https:\/\/auren.com\/ar\/","logo":{"@type":"ImageObject","inLanguage":"es","@id":"https:\/\/auren.com\/ar\/#\/schema\/logo\/image\/","url":"https:\/\/auren.com\/ar\/wp-content\/uploads\/2025\/01\/cropped-cropped-favicon-Auren.png","contentUrl":"https:\/\/auren.com\/ar\/wp-content\/uploads\/2025\/01\/cropped-cropped-favicon-Auren.png","width":512,"height":512,"caption":"Auren Argentina"},"image":{"@id":"https:\/\/auren.com\/ar\/#\/schema\/logo\/image\/"},"sameAs":["https:\/\/www.facebook.com\/AurenArg\/","https:\/\/x.com\/AUREN_Argentina","https:\/\/www.linkedin.com\/company\/aurenargentina","https:\/\/www.youtube.com\/channel\/UCSCseiHMECB0uMBGF9wtjSw","https:\/\/www.instagram.com\/aurenargentina\/"]}]}},"_links":{"self":[{"href":"https:\/\/auren.com\/ar\/wp-json\/wp\/v2\/video-podcast\/17248","targetHints":{"allow":["GET"]}}],"collection":[{"href":"https:\/\/auren.com\/ar\/wp-json\/wp\/v2\/video-podcast"}],"about":[{"href":"https:\/\/auren.com\/ar\/wp-json\/wp\/v2\/types\/video-podcast"}],"version-history":[{"count":0,"href":"https:\/\/auren.com\/ar\/wp-json\/wp\/v2\/video-podcast\/17248\/revisions"}],"wp:featuredmedia":[{"embeddable":true,"href":"https:\/\/auren.com\/ar\/wp-json\/wp\/v2\/media\/17249"}],"wp:attachment":[{"href":"https:\/\/auren.com\/ar\/wp-json\/wp\/v2\/media?parent=17248"}],"wp:term":[{"taxonomy":"video-podcast-category","embeddable":true,"href":"https:\/\/auren.com\/ar\/wp-json\/wp\/v2\/video-podcast-category?post=17248"}],"curies":[{"name":"wp","href":"https:\/\/api.w.org\/{rel}","templated":true}]}}

<p>«En el futuro todas las compañías tendremos las mismas tecnologías y los mismos procesos, el diferencial va a estar en las personas. ¿Estás trabajando para contar con ese talento de forma global? El mejor talento te diferencia de tus competidores»</p>
<p>Por <a href="https://www.linkedin.com/in/salernoluis/">Luis Salerno</a>, Socio de <a href="https://www.auren.com.ar/bpotercerizacion/">BPO</a> de <a href="https://auren.com/ar/">Auren Argentina</a></p>
<figure class="wp-block-embed is-type-video is-provider-youtube wp-block-embed-youtube wp-embed-aspect-16-9 wp-has-aspect-ratio">
<div class="wp-block-embed__wrapper">
<div class="auren-youtube-cookie-gate"><div class="auren-youtube-cookie-placeholder cookieconsent-optout-marketing"><img class="auren-youtube-cookie-logo lazyload" data-src="https://auren.com/ar/wp-content/uploads/2024/10/logo-auren.svg" alt="Auren Argentina" src="data:image/svg+xml;base64,PHN2ZyB3aWR0aD0iMSIgaGVpZ2h0PSIxIiB4bWxucz0iaHR0cDovL3d3dy53My5vcmcvMjAwMC9zdmciPjwvc3ZnPg=="><p class="auren-youtube-cookie-message">Please accept the marketing cookies to view this video.</p></div><iframe class="cookieconsent-optin-marketing" type="text/plain" data-cookieconsent="marketing" data-src="https://www.youtube.com/embed/L2YtHH2H5LI?feature=oembed&#038;rel=0" loading="lazy" title="BPO" width="500" height="281"  frameborder="0" allow="accelerometer; autoplay; clipboard-write; encrypted-media; gyroscope; picture-in-picture; web-share" allowfullscreen></iframe></div>
</div>
</figure>
<p><!-- AddThis Advanced Settings generic via filter on the_content --><!-- AddThis Share Buttons generic via filter on the_content --></p>

<p>«En el futuro todas las compañías tendremos las mismas tecnologías y los mismos procesos, el diferencial va a estar en las personas. ¿Estás trabajando para contar con ese talento de forma global? El mejor talento te diferencia de tus competidores» Por Luis Salerno, Socio de BPO de Auren Argentina Please accept the marketing cookies to [&hellip;]</p>

<!-- This site is optimized with the Yoast SEO plugin v27.4 - https://yoast.com/product/yoast-seo-wordpress/ -->
<title>Talento global - Luis Salerno - Auren Argentina</title>
<meta name="description" content="Las compañías trabajan para contar con el talento global. Mismas tecnologías y mismos procesos, el diferencial va a estar en las personas" />
<meta name="robots" content="index, follow, max-snippet:-1, max-image-preview:large, max-video-preview:-1" />
<link rel="canonical" href="https://auren.com/ar/videos/talento-global-luis-salerno/" />
<meta property="og:locale" content="es_ES" />
<meta property="og:type" content="article" />
<meta property="og:title" content="Talento global - Luis Salerno - Auren Argentina" />
<meta property="og:description" content="Las compañías trabajan para contar con el talento global. Mismas tecnologías y mismos procesos, el diferencial va a estar en las personas" />
<meta property="og:url" content="https://auren.com/ar/videos/talento-global-luis-salerno/" />
<meta property="og:site_name" content="Auren Argentina" />
<meta property="article:publisher" content="https://www.facebook.com/AurenArg/" />
<meta property="og:image" content="https://auren.com/ar/wp-content/uploads/2023/10/IMAGEN-VIDEO-LUCHO.png" />
	<meta property="og:image:width" content="594" />
	<meta property="og:image:height" content="447" />
	<meta property="og:image:type" content="image/png" />
<meta name="twitter:card" content="summary_large_image" />
<meta name="twitter:site" content="@AUREN_Argentina" />
<script type="application/ld+json" class="yoast-schema-graph">{"@context":"https:\/\/schema.org","@graph":[{"@type":"WebPage","@id":"https:\/\/auren.com\/ar\/videos\/talento-global-luis-salerno\/","url":"https:\/\/auren.com\/ar\/videos\/talento-global-luis-salerno\/","name":"Talento global - Luis Salerno - Auren Argentina","isPartOf":{"@id":"https:\/\/auren.com\/ar\/#website"},"primaryImageOfPage":{"@id":"https:\/\/auren.com\/ar\/videos\/talento-global-luis-salerno\/#primaryimage"},"image":{"@id":"https:\/\/auren.com\/ar\/videos\/talento-global-luis-salerno\/#primaryimage"},"thumbnailUrl":"https:\/\/auren.com\/ar\/wp-content\/uploads\/2023\/10\/IMAGEN-VIDEO-LUCHO.png","datePublished":"2023-10-31T10:33:23+00:00","description":"Las compañías trabajan para contar con el talento global. Mismas tecnologías y mismos procesos, el diferencial va a estar en las personas","breadcrumb":{"@id":"https:\/\/auren.com\/ar\/videos\/talento-global-luis-salerno\/#breadcrumb"},"inLanguage":"es","potentialAction":[{"@type":"ReadAction","target":["https:\/\/auren.com\/ar\/videos\/talento-global-luis-salerno\/"]}]},{"@type":"ImageObject","inLanguage":"es","@id":"https:\/\/auren.com\/ar\/videos\/talento-global-luis-salerno\/#primaryimage","url":"https:\/\/auren.com\/ar\/wp-content\/uploads\/2023\/10\/IMAGEN-VIDEO-LUCHO.png","contentUrl":"https:\/\/auren.com\/ar\/wp-content\/uploads\/2023\/10\/IMAGEN-VIDEO-LUCHO.png","width":594,"height":447},{"@type":"BreadcrumbList","@id":"https:\/\/auren.com\/ar\/videos\/talento-global-luis-salerno\/#breadcrumb","itemListElement":[{"@type":"ListItem","position":1,"name":"Portada","item":"https:\/\/auren.com\/ar\/"},{"@type":"ListItem","position":2,"name":"Talento global &#8211; Luis Salerno"}]},{"@type":"WebSite","@id":"https:\/\/auren.com\/ar\/#website","url":"https:\/\/auren.com\/ar\/","name":"Auren Argentina","description":"","publisher":{"@id":"https:\/\/auren.com\/ar\/#organization"},"potentialAction":[{"@type":"SearchAction","target":{"@type":"EntryPoint","urlTemplate":"https:\/\/auren.com\/ar\/?s={search_term_string}"},"query-input":{"@type":"PropertyValueSpecification","valueRequired":true,"valueName":"search_term_string"}}],"inLanguage":"es"},{"@type":"Organization","@id":"https:\/\/auren.com\/ar\/#organization","name":"Auren Argentina","url":"https:\/\/auren.com\/ar\/","logo":{"@type":"ImageObject","inLanguage":"es","@id":"https:\/\/auren.com\/ar\/#\/schema\/logo\/image\/","url":"https:\/\/auren.com\/ar\/wp-content\/uploads\/2025\/01\/cropped-cropped-favicon-Auren.png","contentUrl":"https:\/\/auren.com\/ar\/wp-content\/uploads\/2025\/01\/cropped-cropped-favicon-Auren.png","width":512,"height":512,"caption":"Auren Argentina"},"image":{"@id":"https:\/\/auren.com\/ar\/#\/schema\/logo\/image\/"},"sameAs":["https:\/\/www.facebook.com\/AurenArg\/","https:\/\/x.com\/AUREN_Argentina","https:\/\/www.linkedin.com\/company\/aurenargentina","https:\/\/www.youtube.com\/channel\/UCSCseiHMECB0uMBGF9wtjSw","https:\/\/www.instagram.com\/aurenargentina\/"]}]}</script>
<!-- / Yoast SEO plugin. -->

Las compañías trabajan para contar con el talento global. Mismas tecnologías y mismos procesos, el diferencial va a estar en las personas
