{"id":17310,"date":"2023-01-04T12:32:44","date_gmt":"2023-01-04T11:32:44","guid":{"rendered":"https:\/\/auren.com\/ar\/video-podcast\/feria-de-empresas-uca-natalia-odolinski\/"},"modified":"2023-01-04T12:32:44","modified_gmt":"2023-01-04T11:32:44","slug":"feria-de-empresas-uca-natalia-odolinski","status":"publish","type":"video-podcast","link":"https:\/\/auren.com\/ar\/videos\/feria-de-empresas-uca-natalia-odolinski\/","title":{"rendered":"Feria de Empresas #UCA &#8211; Natalia Odolinski"},"content":{"rendered":"<p><a href=\"https:\/\/www.linkedin.com\/in\/nataliaodolinski\/\">Natalia Odolinski<\/a>, Gerente de Gesti\u00f3n de Personas de <a href=\"https:\/\/auren.com\/ar\/\">Auren Argentina<\/a> en la Feria de Empresas de la Universidad Cat\u00f3lica Argentina (UCA)<\/p>\n<p>Nuestras b\u00fasquedas laborales siguen siempre activas. Por eso, aprovechamos y te brindamos algunos tips para mejorar tu cv <\/p>\n<p>&#x1f449;&#x1f3fb; Una vez actualizado, envianos tu cv, \u00a1queremos conocerte!<\/p>\n<figure class=\"wp-block-embed is-type-video is-provider-youtube wp-block-embed-youtube wp-embed-aspect-16-9 wp-has-aspect-ratio\">\n<div class=\"wp-block-embed__wrapper\">\n<div class=\"auren-youtube-cookie-gate\"><div class=\"auren-youtube-cookie-placeholder cookieconsent-optout-marketing\"><img class=\"auren-youtube-cookie-logo lazyload\" data-src=\"https:\/\/auren.com\/ar\/wp-content\/uploads\/2024\/10\/logo-auren.svg\" alt=\"Auren Argentina\" src=\"data:image\/svg+xml;base64,PHN2ZyB3aWR0aD0iMSIgaGVpZ2h0PSIxIiB4bWxucz0iaHR0cDovL3d3dy53My5vcmcvMjAwMC9zdmciPjwvc3ZnPg==\"><p class=\"auren-youtube-cookie-message\">Please accept the marketing cookies to view this video.<\/p><\/div><iframe class=\"cookieconsent-optin-marketing\" type=\"text\/plain\" data-cookieconsent=\"marketing\" data-src=\"https:\/\/www.youtube.com\/embed\/3qmn4FxueVw?feature=oembed&#038;rel=0\" loading=\"lazy\" title=\"Feria de empresas UCA.\" width=\"500\" height=\"281\"  frameborder=\"0\" allow=\"accelerometer; autoplay; clipboard-write; encrypted-media; gyroscope; picture-in-picture; web-share\" allowfullscreen><\/iframe><\/div>\n<\/div>\n<\/figure>\n<p><!-- AddThis Advanced Settings generic via filter on the_content --><!-- AddThis Share Buttons generic via filter on the_content --><\/p>\n","protected":false},"excerpt":{"rendered":"<p>Natalia Odolinski, Gerente de Gesti\u00f3n de Personas de Auren Argentina en la Feria de Empresas de la Universidad Cat\u00f3lica Argentina (UCA) Nuestras b\u00fasquedas laborales siguen siempre activas. Por eso, aprovechamos y te brindamos algunos tips para mejorar tu cv &#x1f449;&#x1f3fb; Una vez actualizado, envianos tu cv, \u00a1queremos conocerte! Please accept the marketing cookies to view [&hellip;]<\/p>\n","protected":false},"featured_media":17311,"template":"","meta":{"_acf_changed":false,"footnotes":""},"video-podcast-category":[],"class_list":["post-17310","video-podcast","type-video-podcast","status-publish","has-post-thumbnail","hentry"],"acf":[],"yoast_head":"<!-- This site is optimized with the Yoast SEO plugin v27.5 - https:\/\/yoast.com\/product\/yoast-seo-wordpress\/ -->\n<title>Feria de Empresas #UCA - Natalia Odolinski - Auren Argentina<\/title>\n<meta name=\"description\" content=\"Auren estuvo presente en la Feria de Empresas de la UCA con las b\u00fasquedas activas de la firma. Adem\u00e1s de los tips para armar tu cv.\" \/>\n<meta name=\"robots\" content=\"index, follow, max-snippet:-1, max-image-preview:large, max-video-preview:-1\" \/>\n<link rel=\"canonical\" href=\"https:\/\/auren.com\/ar\/videos\/feria-de-empresas-uca-natalia-odolinski\/\" \/>\n<meta property=\"og:locale\" content=\"es_ES\" \/>\n<meta property=\"og:type\" content=\"article\" \/>\n<meta property=\"og:title\" content=\"Feria de Empresas #UCA - Natalia Odolinski - Auren Argentina\" \/>\n<meta property=\"og:description\" content=\"Auren estuvo presente en la Feria de Empresas de la UCA con las b\u00fasquedas activas de la firma. Adem\u00e1s de los tips para armar tu cv.\" \/>\n<meta property=\"og:url\" content=\"https:\/\/auren.com\/ar\/videos\/feria-de-empresas-uca-natalia-odolinski\/\" \/>\n<meta property=\"og:site_name\" content=\"Auren Argentina\" \/>\n<meta property=\"article:publisher\" content=\"https:\/\/www.facebook.com\/AurenArg\/\" \/>\n<meta property=\"og:image\" content=\"https:\/\/auren.com\/ar\/wp-content\/uploads\/2023\/01\/IMAGEN-VIDEO.png\" \/>\n\t<meta property=\"og:image:width\" content=\"629\" \/>\n\t<meta property=\"og:image:height\" content=\"430\" \/>\n\t<meta property=\"og:image:type\" content=\"image\/png\" \/>\n<meta name=\"twitter:card\" content=\"summary_large_image\" \/>\n<meta name=\"twitter:site\" content=\"@AUREN_Argentina\" \/>\n<script type=\"application\/ld+json\" class=\"yoast-schema-graph\">{\"@context\":\"https:\\\/\\\/schema.org\",\"@graph\":[{\"@type\":\"WebPage\",\"@id\":\"https:\\\/\\\/auren.com\\\/ar\\\/videos\\\/feria-de-empresas-uca-natalia-odolinski\\\/\",\"url\":\"https:\\\/\\\/auren.com\\\/ar\\\/videos\\\/feria-de-empresas-uca-natalia-odolinski\\\/\",\"name\":\"Feria de Empresas #UCA - Natalia Odolinski - Auren Argentina\",\"isPartOf\":{\"@id\":\"https:\\\/\\\/auren.com\\\/ar\\\/#website\"},\"primaryImageOfPage\":{\"@id\":\"https:\\\/\\\/auren.com\\\/ar\\\/videos\\\/feria-de-empresas-uca-natalia-odolinski\\\/#primaryimage\"},\"image\":{\"@id\":\"https:\\\/\\\/auren.com\\\/ar\\\/videos\\\/feria-de-empresas-uca-natalia-odolinski\\\/#primaryimage\"},\"thumbnailUrl\":\"https:\\\/\\\/auren.com\\\/ar\\\/wp-content\\\/uploads\\\/2023\\\/01\\\/IMAGEN-VIDEO.png\",\"datePublished\":\"2023-01-04T11:32:44+00:00\",\"description\":\"Auren estuvo presente en la Feria de Empresas de la UCA con las b\u00fasquedas activas de la firma. Adem\u00e1s de los tips para armar tu cv.\",\"breadcrumb\":{\"@id\":\"https:\\\/\\\/auren.com\\\/ar\\\/videos\\\/feria-de-empresas-uca-natalia-odolinski\\\/#breadcrumb\"},\"inLanguage\":\"es\",\"potentialAction\":[{\"@type\":\"ReadAction\",\"target\":[\"https:\\\/\\\/auren.com\\\/ar\\\/videos\\\/feria-de-empresas-uca-natalia-odolinski\\\/\"]}]},{\"@type\":\"ImageObject\",\"inLanguage\":\"es\",\"@id\":\"https:\\\/\\\/auren.com\\\/ar\\\/videos\\\/feria-de-empresas-uca-natalia-odolinski\\\/#primaryimage\",\"url\":\"https:\\\/\\\/auren.com\\\/ar\\\/wp-content\\\/uploads\\\/2023\\\/01\\\/IMAGEN-VIDEO.png\",\"contentUrl\":\"https:\\\/\\\/auren.com\\\/ar\\\/wp-content\\\/uploads\\\/2023\\\/01\\\/IMAGEN-VIDEO.png\",\"width\":629,\"height\":430},{\"@type\":\"BreadcrumbList\",\"@id\":\"https:\\\/\\\/auren.com\\\/ar\\\/videos\\\/feria-de-empresas-uca-natalia-odolinski\\\/#breadcrumb\",\"itemListElement\":[{\"@type\":\"ListItem\",\"position\":1,\"name\":\"Portada\",\"item\":\"https:\\\/\\\/auren.com\\\/ar\\\/\"},{\"@type\":\"ListItem\",\"position\":2,\"name\":\"Feria de Empresas #UCA &#8211; Natalia Odolinski\"}]},{\"@type\":\"WebSite\",\"@id\":\"https:\\\/\\\/auren.com\\\/ar\\\/#website\",\"url\":\"https:\\\/\\\/auren.com\\\/ar\\\/\",\"name\":\"Auren Argentina\",\"description\":\"\",\"publisher\":{\"@id\":\"https:\\\/\\\/auren.com\\\/ar\\\/#organization\"},\"potentialAction\":[{\"@type\":\"SearchAction\",\"target\":{\"@type\":\"EntryPoint\",\"urlTemplate\":\"https:\\\/\\\/auren.com\\\/ar\\\/?s={search_term_string}\"},\"query-input\":{\"@type\":\"PropertyValueSpecification\",\"valueRequired\":true,\"valueName\":\"search_term_string\"}}],\"inLanguage\":\"es\"},{\"@type\":\"Organization\",\"@id\":\"https:\\\/\\\/auren.com\\\/ar\\\/#organization\",\"name\":\"Auren Argentina\",\"url\":\"https:\\\/\\\/auren.com\\\/ar\\\/\",\"logo\":{\"@type\":\"ImageObject\",\"inLanguage\":\"es\",\"@id\":\"https:\\\/\\\/auren.com\\\/ar\\\/#\\\/schema\\\/logo\\\/image\\\/\",\"url\":\"https:\\\/\\\/auren.com\\\/ar\\\/wp-content\\\/uploads\\\/2025\\\/01\\\/cropped-cropped-favicon-Auren.png\",\"contentUrl\":\"https:\\\/\\\/auren.com\\\/ar\\\/wp-content\\\/uploads\\\/2025\\\/01\\\/cropped-cropped-favicon-Auren.png\",\"width\":512,\"height\":512,\"caption\":\"Auren Argentina\"},\"image\":{\"@id\":\"https:\\\/\\\/auren.com\\\/ar\\\/#\\\/schema\\\/logo\\\/image\\\/\"},\"sameAs\":[\"https:\\\/\\\/www.facebook.com\\\/AurenArg\\\/\",\"https:\\\/\\\/x.com\\\/AUREN_Argentina\",\"https:\\\/\\\/www.linkedin.com\\\/company\\\/aurenargentina\",\"https:\\\/\\\/www.youtube.com\\\/channel\\\/UCSCseiHMECB0uMBGF9wtjSw\",\"https:\\\/\\\/www.instagram.com\\\/aurenargentina\\\/\"]}]}<\/script>\n<!-- \/ Yoast SEO plugin. -->","yoast_head_json":{"title":"Feria de Empresas #UCA - Natalia Odolinski - Auren Argentina","description":"Auren estuvo presente en la Feria de Empresas de la UCA con las b\u00fasquedas activas de la firma. Adem\u00e1s de los tips para armar tu cv.","robots":{"index":"index","follow":"follow","max-snippet":"max-snippet:-1","max-image-preview":"max-image-preview:large","max-video-preview":"max-video-preview:-1"},"canonical":"https:\/\/auren.com\/ar\/videos\/feria-de-empresas-uca-natalia-odolinski\/","og_locale":"es_ES","og_type":"article","og_title":"Feria de Empresas #UCA - Natalia Odolinski - Auren Argentina","og_description":"Auren estuvo presente en la Feria de Empresas de la UCA con las b\u00fasquedas activas de la firma. Adem\u00e1s de los tips para armar tu cv.","og_url":"https:\/\/auren.com\/ar\/videos\/feria-de-empresas-uca-natalia-odolinski\/","og_site_name":"Auren Argentina","article_publisher":"https:\/\/www.facebook.com\/AurenArg\/","og_image":[{"width":629,"height":430,"url":"https:\/\/auren.com\/ar\/wp-content\/uploads\/2023\/01\/IMAGEN-VIDEO.png","type":"image\/png"}],"twitter_card":"summary_large_image","twitter_site":"@AUREN_Argentina","schema":{"@context":"https:\/\/schema.org","@graph":[{"@type":"WebPage","@id":"https:\/\/auren.com\/ar\/videos\/feria-de-empresas-uca-natalia-odolinski\/","url":"https:\/\/auren.com\/ar\/videos\/feria-de-empresas-uca-natalia-odolinski\/","name":"Feria de Empresas #UCA - Natalia Odolinski - Auren Argentina","isPartOf":{"@id":"https:\/\/auren.com\/ar\/#website"},"primaryImageOfPage":{"@id":"https:\/\/auren.com\/ar\/videos\/feria-de-empresas-uca-natalia-odolinski\/#primaryimage"},"image":{"@id":"https:\/\/auren.com\/ar\/videos\/feria-de-empresas-uca-natalia-odolinski\/#primaryimage"},"thumbnailUrl":"https:\/\/auren.com\/ar\/wp-content\/uploads\/2023\/01\/IMAGEN-VIDEO.png","datePublished":"2023-01-04T11:32:44+00:00","description":"Auren estuvo presente en la Feria de Empresas de la UCA con las b\u00fasquedas activas de la firma. Adem\u00e1s de los tips para armar tu cv.","breadcrumb":{"@id":"https:\/\/auren.com\/ar\/videos\/feria-de-empresas-uca-natalia-odolinski\/#breadcrumb"},"inLanguage":"es","potentialAction":[{"@type":"ReadAction","target":["https:\/\/auren.com\/ar\/videos\/feria-de-empresas-uca-natalia-odolinski\/"]}]},{"@type":"ImageObject","inLanguage":"es","@id":"https:\/\/auren.com\/ar\/videos\/feria-de-empresas-uca-natalia-odolinski\/#primaryimage","url":"https:\/\/auren.com\/ar\/wp-content\/uploads\/2023\/01\/IMAGEN-VIDEO.png","contentUrl":"https:\/\/auren.com\/ar\/wp-content\/uploads\/2023\/01\/IMAGEN-VIDEO.png","width":629,"height":430},{"@type":"BreadcrumbList","@id":"https:\/\/auren.com\/ar\/videos\/feria-de-empresas-uca-natalia-odolinski\/#breadcrumb","itemListElement":[{"@type":"ListItem","position":1,"name":"Portada","item":"https:\/\/auren.com\/ar\/"},{"@type":"ListItem","position":2,"name":"Feria de Empresas #UCA &#8211; Natalia Odolinski"}]},{"@type":"WebSite","@id":"https:\/\/auren.com\/ar\/#website","url":"https:\/\/auren.com\/ar\/","name":"Auren Argentina","description":"","publisher":{"@id":"https:\/\/auren.com\/ar\/#organization"},"potentialAction":[{"@type":"SearchAction","target":{"@type":"EntryPoint","urlTemplate":"https:\/\/auren.com\/ar\/?s={search_term_string}"},"query-input":{"@type":"PropertyValueSpecification","valueRequired":true,"valueName":"search_term_string"}}],"inLanguage":"es"},{"@type":"Organization","@id":"https:\/\/auren.com\/ar\/#organization","name":"Auren Argentina","url":"https:\/\/auren.com\/ar\/","logo":{"@type":"ImageObject","inLanguage":"es","@id":"https:\/\/auren.com\/ar\/#\/schema\/logo\/image\/","url":"https:\/\/auren.com\/ar\/wp-content\/uploads\/2025\/01\/cropped-cropped-favicon-Auren.png","contentUrl":"https:\/\/auren.com\/ar\/wp-content\/uploads\/2025\/01\/cropped-cropped-favicon-Auren.png","width":512,"height":512,"caption":"Auren Argentina"},"image":{"@id":"https:\/\/auren.com\/ar\/#\/schema\/logo\/image\/"},"sameAs":["https:\/\/www.facebook.com\/AurenArg\/","https:\/\/x.com\/AUREN_Argentina","https:\/\/www.linkedin.com\/company\/aurenargentina","https:\/\/www.youtube.com\/channel\/UCSCseiHMECB0uMBGF9wtjSw","https:\/\/www.instagram.com\/aurenargentina\/"]}]}},"_links":{"self":[{"href":"https:\/\/auren.com\/ar\/wp-json\/wp\/v2\/video-podcast\/17310","targetHints":{"allow":["GET"]}}],"collection":[{"href":"https:\/\/auren.com\/ar\/wp-json\/wp\/v2\/video-podcast"}],"about":[{"href":"https:\/\/auren.com\/ar\/wp-json\/wp\/v2\/types\/video-podcast"}],"version-history":[{"count":0,"href":"https:\/\/auren.com\/ar\/wp-json\/wp\/v2\/video-podcast\/17310\/revisions"}],"wp:featuredmedia":[{"embeddable":true,"href":"https:\/\/auren.com\/ar\/wp-json\/wp\/v2\/media\/17311"}],"wp:attachment":[{"href":"https:\/\/auren.com\/ar\/wp-json\/wp\/v2\/media?parent=17310"}],"wp:term":[{"taxonomy":"video-podcast-category","embeddable":true,"href":"https:\/\/auren.com\/ar\/wp-json\/wp\/v2\/video-podcast-category?post=17310"}],"curies":[{"name":"wp","href":"https:\/\/api.w.org\/{rel}","templated":true}]}}

<p><a href="https://www.linkedin.com/in/nataliaodolinski/">Natalia Odolinski</a>, Gerente de Gestión de Personas de <a href="https://auren.com/ar/">Auren Argentina</a> en la Feria de Empresas de la Universidad Católica Argentina (UCA)</p>
<p>Nuestras búsquedas laborales siguen siempre activas. Por eso, aprovechamos y te brindamos algunos tips para mejorar tu cv </p>
<p>&#x1f449;&#x1f3fb; Una vez actualizado, envianos tu cv, ¡queremos conocerte!</p>
<figure class="wp-block-embed is-type-video is-provider-youtube wp-block-embed-youtube wp-embed-aspect-16-9 wp-has-aspect-ratio">
<div class="wp-block-embed__wrapper">
<div class="auren-youtube-cookie-gate"><div class="auren-youtube-cookie-placeholder cookieconsent-optout-marketing"><img class="auren-youtube-cookie-logo lazyload" data-src="https://auren.com/ar/wp-content/uploads/2024/10/logo-auren.svg" alt="Auren Argentina" src="data:image/svg+xml;base64,PHN2ZyB3aWR0aD0iMSIgaGVpZ2h0PSIxIiB4bWxucz0iaHR0cDovL3d3dy53My5vcmcvMjAwMC9zdmciPjwvc3ZnPg=="><p class="auren-youtube-cookie-message">Please accept the marketing cookies to view this video.</p></div><iframe class="cookieconsent-optin-marketing" type="text/plain" data-cookieconsent="marketing" data-src="https://www.youtube.com/embed/3qmn4FxueVw?feature=oembed&#038;rel=0" loading="lazy" title="Feria de empresas UCA." width="500" height="281"  frameborder="0" allow="accelerometer; autoplay; clipboard-write; encrypted-media; gyroscope; picture-in-picture; web-share" allowfullscreen></iframe></div>
</div>
</figure>
<p><!-- AddThis Advanced Settings generic via filter on the_content --><!-- AddThis Share Buttons generic via filter on the_content --></p>

<p>Natalia Odolinski, Gerente de Gestión de Personas de Auren Argentina en la Feria de Empresas de la Universidad Católica Argentina (UCA) Nuestras búsquedas laborales siguen siempre activas. Por eso, aprovechamos y te brindamos algunos tips para mejorar tu cv &#x1f449;&#x1f3fb; Una vez actualizado, envianos tu cv, ¡queremos conocerte! Please accept the marketing cookies to view [&hellip;]</p>

<!-- This site is optimized with the Yoast SEO plugin v27.5 - https://yoast.com/product/yoast-seo-wordpress/ -->
<title>Feria de Empresas #UCA - Natalia Odolinski - Auren Argentina</title>
<meta name="description" content="Auren estuvo presente en la Feria de Empresas de la UCA con las búsquedas activas de la firma. Además de los tips para armar tu cv." />
<meta name="robots" content="index, follow, max-snippet:-1, max-image-preview:large, max-video-preview:-1" />
<link rel="canonical" href="https://auren.com/ar/videos/feria-de-empresas-uca-natalia-odolinski/" />
<meta property="og:locale" content="es_ES" />
<meta property="og:type" content="article" />
<meta property="og:title" content="Feria de Empresas #UCA - Natalia Odolinski - Auren Argentina" />
<meta property="og:description" content="Auren estuvo presente en la Feria de Empresas de la UCA con las búsquedas activas de la firma. Además de los tips para armar tu cv." />
<meta property="og:url" content="https://auren.com/ar/videos/feria-de-empresas-uca-natalia-odolinski/" />
<meta property="og:site_name" content="Auren Argentina" />
<meta property="article:publisher" content="https://www.facebook.com/AurenArg/" />
<meta property="og:image" content="https://auren.com/ar/wp-content/uploads/2023/01/IMAGEN-VIDEO.png" />
	<meta property="og:image:width" content="629" />
	<meta property="og:image:height" content="430" />
	<meta property="og:image:type" content="image/png" />
<meta name="twitter:card" content="summary_large_image" />
<meta name="twitter:site" content="@AUREN_Argentina" />
<script type="application/ld+json" class="yoast-schema-graph">{"@context":"https:\/\/schema.org","@graph":[{"@type":"WebPage","@id":"https:\/\/auren.com\/ar\/videos\/feria-de-empresas-uca-natalia-odolinski\/","url":"https:\/\/auren.com\/ar\/videos\/feria-de-empresas-uca-natalia-odolinski\/","name":"Feria de Empresas #UCA - Natalia Odolinski - Auren Argentina","isPartOf":{"@id":"https:\/\/auren.com\/ar\/#website"},"primaryImageOfPage":{"@id":"https:\/\/auren.com\/ar\/videos\/feria-de-empresas-uca-natalia-odolinski\/#primaryimage"},"image":{"@id":"https:\/\/auren.com\/ar\/videos\/feria-de-empresas-uca-natalia-odolinski\/#primaryimage"},"thumbnailUrl":"https:\/\/auren.com\/ar\/wp-content\/uploads\/2023\/01\/IMAGEN-VIDEO.png","datePublished":"2023-01-04T11:32:44+00:00","description":"Auren estuvo presente en la Feria de Empresas de la UCA con las búsquedas activas de la firma. Además de los tips para armar tu cv.","breadcrumb":{"@id":"https:\/\/auren.com\/ar\/videos\/feria-de-empresas-uca-natalia-odolinski\/#breadcrumb"},"inLanguage":"es","potentialAction":[{"@type":"ReadAction","target":["https:\/\/auren.com\/ar\/videos\/feria-de-empresas-uca-natalia-odolinski\/"]}]},{"@type":"ImageObject","inLanguage":"es","@id":"https:\/\/auren.com\/ar\/videos\/feria-de-empresas-uca-natalia-odolinski\/#primaryimage","url":"https:\/\/auren.com\/ar\/wp-content\/uploads\/2023\/01\/IMAGEN-VIDEO.png","contentUrl":"https:\/\/auren.com\/ar\/wp-content\/uploads\/2023\/01\/IMAGEN-VIDEO.png","width":629,"height":430},{"@type":"BreadcrumbList","@id":"https:\/\/auren.com\/ar\/videos\/feria-de-empresas-uca-natalia-odolinski\/#breadcrumb","itemListElement":[{"@type":"ListItem","position":1,"name":"Portada","item":"https:\/\/auren.com\/ar\/"},{"@type":"ListItem","position":2,"name":"Feria de Empresas #UCA &#8211; Natalia Odolinski"}]},{"@type":"WebSite","@id":"https:\/\/auren.com\/ar\/#website","url":"https:\/\/auren.com\/ar\/","name":"Auren Argentina","description":"","publisher":{"@id":"https:\/\/auren.com\/ar\/#organization"},"potentialAction":[{"@type":"SearchAction","target":{"@type":"EntryPoint","urlTemplate":"https:\/\/auren.com\/ar\/?s={search_term_string}"},"query-input":{"@type":"PropertyValueSpecification","valueRequired":true,"valueName":"search_term_string"}}],"inLanguage":"es"},{"@type":"Organization","@id":"https:\/\/auren.com\/ar\/#organization","name":"Auren Argentina","url":"https:\/\/auren.com\/ar\/","logo":{"@type":"ImageObject","inLanguage":"es","@id":"https:\/\/auren.com\/ar\/#\/schema\/logo\/image\/","url":"https:\/\/auren.com\/ar\/wp-content\/uploads\/2025\/01\/cropped-cropped-favicon-Auren.png","contentUrl":"https:\/\/auren.com\/ar\/wp-content\/uploads\/2025\/01\/cropped-cropped-favicon-Auren.png","width":512,"height":512,"caption":"Auren Argentina"},"image":{"@id":"https:\/\/auren.com\/ar\/#\/schema\/logo\/image\/"},"sameAs":["https:\/\/www.facebook.com\/AurenArg\/","https:\/\/x.com\/AUREN_Argentina","https:\/\/www.linkedin.com\/company\/aurenargentina","https:\/\/www.youtube.com\/channel\/UCSCseiHMECB0uMBGF9wtjSw","https:\/\/www.instagram.com\/aurenargentina\/"]}]}</script>
<!-- / Yoast SEO plugin. -->

Auren estuvo presente en la Feria de Empresas de la UCA con las búsquedas activas de la firma. Además de los tips para armar tu cv.
