{"id":17318,"date":"2022-12-05T13:16:30","date_gmt":"2022-12-05T12:16:30","guid":{"rendered":"https:\/\/auren.com\/ar\/video-podcast\/encuentro-de-los-lideres-2022-panel-management-liderazgo-fernando-tezanos-pinto\/"},"modified":"2022-12-05T13:16:30","modified_gmt":"2022-12-05T12:16:30","slug":"encuentro-de-los-lideres-2022-panel-management-liderazgo-fernando-tezanos-pinto","status":"publish","type":"video-podcast","link":"https:\/\/auren.com\/ar\/videos\/encuentro-de-los-lideres-2022-panel-management-liderazgo-fernando-tezanos-pinto\/","title":{"rendered":"Encuentro de Los L\u00edderes 2022: Panel Management &#038; Liderazgo &#8211; Fernando Tezanos Pinto"},"content":{"rendered":"<p><a href=\"https:\/\/www.linkedin.com\/in\/fernandotezanospinto\/\">Fernando Tezanos Pinto<\/a>, Presidente de <a href=\"https:\/\/auren.com\/ar\/\">Auren Argentina<\/a> particip\u00f3 de el Encuentro de los L\u00edderes 2022 organizado por <a href=\"https:\/\/www.cronista.com\/\">El Cronista<\/a> en el panel de Management &amp; Liderazgo.<\/p>\n<p>En el mismo analizaron el panorama laboral actual y la toma de decisiones de las compa\u00f1\u00edas en el contexto actual. C\u00f3mo debe ser el l\u00edder para orientar las decisiones y llevarlas a la acci\u00f3n, c\u00f3mo cambi\u00f3 el liderazgo, que pr\u00e1cticas y perfiles se necesitan hoy en la gesti\u00f3n de una compa\u00f1\u00eda.<\/p>\n<figure class=\"wp-block-embed is-type-video is-provider-youtube wp-block-embed-youtube wp-embed-aspect-16-9 wp-has-aspect-ratio\">\n<div class=\"wp-block-embed__wrapper\">\n<div class=\"auren-youtube-cookie-gate\"><div class=\"auren-youtube-cookie-placeholder cookieconsent-optout-marketing\"><img class=\"auren-youtube-cookie-logo lazyload\" data-src=\"https:\/\/auren.com\/ar\/wp-content\/uploads\/2024\/10\/logo-auren.svg\" alt=\"Auren Argentina\" src=\"data:image\/svg+xml;base64,PHN2ZyB3aWR0aD0iMSIgaGVpZ2h0PSIxIiB4bWxucz0iaHR0cDovL3d3dy53My5vcmcvMjAwMC9zdmciPjwvc3ZnPg==\"><p class=\"auren-youtube-cookie-message\">Please accept the marketing cookies to view this video.<\/p><\/div><iframe class=\"cookieconsent-optin-marketing\" type=\"text\/plain\" data-cookieconsent=\"marketing\" data-src=\"https:\/\/www.youtube.com\/embed\/z2dKbN7rffM?feature=oembed&#038;rel=0\" loading=\"lazy\" title=\"El Encuentro de Los L\u00edderes 2022 Panel Management\" width=\"500\" height=\"281\"  frameborder=\"0\" allow=\"accelerometer; autoplay; clipboard-write; encrypted-media; gyroscope; picture-in-picture\" allowfullscreen><\/iframe><\/div>\n<\/div>\n<\/figure>\n<\/p>\n<p><!-- AddThis Advanced Settings generic via filter on the_content --><!-- AddThis Share Buttons generic via filter on the_content --><\/p>\n","protected":false},"excerpt":{"rendered":"<p>Fernando Tezanos Pinto, Presidente de Auren Argentina particip\u00f3 de el Encuentro de los L\u00edderes 2022 organizado por El Cronista en el panel de Management &amp; Liderazgo. En el mismo analizaron el panorama laboral actual y la toma de decisiones de las compa\u00f1\u00edas en el contexto actual. C\u00f3mo debe ser el l\u00edder para orientar las decisiones [&hellip;]<\/p>\n","protected":false},"featured_media":0,"template":"","meta":{"_acf_changed":false,"footnotes":""},"video-podcast-category":[],"class_list":["post-17318","video-podcast","type-video-podcast","status-publish","hentry"],"acf":[],"yoast_head":"<!-- This site is optimized with the Yoast SEO plugin v27.5 - https:\/\/yoast.com\/product\/yoast-seo-wordpress\/ -->\n<title>Encuentro de Los L\u00edderes 2022: Panel Management &amp; Liderazgo - Fernando Tezanos Pinto - Auren Argentina<\/title>\n<meta name=\"description\" content=\"Fernando Tezanos Pinto, Presidente de Auren Argentina particip\u00f3 del Encuentro de los L\u00edderes 2022 en el panel de Management &amp; Liderazgo.\" \/>\n<meta name=\"robots\" content=\"index, follow, max-snippet:-1, max-image-preview:large, max-video-preview:-1\" \/>\n<link rel=\"canonical\" href=\"https:\/\/auren.com\/ar\/videos\/encuentro-de-los-lideres-2022-panel-management-liderazgo-fernando-tezanos-pinto\/\" \/>\n<meta property=\"og:locale\" content=\"es_ES\" \/>\n<meta property=\"og:type\" content=\"article\" \/>\n<meta property=\"og:title\" content=\"Encuentro de Los L\u00edderes 2022: Panel Management &amp; Liderazgo - Fernando Tezanos Pinto - Auren Argentina\" \/>\n<meta property=\"og:description\" content=\"Fernando Tezanos Pinto, Presidente de Auren Argentina particip\u00f3 del Encuentro de los L\u00edderes 2022 en el panel de Management &amp; Liderazgo.\" \/>\n<meta property=\"og:url\" content=\"https:\/\/auren.com\/ar\/videos\/encuentro-de-los-lideres-2022-panel-management-liderazgo-fernando-tezanos-pinto\/\" \/>\n<meta property=\"og:site_name\" content=\"Auren Argentina\" \/>\n<meta property=\"article:publisher\" content=\"https:\/\/www.facebook.com\/AurenArg\/\" \/>\n<meta name=\"twitter:card\" content=\"summary_large_image\" \/>\n<meta name=\"twitter:site\" content=\"@AUREN_Argentina\" \/>\n<script type=\"application\/ld+json\" class=\"yoast-schema-graph\">{\"@context\":\"https:\\\/\\\/schema.org\",\"@graph\":[{\"@type\":\"WebPage\",\"@id\":\"https:\\\/\\\/auren.com\\\/ar\\\/videos\\\/encuentro-de-los-lideres-2022-panel-management-liderazgo-fernando-tezanos-pinto\\\/\",\"url\":\"https:\\\/\\\/auren.com\\\/ar\\\/videos\\\/encuentro-de-los-lideres-2022-panel-management-liderazgo-fernando-tezanos-pinto\\\/\",\"name\":\"Encuentro de Los L\u00edderes 2022: Panel Management & Liderazgo - Fernando Tezanos Pinto - Auren Argentina\",\"isPartOf\":{\"@id\":\"https:\\\/\\\/auren.com\\\/ar\\\/#website\"},\"datePublished\":\"2022-12-05T12:16:30+00:00\",\"description\":\"Fernando Tezanos Pinto, Presidente de Auren Argentina particip\u00f3 del Encuentro de los L\u00edderes 2022 en el panel de Management & Liderazgo.\",\"breadcrumb\":{\"@id\":\"https:\\\/\\\/auren.com\\\/ar\\\/videos\\\/encuentro-de-los-lideres-2022-panel-management-liderazgo-fernando-tezanos-pinto\\\/#breadcrumb\"},\"inLanguage\":\"es\",\"potentialAction\":[{\"@type\":\"ReadAction\",\"target\":[\"https:\\\/\\\/auren.com\\\/ar\\\/videos\\\/encuentro-de-los-lideres-2022-panel-management-liderazgo-fernando-tezanos-pinto\\\/\"]}]},{\"@type\":\"BreadcrumbList\",\"@id\":\"https:\\\/\\\/auren.com\\\/ar\\\/videos\\\/encuentro-de-los-lideres-2022-panel-management-liderazgo-fernando-tezanos-pinto\\\/#breadcrumb\",\"itemListElement\":[{\"@type\":\"ListItem\",\"position\":1,\"name\":\"Portada\",\"item\":\"https:\\\/\\\/auren.com\\\/ar\\\/\"},{\"@type\":\"ListItem\",\"position\":2,\"name\":\"Encuentro de Los L\u00edderes 2022: Panel Management &#038; Liderazgo &#8211; Fernando Tezanos Pinto\"}]},{\"@type\":\"WebSite\",\"@id\":\"https:\\\/\\\/auren.com\\\/ar\\\/#website\",\"url\":\"https:\\\/\\\/auren.com\\\/ar\\\/\",\"name\":\"Auren Argentina\",\"description\":\"\",\"publisher\":{\"@id\":\"https:\\\/\\\/auren.com\\\/ar\\\/#organization\"},\"potentialAction\":[{\"@type\":\"SearchAction\",\"target\":{\"@type\":\"EntryPoint\",\"urlTemplate\":\"https:\\\/\\\/auren.com\\\/ar\\\/?s={search_term_string}\"},\"query-input\":{\"@type\":\"PropertyValueSpecification\",\"valueRequired\":true,\"valueName\":\"search_term_string\"}}],\"inLanguage\":\"es\"},{\"@type\":\"Organization\",\"@id\":\"https:\\\/\\\/auren.com\\\/ar\\\/#organization\",\"name\":\"Auren Argentina\",\"url\":\"https:\\\/\\\/auren.com\\\/ar\\\/\",\"logo\":{\"@type\":\"ImageObject\",\"inLanguage\":\"es\",\"@id\":\"https:\\\/\\\/auren.com\\\/ar\\\/#\\\/schema\\\/logo\\\/image\\\/\",\"url\":\"https:\\\/\\\/auren.com\\\/ar\\\/wp-content\\\/uploads\\\/2025\\\/01\\\/cropped-cropped-favicon-Auren.png\",\"contentUrl\":\"https:\\\/\\\/auren.com\\\/ar\\\/wp-content\\\/uploads\\\/2025\\\/01\\\/cropped-cropped-favicon-Auren.png\",\"width\":512,\"height\":512,\"caption\":\"Auren Argentina\"},\"image\":{\"@id\":\"https:\\\/\\\/auren.com\\\/ar\\\/#\\\/schema\\\/logo\\\/image\\\/\"},\"sameAs\":[\"https:\\\/\\\/www.facebook.com\\\/AurenArg\\\/\",\"https:\\\/\\\/x.com\\\/AUREN_Argentina\",\"https:\\\/\\\/www.linkedin.com\\\/company\\\/aurenargentina\",\"https:\\\/\\\/www.youtube.com\\\/channel\\\/UCSCseiHMECB0uMBGF9wtjSw\",\"https:\\\/\\\/www.instagram.com\\\/aurenargentina\\\/\"]}]}<\/script>\n<!-- \/ Yoast SEO plugin. -->","yoast_head_json":{"title":"Encuentro de Los L\u00edderes 2022: Panel Management & Liderazgo - Fernando Tezanos Pinto - Auren Argentina","description":"Fernando Tezanos Pinto, Presidente de Auren Argentina particip\u00f3 del Encuentro de los L\u00edderes 2022 en el panel de Management & Liderazgo.","robots":{"index":"index","follow":"follow","max-snippet":"max-snippet:-1","max-image-preview":"max-image-preview:large","max-video-preview":"max-video-preview:-1"},"canonical":"https:\/\/auren.com\/ar\/videos\/encuentro-de-los-lideres-2022-panel-management-liderazgo-fernando-tezanos-pinto\/","og_locale":"es_ES","og_type":"article","og_title":"Encuentro de Los L\u00edderes 2022: Panel Management & Liderazgo - Fernando Tezanos Pinto - Auren Argentina","og_description":"Fernando Tezanos Pinto, Presidente de Auren Argentina particip\u00f3 del Encuentro de los L\u00edderes 2022 en el panel de Management & Liderazgo.","og_url":"https:\/\/auren.com\/ar\/videos\/encuentro-de-los-lideres-2022-panel-management-liderazgo-fernando-tezanos-pinto\/","og_site_name":"Auren Argentina","article_publisher":"https:\/\/www.facebook.com\/AurenArg\/","twitter_card":"summary_large_image","twitter_site":"@AUREN_Argentina","schema":{"@context":"https:\/\/schema.org","@graph":[{"@type":"WebPage","@id":"https:\/\/auren.com\/ar\/videos\/encuentro-de-los-lideres-2022-panel-management-liderazgo-fernando-tezanos-pinto\/","url":"https:\/\/auren.com\/ar\/videos\/encuentro-de-los-lideres-2022-panel-management-liderazgo-fernando-tezanos-pinto\/","name":"Encuentro de Los L\u00edderes 2022: Panel Management & Liderazgo - Fernando Tezanos Pinto - Auren Argentina","isPartOf":{"@id":"https:\/\/auren.com\/ar\/#website"},"datePublished":"2022-12-05T12:16:30+00:00","description":"Fernando Tezanos Pinto, Presidente de Auren Argentina particip\u00f3 del Encuentro de los L\u00edderes 2022 en el panel de Management & Liderazgo.","breadcrumb":{"@id":"https:\/\/auren.com\/ar\/videos\/encuentro-de-los-lideres-2022-panel-management-liderazgo-fernando-tezanos-pinto\/#breadcrumb"},"inLanguage":"es","potentialAction":[{"@type":"ReadAction","target":["https:\/\/auren.com\/ar\/videos\/encuentro-de-los-lideres-2022-panel-management-liderazgo-fernando-tezanos-pinto\/"]}]},{"@type":"BreadcrumbList","@id":"https:\/\/auren.com\/ar\/videos\/encuentro-de-los-lideres-2022-panel-management-liderazgo-fernando-tezanos-pinto\/#breadcrumb","itemListElement":[{"@type":"ListItem","position":1,"name":"Portada","item":"https:\/\/auren.com\/ar\/"},{"@type":"ListItem","position":2,"name":"Encuentro de Los L\u00edderes 2022: Panel Management &#038; Liderazgo &#8211; Fernando Tezanos Pinto"}]},{"@type":"WebSite","@id":"https:\/\/auren.com\/ar\/#website","url":"https:\/\/auren.com\/ar\/","name":"Auren Argentina","description":"","publisher":{"@id":"https:\/\/auren.com\/ar\/#organization"},"potentialAction":[{"@type":"SearchAction","target":{"@type":"EntryPoint","urlTemplate":"https:\/\/auren.com\/ar\/?s={search_term_string}"},"query-input":{"@type":"PropertyValueSpecification","valueRequired":true,"valueName":"search_term_string"}}],"inLanguage":"es"},{"@type":"Organization","@id":"https:\/\/auren.com\/ar\/#organization","name":"Auren Argentina","url":"https:\/\/auren.com\/ar\/","logo":{"@type":"ImageObject","inLanguage":"es","@id":"https:\/\/auren.com\/ar\/#\/schema\/logo\/image\/","url":"https:\/\/auren.com\/ar\/wp-content\/uploads\/2025\/01\/cropped-cropped-favicon-Auren.png","contentUrl":"https:\/\/auren.com\/ar\/wp-content\/uploads\/2025\/01\/cropped-cropped-favicon-Auren.png","width":512,"height":512,"caption":"Auren Argentina"},"image":{"@id":"https:\/\/auren.com\/ar\/#\/schema\/logo\/image\/"},"sameAs":["https:\/\/www.facebook.com\/AurenArg\/","https:\/\/x.com\/AUREN_Argentina","https:\/\/www.linkedin.com\/company\/aurenargentina","https:\/\/www.youtube.com\/channel\/UCSCseiHMECB0uMBGF9wtjSw","https:\/\/www.instagram.com\/aurenargentina\/"]}]}},"_links":{"self":[{"href":"https:\/\/auren.com\/ar\/wp-json\/wp\/v2\/video-podcast\/17318","targetHints":{"allow":["GET"]}}],"collection":[{"href":"https:\/\/auren.com\/ar\/wp-json\/wp\/v2\/video-podcast"}],"about":[{"href":"https:\/\/auren.com\/ar\/wp-json\/wp\/v2\/types\/video-podcast"}],"version-history":[{"count":0,"href":"https:\/\/auren.com\/ar\/wp-json\/wp\/v2\/video-podcast\/17318\/revisions"}],"wp:attachment":[{"href":"https:\/\/auren.com\/ar\/wp-json\/wp\/v2\/media?parent=17318"}],"wp:term":[{"taxonomy":"video-podcast-category","embeddable":true,"href":"https:\/\/auren.com\/ar\/wp-json\/wp\/v2\/video-podcast-category?post=17318"}],"curies":[{"name":"wp","href":"https:\/\/api.w.org\/{rel}","templated":true}]}}

Encuentro de Los Líderes 2022: Panel Management &#038; Liderazgo &#8211; Fernando Tezanos Pinto

<p><a href="https://www.linkedin.com/in/fernandotezanospinto/">Fernando Tezanos Pinto</a>, Presidente de <a href="https://auren.com/ar/">Auren Argentina</a> participó de el Encuentro de los Líderes 2022 organizado por <a href="https://www.cronista.com/">El Cronista</a> en el panel de Management &amp; Liderazgo.</p>
<p>En el mismo analizaron el panorama laboral actual y la toma de decisiones de las compañías en el contexto actual. Cómo debe ser el líder para orientar las decisiones y llevarlas a la acción, cómo cambió el liderazgo, que prácticas y perfiles se necesitan hoy en la gestión de una compañía.</p>
<figure class="wp-block-embed is-type-video is-provider-youtube wp-block-embed-youtube wp-embed-aspect-16-9 wp-has-aspect-ratio">
<div class="wp-block-embed__wrapper">
<div class="auren-youtube-cookie-gate"><div class="auren-youtube-cookie-placeholder cookieconsent-optout-marketing"><img class="auren-youtube-cookie-logo lazyload" data-src="https://auren.com/ar/wp-content/uploads/2024/10/logo-auren.svg" alt="Auren Argentina" src="data:image/svg+xml;base64,PHN2ZyB3aWR0aD0iMSIgaGVpZ2h0PSIxIiB4bWxucz0iaHR0cDovL3d3dy53My5vcmcvMjAwMC9zdmciPjwvc3ZnPg=="><p class="auren-youtube-cookie-message">Please accept the marketing cookies to view this video.</p></div><iframe class="cookieconsent-optin-marketing" type="text/plain" data-cookieconsent="marketing" data-src="https://www.youtube.com/embed/z2dKbN7rffM?feature=oembed&#038;rel=0" loading="lazy" title="El Encuentro de Los Líderes 2022 Panel Management" width="500" height="281"  frameborder="0" allow="accelerometer; autoplay; clipboard-write; encrypted-media; gyroscope; picture-in-picture" allowfullscreen></iframe></div>
</div>
</figure>
</p>
<p><!-- AddThis Advanced Settings generic via filter on the_content --><!-- AddThis Share Buttons generic via filter on the_content --></p>

<p>Fernando Tezanos Pinto, Presidente de Auren Argentina participó de el Encuentro de los Líderes 2022 organizado por El Cronista en el panel de Management &amp; Liderazgo. En el mismo analizaron el panorama laboral actual y la toma de decisiones de las compañías en el contexto actual. Cómo debe ser el líder para orientar las decisiones [&hellip;]</p>

<!-- This site is optimized with the Yoast SEO plugin v27.5 - https://yoast.com/product/yoast-seo-wordpress/ -->
<title>Encuentro de Los Líderes 2022: Panel Management &amp; Liderazgo - Fernando Tezanos Pinto - Auren Argentina</title>
<meta name="description" content="Fernando Tezanos Pinto, Presidente de Auren Argentina participó del Encuentro de los Líderes 2022 en el panel de Management &amp; Liderazgo." />
<meta name="robots" content="index, follow, max-snippet:-1, max-image-preview:large, max-video-preview:-1" />
<link rel="canonical" href="https://auren.com/ar/videos/encuentro-de-los-lideres-2022-panel-management-liderazgo-fernando-tezanos-pinto/" />
<meta property="og:locale" content="es_ES" />
<meta property="og:type" content="article" />
<meta property="og:title" content="Encuentro de Los Líderes 2022: Panel Management &amp; Liderazgo - Fernando Tezanos Pinto - Auren Argentina" />
<meta property="og:description" content="Fernando Tezanos Pinto, Presidente de Auren Argentina participó del Encuentro de los Líderes 2022 en el panel de Management &amp; Liderazgo." />
<meta property="og:url" content="https://auren.com/ar/videos/encuentro-de-los-lideres-2022-panel-management-liderazgo-fernando-tezanos-pinto/" />
<meta property="og:site_name" content="Auren Argentina" />
<meta property="article:publisher" content="https://www.facebook.com/AurenArg/" />
<meta name="twitter:card" content="summary_large_image" />
<meta name="twitter:site" content="@AUREN_Argentina" />
<script type="application/ld+json" class="yoast-schema-graph">{"@context":"https:\/\/schema.org","@graph":[{"@type":"WebPage","@id":"https:\/\/auren.com\/ar\/videos\/encuentro-de-los-lideres-2022-panel-management-liderazgo-fernando-tezanos-pinto\/","url":"https:\/\/auren.com\/ar\/videos\/encuentro-de-los-lideres-2022-panel-management-liderazgo-fernando-tezanos-pinto\/","name":"Encuentro de Los Líderes 2022: Panel Management & Liderazgo - Fernando Tezanos Pinto - Auren Argentina","isPartOf":{"@id":"https:\/\/auren.com\/ar\/#website"},"datePublished":"2022-12-05T12:16:30+00:00","description":"Fernando Tezanos Pinto, Presidente de Auren Argentina participó del Encuentro de los Líderes 2022 en el panel de Management & Liderazgo.","breadcrumb":{"@id":"https:\/\/auren.com\/ar\/videos\/encuentro-de-los-lideres-2022-panel-management-liderazgo-fernando-tezanos-pinto\/#breadcrumb"},"inLanguage":"es","potentialAction":[{"@type":"ReadAction","target":["https:\/\/auren.com\/ar\/videos\/encuentro-de-los-lideres-2022-panel-management-liderazgo-fernando-tezanos-pinto\/"]}]},{"@type":"BreadcrumbList","@id":"https:\/\/auren.com\/ar\/videos\/encuentro-de-los-lideres-2022-panel-management-liderazgo-fernando-tezanos-pinto\/#breadcrumb","itemListElement":[{"@type":"ListItem","position":1,"name":"Portada","item":"https:\/\/auren.com\/ar\/"},{"@type":"ListItem","position":2,"name":"Encuentro de Los Líderes 2022: Panel Management &#038; Liderazgo &#8211; Fernando Tezanos Pinto"}]},{"@type":"WebSite","@id":"https:\/\/auren.com\/ar\/#website","url":"https:\/\/auren.com\/ar\/","name":"Auren Argentina","description":"","publisher":{"@id":"https:\/\/auren.com\/ar\/#organization"},"potentialAction":[{"@type":"SearchAction","target":{"@type":"EntryPoint","urlTemplate":"https:\/\/auren.com\/ar\/?s={search_term_string}"},"query-input":{"@type":"PropertyValueSpecification","valueRequired":true,"valueName":"search_term_string"}}],"inLanguage":"es"},{"@type":"Organization","@id":"https:\/\/auren.com\/ar\/#organization","name":"Auren Argentina","url":"https:\/\/auren.com\/ar\/","logo":{"@type":"ImageObject","inLanguage":"es","@id":"https:\/\/auren.com\/ar\/#\/schema\/logo\/image\/","url":"https:\/\/auren.com\/ar\/wp-content\/uploads\/2025\/01\/cropped-cropped-favicon-Auren.png","contentUrl":"https:\/\/auren.com\/ar\/wp-content\/uploads\/2025\/01\/cropped-cropped-favicon-Auren.png","width":512,"height":512,"caption":"Auren Argentina"},"image":{"@id":"https:\/\/auren.com\/ar\/#\/schema\/logo\/image\/"},"sameAs":["https:\/\/www.facebook.com\/AurenArg\/","https:\/\/x.com\/AUREN_Argentina","https:\/\/www.linkedin.com\/company\/aurenargentina","https:\/\/www.youtube.com\/channel\/UCSCseiHMECB0uMBGF9wtjSw","https:\/\/www.instagram.com\/aurenargentina\/"]}]}</script>
<!-- / Yoast SEO plugin. -->

Encuentro de Los Líderes 2022: Panel Management & Liderazgo - Fernando Tezanos Pinto - Auren Argentina

Fernando Tezanos Pinto, Presidente de Auren Argentina participó del Encuentro de los Líderes 2022 en el panel de Management & Liderazgo.
