{"id":26262,"date":"2026-08-27T17:02:27","date_gmt":"2026-08-27T15:02:27","guid":{"rendered":"https:\/\/auren.com\/cl\/?post_type=video-podcast&#038;p=26262"},"modified":"2026-08-27T17:05:55","modified_gmt":"2026-08-27T15:05:55","slug":"auren-30-anos","status":"publish","type":"video-podcast","link":"https:\/\/auren.com\/cl\/videos\/auren-30-anos\/","title":{"rendered":"Auren 30 a\u00f1os"},"content":{"rendered":"\n<div class=\"auren-youtube-cookie-gate\"><div class=\"auren-youtube-cookie-placeholder cookieconsent-optout-marketing\"><img class=\"auren-youtube-cookie-logo\" src=\"https:\/\/auren.com\/cl\/wp-content\/uploads\/2025\/05\/logo-auren-2.svg\" alt=\"Auren Chile\"><p class=\"auren-youtube-cookie-message\">Please accept the marketing cookies to view this video.<\/p><\/div><iframe class=\"cookieconsent-optin-marketing\" type=\"text\/plain\" data-cookieconsent=\"marketing\" data-src=\"https:\/\/www.youtube.com\/embed\/b4od1dUvSRU?rel=0\" loading=\"lazy\" width=\"1337\" height=\"752\"  title=\"Auren Chile: 30 A\u00f1os de Confianza, Excelencia y Trabajo en Equipo\" frameborder=\"0\" allow=\"accelerometer; autoplay; clipboard-write; encrypted-media; gyroscope; picture-in-picture; web-share\" referrerpolicy=\"strict-origin-when-cross-origin\" allowfullscreen><\/iframe><\/div>\n\n\n\n<p class=\"wp-block-paragraph\">Hace tres d\u00e9cadas, Mario Cayup\u00e1n y Cecilia P\u00e9rez iniciaron un proyecto fundado en la confianza, el profesionalismo y la pasi\u00f3n por la contabilidad y auditor\u00eda. Lo que comenz\u00f3 como un sue\u00f1o creci\u00f3 gracias al esfuerzo de un gran equipo y a la convicci\u00f3n de que cada desaf\u00edo es una oportunidad para crecer.<br><br>Hoy consolidamos nuestra presencia en distintas regiones del pa\u00eds con una cultura basada en la cercan\u00eda, la excelencia y el trabajo en equipo. Nada de esto habr\u00eda sido posible sin nuestros colaboradores, socios, clientes y amigos, quienes han dejado una huella imborrable en cada etapa.<br><br>Miramos al futuro con la misma esencia y el firme compromiso de seguir generando impacto. Porque tenemos claro que, m\u00e1s que una empresa, somos una comunidad construida por personas.<br><br>\u00a1Gracias por ser parte de estos 30 a\u00f1os de \u00e9xito compartido!<\/p>\n","protected":false},"excerpt":{"rendered":"<p>Celebramos 30 a\u00f1os de historia, aprendizajes y metas cumplidas en Auren Chile! \ud83c\udde8\ud83c\uddf1<\/p>\n","protected":false},"featured_media":0,"template":"","meta":{"_acf_changed":true,"footnotes":""},"video-podcast-category":[],"class_list":["post-26262","video-podcast","type-video-podcast","status-publish","hentry"],"acf":[],"yoast_head":"<!-- This site is optimized with the Yoast SEO plugin v28.3 - https:\/\/yoast.com\/product\/yoast-seo-wordpress\/ -->\n<title>\u00bfCu\u00e1l es el l\u00edmite a la libertad de expresi\u00f3n en redes sociales? | Jos\u00e9 Ignacio G\u00f3mez Santano - Auren Chile<\/title>\n<meta name=\"robots\" content=\"index, follow, max-snippet:-1, max-image-preview:large, max-video-preview:-1\" \/>\n<link rel=\"canonical\" href=\"https:\/\/auren.com\/cl\/videos\/auren-30-anos\/\" \/>\n<meta property=\"og:locale\" content=\"es_ES\" \/>\n<meta property=\"og:type\" content=\"article\" \/>\n<meta property=\"og:title\" content=\"\u00bfCu\u00e1l es el l\u00edmite a la libertad de expresi\u00f3n en redes sociales? | Jos\u00e9 Ignacio G\u00f3mez Santano - Auren Chile\" \/>\n<meta property=\"og:description\" content=\"Celebramos 30 a\u00f1os de historia, aprendizajes y metas cumplidas en Auren Chile! \ud83c\udde8\ud83c\uddf1\" \/>\n<meta property=\"og:url\" content=\"https:\/\/auren.com\/cl\/videos\/auren-30-anos\/\" \/>\n<meta property=\"og:site_name\" content=\"Auren Chile\" \/>\n<meta property=\"article:publisher\" content=\"https:\/\/www.facebook.com\/Auren-Chile-102082852427361\/\" \/>\n<meta property=\"article:modified_time\" content=\"2026-08-27T15:05:55+00:00\" \/>\n<meta name=\"twitter:card\" content=\"summary_large_image\" \/>\n<meta name=\"twitter:site\" content=\"@aurenchile\" \/>\n<meta name=\"twitter:label1\" content=\"Tiempo de lectura\" \/>\n\t<meta name=\"twitter:data1\" content=\"1 minuto\" \/>\n<script type=\"application\/ld+json\" class=\"yoast-schema-graph\">{\"@context\":\"https:\\\/\\\/schema.org\",\"@graph\":[{\"@type\":\"WebPage\",\"@id\":\"https:\\\/\\\/auren.com\\\/cl\\\/videos\\\/auren-30-anos\\\/\",\"url\":\"https:\\\/\\\/auren.com\\\/cl\\\/videos\\\/auren-30-anos\\\/\",\"name\":\"\u00bfCu\u00e1l es el l\u00edmite a la libertad de expresi\u00f3n en redes sociales? | Jos\u00e9 Ignacio G\u00f3mez Santano - Auren Chile\",\"isPartOf\":{\"@id\":\"https:\\\/\\\/auren.com\\\/cl\\\/#website\"},\"datePublished\":\"2026-08-27T15:02:27+00:00\",\"dateModified\":\"2026-08-27T15:05:55+00:00\",\"breadcrumb\":{\"@id\":\"https:\\\/\\\/auren.com\\\/cl\\\/videos\\\/auren-30-anos\\\/#breadcrumb\"},\"inLanguage\":\"es\",\"potentialAction\":[{\"@type\":\"ReadAction\",\"target\":[\"https:\\\/\\\/auren.com\\\/cl\\\/videos\\\/auren-30-anos\\\/\"]}]},{\"@type\":\"BreadcrumbList\",\"@id\":\"https:\\\/\\\/auren.com\\\/cl\\\/videos\\\/auren-30-anos\\\/#breadcrumb\",\"itemListElement\":[{\"@type\":\"ListItem\",\"position\":1,\"name\":\"Portada\",\"item\":\"https:\\\/\\\/auren.com\\\/cl\\\/\"},{\"@type\":\"ListItem\",\"position\":2,\"name\":\"Auren 30 a\u00f1os\"}]},{\"@type\":\"WebSite\",\"@id\":\"https:\\\/\\\/auren.com\\\/cl\\\/#website\",\"url\":\"https:\\\/\\\/auren.com\\\/cl\\\/\",\"name\":\"Auren Chile\",\"description\":\"\",\"publisher\":{\"@id\":\"https:\\\/\\\/auren.com\\\/cl\\\/#organization\"},\"potentialAction\":[{\"@type\":\"SearchAction\",\"target\":{\"@type\":\"EntryPoint\",\"urlTemplate\":\"https:\\\/\\\/auren.com\\\/cl\\\/?s={search_term_string}\"},\"query-input\":{\"@type\":\"PropertyValueSpecification\",\"valueRequired\":true,\"valueName\":\"search_term_string\"}}],\"inLanguage\":\"es\"},{\"@type\":\"Organization\",\"@id\":\"https:\\\/\\\/auren.com\\\/cl\\\/#organization\",\"name\":\"Auren Chile\",\"url\":\"https:\\\/\\\/auren.com\\\/cl\\\/\",\"logo\":{\"@type\":\"ImageObject\",\"inLanguage\":\"es\",\"@id\":\"https:\\\/\\\/auren.com\\\/cl\\\/#\\\/schema\\\/logo\\\/image\\\/\",\"url\":\"https:\\\/\\\/auren.com\\\/cl\\\/wp-content\\\/uploads\\\/2025\\\/01\\\/cropped-cropped-favicon-Auren.png\",\"contentUrl\":\"https:\\\/\\\/auren.com\\\/cl\\\/wp-content\\\/uploads\\\/2025\\\/01\\\/cropped-cropped-favicon-Auren.png\",\"width\":512,\"height\":512,\"caption\":\"Auren Chile\"},\"image\":{\"@id\":\"https:\\\/\\\/auren.com\\\/cl\\\/#\\\/schema\\\/logo\\\/image\\\/\"},\"sameAs\":[\"https:\\\/\\\/www.facebook.com\\\/Auren-Chile-102082852427361\\\/\",\"https:\\\/\\\/x.com\\\/aurenchile\",\"https:\\\/\\\/cl.linkedin.com\\\/company\\\/aurengroupchile\",\"https:\\\/\\\/www.youtube.com\\\/channel\\\/UC1INxEQ1wu0Jy5-btcBdzdA\",\"https:\\\/\\\/www.instagram.com\\\/auren.chile\\\/\"]}]}<\/script>\n<!-- \/ Yoast SEO plugin. -->","yoast_head_json":{"title":"\u00bfCu\u00e1l es el l\u00edmite a la libertad de expresi\u00f3n en redes sociales? | Jos\u00e9 Ignacio G\u00f3mez Santano - Auren Chile","robots":{"index":"index","follow":"follow","max-snippet":"max-snippet:-1","max-image-preview":"max-image-preview:large","max-video-preview":"max-video-preview:-1"},"canonical":"https:\/\/auren.com\/cl\/videos\/auren-30-anos\/","og_locale":"es_ES","og_type":"article","og_title":"\u00bfCu\u00e1l es el l\u00edmite a la libertad de expresi\u00f3n en redes sociales? | Jos\u00e9 Ignacio G\u00f3mez Santano - Auren Chile","og_description":"Celebramos 30 a\u00f1os de historia, aprendizajes y metas cumplidas en Auren Chile! \ud83c\udde8\ud83c\uddf1","og_url":"https:\/\/auren.com\/cl\/videos\/auren-30-anos\/","og_site_name":"Auren Chile","article_publisher":"https:\/\/www.facebook.com\/Auren-Chile-102082852427361\/","article_modified_time":"2026-08-27T15:05:55+00:00","twitter_card":"summary_large_image","twitter_site":"@aurenchile","twitter_misc":{"Tiempo de lectura":"1 minuto"},"schema":{"@context":"https:\/\/schema.org","@graph":[{"@type":"WebPage","@id":"https:\/\/auren.com\/cl\/videos\/auren-30-anos\/","url":"https:\/\/auren.com\/cl\/videos\/auren-30-anos\/","name":"\u00bfCu\u00e1l es el l\u00edmite a la libertad de expresi\u00f3n en redes sociales? | Jos\u00e9 Ignacio G\u00f3mez Santano - Auren Chile","isPartOf":{"@id":"https:\/\/auren.com\/cl\/#website"},"datePublished":"2026-08-27T15:02:27+00:00","dateModified":"2026-08-27T15:05:55+00:00","breadcrumb":{"@id":"https:\/\/auren.com\/cl\/videos\/auren-30-anos\/#breadcrumb"},"inLanguage":"es","potentialAction":[{"@type":"ReadAction","target":["https:\/\/auren.com\/cl\/videos\/auren-30-anos\/"]}]},{"@type":"BreadcrumbList","@id":"https:\/\/auren.com\/cl\/videos\/auren-30-anos\/#breadcrumb","itemListElement":[{"@type":"ListItem","position":1,"name":"Portada","item":"https:\/\/auren.com\/cl\/"},{"@type":"ListItem","position":2,"name":"Auren 30 a\u00f1os"}]},{"@type":"WebSite","@id":"https:\/\/auren.com\/cl\/#website","url":"https:\/\/auren.com\/cl\/","name":"Auren Chile","description":"","publisher":{"@id":"https:\/\/auren.com\/cl\/#organization"},"potentialAction":[{"@type":"SearchAction","target":{"@type":"EntryPoint","urlTemplate":"https:\/\/auren.com\/cl\/?s={search_term_string}"},"query-input":{"@type":"PropertyValueSpecification","valueRequired":true,"valueName":"search_term_string"}}],"inLanguage":"es"},{"@type":"Organization","@id":"https:\/\/auren.com\/cl\/#organization","name":"Auren Chile","url":"https:\/\/auren.com\/cl\/","logo":{"@type":"ImageObject","inLanguage":"es","@id":"https:\/\/auren.com\/cl\/#\/schema\/logo\/image\/","url":"https:\/\/auren.com\/cl\/wp-content\/uploads\/2025\/01\/cropped-cropped-favicon-Auren.png","contentUrl":"https:\/\/auren.com\/cl\/wp-content\/uploads\/2025\/01\/cropped-cropped-favicon-Auren.png","width":512,"height":512,"caption":"Auren Chile"},"image":{"@id":"https:\/\/auren.com\/cl\/#\/schema\/logo\/image\/"},"sameAs":["https:\/\/www.facebook.com\/Auren-Chile-102082852427361\/","https:\/\/x.com\/aurenchile","https:\/\/cl.linkedin.com\/company\/aurengroupchile","https:\/\/www.youtube.com\/channel\/UC1INxEQ1wu0Jy5-btcBdzdA","https:\/\/www.instagram.com\/auren.chile\/"]}]}},"_links":{"self":[{"href":"https:\/\/auren.com\/cl\/wp-json\/wp\/v2\/video-podcast\/26262","targetHints":{"allow":["GET"]}}],"collection":[{"href":"https:\/\/auren.com\/cl\/wp-json\/wp\/v2\/video-podcast"}],"about":[{"href":"https:\/\/auren.com\/cl\/wp-json\/wp\/v2\/types\/video-podcast"}],"version-history":[{"count":0,"href":"https:\/\/auren.com\/cl\/wp-json\/wp\/v2\/video-podcast\/26262\/revisions"}],"wp:attachment":[{"href":"https:\/\/auren.com\/cl\/wp-json\/wp\/v2\/media?parent=26262"}],"wp:term":[{"taxonomy":"video-podcast-category","embeddable":true,"href":"https:\/\/auren.com\/cl\/wp-json\/wp\/v2\/video-podcast-category?post=26262"}],"curies":[{"name":"wp","href":"https:\/\/api.w.org\/{rel}","templated":true}]}}

Auren 30 años

<div class="auren-youtube-cookie-gate"><div class="auren-youtube-cookie-placeholder cookieconsent-optout-marketing"><img class="auren-youtube-cookie-logo" src="https://auren.com/cl/wp-content/uploads/2025/05/logo-auren-2.svg" alt="Auren Chile"><p class="auren-youtube-cookie-message">Please accept the marketing cookies to view this video.</p></div><iframe class="cookieconsent-optin-marketing" type="text/plain" data-cookieconsent="marketing" data-src="https://www.youtube.com/embed/b4od1dUvSRU?rel=0" loading="lazy" width="1337" height="752"  title="Auren Chile: 30 Años de Confianza, Excelencia y Trabajo en Equipo" frameborder="0" allow="accelerometer; autoplay; clipboard-write; encrypted-media; gyroscope; picture-in-picture; web-share" referrerpolicy="strict-origin-when-cross-origin" allowfullscreen></iframe></div>



<p class="wp-block-paragraph">Hace tres décadas, Mario Cayupán y Cecilia Pérez iniciaron un proyecto fundado en la confianza, el profesionalismo y la pasión por la contabilidad y auditoría. Lo que comenzó como un sueño creció gracias al esfuerzo de un gran equipo y a la convicción de que cada desafío es una oportunidad para crecer.<br><br>Hoy consolidamos nuestra presencia en distintas regiones del país con una cultura basada en la cercanía, la excelencia y el trabajo en equipo. Nada de esto habría sido posible sin nuestros colaboradores, socios, clientes y amigos, quienes han dejado una huella imborrable en cada etapa.<br><br>Miramos al futuro con la misma esencia y el firme compromiso de seguir generando impacto. Porque tenemos claro que, más que una empresa, somos una comunidad construida por personas.<br><br>¡Gracias por ser parte de estos 30 años de éxito compartido!</p>

<p>Celebramos 30 años de historia, aprendizajes y metas cumplidas en Auren Chile! 🇨🇱</p>

<!-- This site is optimized with the Yoast SEO plugin v28.3 - https://yoast.com/product/yoast-seo-wordpress/ -->
<title>¿Cuál es el límite a la libertad de expresión en redes sociales? | José Ignacio Gómez Santano - Auren Chile</title>
<meta name="robots" content="index, follow, max-snippet:-1, max-image-preview:large, max-video-preview:-1" />
<link rel="canonical" href="https://auren.com/cl/videos/auren-30-anos/" />
<meta property="og:locale" content="es_ES" />
<meta property="og:type" content="article" />
<meta property="og:title" content="¿Cuál es el límite a la libertad de expresión en redes sociales? | José Ignacio Gómez Santano - Auren Chile" />
<meta property="og:description" content="Celebramos 30 años de historia, aprendizajes y metas cumplidas en Auren Chile! 🇨🇱" />
<meta property="og:url" content="https://auren.com/cl/videos/auren-30-anos/" />
<meta property="og:site_name" content="Auren Chile" />
<meta property="article:publisher" content="https://www.facebook.com/Auren-Chile-102082852427361/" />
<meta property="article:modified_time" content="2026-08-27T15:05:55+00:00" />
<meta name="twitter:card" content="summary_large_image" />
<meta name="twitter:site" content="@aurenchile" />
<meta name="twitter:label1" content="Tiempo de lectura" />
	<meta name="twitter:data1" content="1 minuto" />
<script type="application/ld+json" class="yoast-schema-graph">{"@context":"https:\/\/schema.org","@graph":[{"@type":"WebPage","@id":"https:\/\/auren.com\/cl\/videos\/auren-30-anos\/","url":"https:\/\/auren.com\/cl\/videos\/auren-30-anos\/","name":"¿Cuál es el límite a la libertad de expresión en redes sociales? | José Ignacio Gómez Santano - Auren Chile","isPartOf":{"@id":"https:\/\/auren.com\/cl\/#website"},"datePublished":"2026-08-27T15:02:27+00:00","dateModified":"2026-08-27T15:05:55+00:00","breadcrumb":{"@id":"https:\/\/auren.com\/cl\/videos\/auren-30-anos\/#breadcrumb"},"inLanguage":"es","potentialAction":[{"@type":"ReadAction","target":["https:\/\/auren.com\/cl\/videos\/auren-30-anos\/"]}]},{"@type":"BreadcrumbList","@id":"https:\/\/auren.com\/cl\/videos\/auren-30-anos\/#breadcrumb","itemListElement":[{"@type":"ListItem","position":1,"name":"Portada","item":"https:\/\/auren.com\/cl\/"},{"@type":"ListItem","position":2,"name":"Auren 30 años"}]},{"@type":"WebSite","@id":"https:\/\/auren.com\/cl\/#website","url":"https:\/\/auren.com\/cl\/","name":"Auren Chile","description":"","publisher":{"@id":"https:\/\/auren.com\/cl\/#organization"},"potentialAction":[{"@type":"SearchAction","target":{"@type":"EntryPoint","urlTemplate":"https:\/\/auren.com\/cl\/?s={search_term_string}"},"query-input":{"@type":"PropertyValueSpecification","valueRequired":true,"valueName":"search_term_string"}}],"inLanguage":"es"},{"@type":"Organization","@id":"https:\/\/auren.com\/cl\/#organization","name":"Auren Chile","url":"https:\/\/auren.com\/cl\/","logo":{"@type":"ImageObject","inLanguage":"es","@id":"https:\/\/auren.com\/cl\/#\/schema\/logo\/image\/","url":"https:\/\/auren.com\/cl\/wp-content\/uploads\/2025\/01\/cropped-cropped-favicon-Auren.png","contentUrl":"https:\/\/auren.com\/cl\/wp-content\/uploads\/2025\/01\/cropped-cropped-favicon-Auren.png","width":512,"height":512,"caption":"Auren Chile"},"image":{"@id":"https:\/\/auren.com\/cl\/#\/schema\/logo\/image\/"},"sameAs":["https:\/\/www.facebook.com\/Auren-Chile-102082852427361\/","https:\/\/x.com\/aurenchile","https:\/\/cl.linkedin.com\/company\/aurengroupchile","https:\/\/www.youtube.com\/channel\/UC1INxEQ1wu0Jy5-btcBdzdA","https:\/\/www.instagram.com\/auren.chile\/"]}]}</script>
<!-- / Yoast SEO plugin. -->

¿Cuál es el límite a la libertad de expresión en redes sociales? | José Ignacio Gómez Santano - Auren Chile

Celebramos 30 años de historia, aprendizajes y metas cumplidas en Auren Chile! 🇨🇱
