{"id":15251,"date":"2014-10-30T08:15:42","date_gmt":"2014-10-30T07:15:42","guid":{"rendered":"https:\/\/auren.com\/co\/global-new\/cartagena-de-indias-acoge-la-convencion-internacional-de-auren\/"},"modified":"2014-10-30T08:15:42","modified_gmt":"2014-10-30T07:15:42","slug":"cartagena-de-indias-acoge-la-convencion-internacional-de-auren","status":"publish","type":"global-new","link":"https:\/\/auren.com\/co\/global-new\/cartagena-de-indias-acoge-la-convencion-internacional-de-auren\/","title":{"rendered":"Cartagena de Indias acoge la Convenci\u00f3n Internacional de Auren"},"content":{"rendered":"<h1>Cartagena de Indias acoge la Convenci\u00f3n Internacional de Auren<br \/><\/h1>\n<p>La ciudad colombiana de Cartagena de Indias acogi\u00f3 el pasado 16 de octubre la VIII convenci\u00f3n internacional de AUREN. A la cita acudieron cerca de 50 miembros de las oficinas de Europa y Latinoam\u00e9rica. El evento fue aprovechado por los presidentes Mario Alonso y Antoni G\u00f3mez (AUREN Internacional) para presentar la nueva imagen de la firma.<\/p>\n<p>Durante la convenci\u00f3n se desarrollaron sesiones t\u00e9cnicas de Auditor\u00eda, Fiscalidad, Consultor\u00eda y Finanzas Corporativas. Del mismo modo, se debatieron las perspectivas de futuro de la Auditor\u00eda, y de forma especial las dificultades e implicaciones que tiene la implantaci\u00f3n de las Normas Internacionales de Auditor\u00eda para las firmas profesionales.<\/p>\n<p><!-- AddThis Advanced Settings generic via filter on the_content --><!-- AddThis Share Buttons generic via filter on the_content --><\/p>\n","protected":false},"excerpt":{"rendered":"<p>El evento fue aprovechado para presentar la nueva imagen de Auren<\/p>\n","protected":false},"featured_media":12507,"template":"","meta":{"_acf_changed":false},"global-new-category":[],"class_list":["post-15251","global-new","type-global-new","status-publish","has-post-thumbnail","hentry"],"acf":[],"yoast_head":"<!-- This site is optimized with the Yoast SEO plugin v27.5 - https:\/\/yoast.com\/product\/yoast-seo-wordpress\/ -->\n<title>Cartagena de Indias acoge la Convenci\u00f3n Internacional de Auren - Auren Colombia<\/title>\n<meta name=\"robots\" content=\"index, follow, max-snippet:-1, max-image-preview:large, max-video-preview:-1\" \/>\n<link rel=\"canonical\" href=\"https:\/\/auren.com\/co\/global-new\/cartagena-de-indias-acoge-la-convencion-internacional-de-auren\/\" \/>\n<meta property=\"og:locale\" content=\"es_ES\" \/>\n<meta property=\"og:type\" content=\"article\" \/>\n<meta property=\"og:title\" content=\"Cartagena de Indias acoge la Convenci\u00f3n Internacional de Auren - Auren Colombia\" \/>\n<meta property=\"og:description\" content=\"El evento fue aprovechado para presentar la nueva imagen de Auren\" \/>\n<meta property=\"og:url\" content=\"https:\/\/auren.com\/co\/global-new\/cartagena-de-indias-acoge-la-convencion-internacional-de-auren\/\" \/>\n<meta property=\"og:site_name\" content=\"Auren Colombia\" \/>\n<meta name=\"twitter:card\" content=\"summary_large_image\" \/>\n<meta name=\"twitter:site\" content=\"@AurenColombia\" \/>\n<meta name=\"twitter:label1\" content=\"Tiempo de lectura\" \/>\n\t<meta name=\"twitter:data1\" content=\"1 minuto\" \/>\n<script type=\"application\/ld+json\" class=\"yoast-schema-graph\">{\"@context\":\"https:\\\/\\\/schema.org\",\"@graph\":[{\"@type\":\"WebPage\",\"@id\":\"https:\\\/\\\/auren.com\\\/co\\\/global-new\\\/cartagena-de-indias-acoge-la-convencion-internacional-de-auren\\\/\",\"url\":\"https:\\\/\\\/auren.com\\\/co\\\/global-new\\\/cartagena-de-indias-acoge-la-convencion-internacional-de-auren\\\/\",\"name\":\"Cartagena de Indias acoge la Convenci\u00f3n Internacional de Auren - Auren Colombia\",\"isPartOf\":{\"@id\":\"https:\\\/\\\/auren.com\\\/co\\\/#website\"},\"primaryImageOfPage\":{\"@id\":\"https:\\\/\\\/auren.com\\\/co\\\/global-new\\\/cartagena-de-indias-acoge-la-convencion-internacional-de-auren\\\/#primaryimage\"},\"image\":{\"@id\":\"https:\\\/\\\/auren.com\\\/co\\\/global-new\\\/cartagena-de-indias-acoge-la-convencion-internacional-de-auren\\\/#primaryimage\"},\"thumbnailUrl\":\"https:\\\/\\\/auren.com\\\/co\\\/wp-content\\\/uploads\\\/global\\\/2014\\\/10\\\/900x520_01-3.jpg\",\"datePublished\":\"2014-10-30T07:15:42+00:00\",\"breadcrumb\":{\"@id\":\"https:\\\/\\\/auren.com\\\/co\\\/global-new\\\/cartagena-de-indias-acoge-la-convencion-internacional-de-auren\\\/#breadcrumb\"},\"inLanguage\":\"es\",\"potentialAction\":[{\"@type\":\"ReadAction\",\"target\":[\"https:\\\/\\\/auren.com\\\/co\\\/global-new\\\/cartagena-de-indias-acoge-la-convencion-internacional-de-auren\\\/\"]}]},{\"@type\":\"ImageObject\",\"inLanguage\":\"es\",\"@id\":\"https:\\\/\\\/auren.com\\\/co\\\/global-new\\\/cartagena-de-indias-acoge-la-convencion-internacional-de-auren\\\/#primaryimage\",\"url\":\"https:\\\/\\\/auren.com\\\/co\\\/wp-content\\\/uploads\\\/global\\\/2014\\\/10\\\/900x520_01-3.jpg\",\"contentUrl\":\"https:\\\/\\\/auren.com\\\/co\\\/wp-content\\\/uploads\\\/global\\\/2014\\\/10\\\/900x520_01-3.jpg\",\"width\":900,\"height\":520},{\"@type\":\"BreadcrumbList\",\"@id\":\"https:\\\/\\\/auren.com\\\/co\\\/global-new\\\/cartagena-de-indias-acoge-la-convencion-internacional-de-auren\\\/#breadcrumb\",\"itemListElement\":[{\"@type\":\"ListItem\",\"position\":1,\"name\":\"Portada\",\"item\":\"https:\\\/\\\/auren.com\\\/co\\\/\"},{\"@type\":\"ListItem\",\"position\":2,\"name\":\"Cartagena de Indias acoge la Convenci\u00f3n Internacional de Auren\"}]},{\"@type\":\"WebSite\",\"@id\":\"https:\\\/\\\/auren.com\\\/co\\\/#website\",\"url\":\"https:\\\/\\\/auren.com\\\/co\\\/\",\"name\":\"Auren Colombia\",\"description\":\"\",\"publisher\":{\"@id\":\"https:\\\/\\\/auren.com\\\/co\\\/#organization\"},\"potentialAction\":[{\"@type\":\"SearchAction\",\"target\":{\"@type\":\"EntryPoint\",\"urlTemplate\":\"https:\\\/\\\/auren.com\\\/co\\\/?s={search_term_string}\"},\"query-input\":{\"@type\":\"PropertyValueSpecification\",\"valueRequired\":true,\"valueName\":\"search_term_string\"}}],\"inLanguage\":\"es\"},{\"@type\":\"Organization\",\"@id\":\"https:\\\/\\\/auren.com\\\/co\\\/#organization\",\"name\":\"Auren Colombia\",\"url\":\"https:\\\/\\\/auren.com\\\/co\\\/\",\"logo\":{\"@type\":\"ImageObject\",\"inLanguage\":\"es\",\"@id\":\"https:\\\/\\\/auren.com\\\/co\\\/#\\\/schema\\\/logo\\\/image\\\/\",\"url\":\"https:\\\/\\\/auren.com\\\/co\\\/wp-content\\\/uploads\\\/2025\\\/01\\\/cropped-cropped-favicon-Auren.png\",\"contentUrl\":\"https:\\\/\\\/auren.com\\\/co\\\/wp-content\\\/uploads\\\/2025\\\/01\\\/cropped-cropped-favicon-Auren.png\",\"width\":512,\"height\":512,\"caption\":\"Auren Colombia\"},\"image\":{\"@id\":\"https:\\\/\\\/auren.com\\\/co\\\/#\\\/schema\\\/logo\\\/image\\\/\"},\"sameAs\":[\"https:\\\/\\\/x.com\\\/AurenColombia\",\"https:\\\/\\\/www.instagram.com\\\/aurencolombia\\\/\",\"https:\\\/\\\/www.youtube.com\\\/channel\\\/UCRYoGRMR_k4oVWesdErApmA\",\"https:\\\/\\\/www.linkedin.com\\\/company\\\/auren-colombia\"]}]}<\/script>\n<!-- \/ Yoast SEO plugin. -->","yoast_head_json":{"title":"Cartagena de Indias acoge la Convenci\u00f3n Internacional de Auren - Auren Colombia","robots":{"index":"index","follow":"follow","max-snippet":"max-snippet:-1","max-image-preview":"max-image-preview:large","max-video-preview":"max-video-preview:-1"},"canonical":"https:\/\/auren.com\/co\/global-new\/cartagena-de-indias-acoge-la-convencion-internacional-de-auren\/","og_locale":"es_ES","og_type":"article","og_title":"Cartagena de Indias acoge la Convenci\u00f3n Internacional de Auren - Auren Colombia","og_description":"El evento fue aprovechado para presentar la nueva imagen de Auren","og_url":"https:\/\/auren.com\/co\/global-new\/cartagena-de-indias-acoge-la-convencion-internacional-de-auren\/","og_site_name":"Auren Colombia","twitter_card":"summary_large_image","twitter_site":"@AurenColombia","twitter_misc":{"Tiempo de lectura":"1 minuto"},"schema":{"@context":"https:\/\/schema.org","@graph":[{"@type":"WebPage","@id":"https:\/\/auren.com\/co\/global-new\/cartagena-de-indias-acoge-la-convencion-internacional-de-auren\/","url":"https:\/\/auren.com\/co\/global-new\/cartagena-de-indias-acoge-la-convencion-internacional-de-auren\/","name":"Cartagena de Indias acoge la Convenci\u00f3n Internacional de Auren - Auren Colombia","isPartOf":{"@id":"https:\/\/auren.com\/co\/#website"},"primaryImageOfPage":{"@id":"https:\/\/auren.com\/co\/global-new\/cartagena-de-indias-acoge-la-convencion-internacional-de-auren\/#primaryimage"},"image":{"@id":"https:\/\/auren.com\/co\/global-new\/cartagena-de-indias-acoge-la-convencion-internacional-de-auren\/#primaryimage"},"thumbnailUrl":"https:\/\/auren.com\/co\/wp-content\/uploads\/global\/2014\/10\/900x520_01-3.jpg","datePublished":"2014-10-30T07:15:42+00:00","breadcrumb":{"@id":"https:\/\/auren.com\/co\/global-new\/cartagena-de-indias-acoge-la-convencion-internacional-de-auren\/#breadcrumb"},"inLanguage":"es","potentialAction":[{"@type":"ReadAction","target":["https:\/\/auren.com\/co\/global-new\/cartagena-de-indias-acoge-la-convencion-internacional-de-auren\/"]}]},{"@type":"ImageObject","inLanguage":"es","@id":"https:\/\/auren.com\/co\/global-new\/cartagena-de-indias-acoge-la-convencion-internacional-de-auren\/#primaryimage","url":"https:\/\/auren.com\/co\/wp-content\/uploads\/global\/2014\/10\/900x520_01-3.jpg","contentUrl":"https:\/\/auren.com\/co\/wp-content\/uploads\/global\/2014\/10\/900x520_01-3.jpg","width":900,"height":520},{"@type":"BreadcrumbList","@id":"https:\/\/auren.com\/co\/global-new\/cartagena-de-indias-acoge-la-convencion-internacional-de-auren\/#breadcrumb","itemListElement":[{"@type":"ListItem","position":1,"name":"Portada","item":"https:\/\/auren.com\/co\/"},{"@type":"ListItem","position":2,"name":"Cartagena de Indias acoge la Convenci\u00f3n Internacional de Auren"}]},{"@type":"WebSite","@id":"https:\/\/auren.com\/co\/#website","url":"https:\/\/auren.com\/co\/","name":"Auren Colombia","description":"","publisher":{"@id":"https:\/\/auren.com\/co\/#organization"},"potentialAction":[{"@type":"SearchAction","target":{"@type":"EntryPoint","urlTemplate":"https:\/\/auren.com\/co\/?s={search_term_string}"},"query-input":{"@type":"PropertyValueSpecification","valueRequired":true,"valueName":"search_term_string"}}],"inLanguage":"es"},{"@type":"Organization","@id":"https:\/\/auren.com\/co\/#organization","name":"Auren Colombia","url":"https:\/\/auren.com\/co\/","logo":{"@type":"ImageObject","inLanguage":"es","@id":"https:\/\/auren.com\/co\/#\/schema\/logo\/image\/","url":"https:\/\/auren.com\/co\/wp-content\/uploads\/2025\/01\/cropped-cropped-favicon-Auren.png","contentUrl":"https:\/\/auren.com\/co\/wp-content\/uploads\/2025\/01\/cropped-cropped-favicon-Auren.png","width":512,"height":512,"caption":"Auren Colombia"},"image":{"@id":"https:\/\/auren.com\/co\/#\/schema\/logo\/image\/"},"sameAs":["https:\/\/x.com\/AurenColombia","https:\/\/www.instagram.com\/aurencolombia\/","https:\/\/www.youtube.com\/channel\/UCRYoGRMR_k4oVWesdErApmA","https:\/\/www.linkedin.com\/company\/auren-colombia"]}]}},"_links":{"self":[{"href":"https:\/\/auren.com\/co\/wp-json\/wp\/v2\/global-new\/15251","targetHints":{"allow":["GET"]}}],"collection":[{"href":"https:\/\/auren.com\/co\/wp-json\/wp\/v2\/global-new"}],"about":[{"href":"https:\/\/auren.com\/co\/wp-json\/wp\/v2\/types\/global-new"}],"wp:featuredmedia":[{"embeddable":true,"href":"https:\/\/auren.com\/co\/wp-json\/wp\/v2\/media\/12507"}],"wp:attachment":[{"href":"https:\/\/auren.com\/co\/wp-json\/wp\/v2\/media?parent=15251"}],"wp:term":[{"taxonomy":"global-new-category","embeddable":true,"href":"https:\/\/auren.com\/co\/wp-json\/wp\/v2\/global-new-category?post=15251"}],"curies":[{"name":"wp","href":"https:\/\/api.w.org\/{rel}","templated":true}]}}

Cartagena de Indias acoge la Convención Internacional de Auren

<h1>Cartagena de Indias acoge la Convención Internacional de Auren<br /></h1>
<p>La ciudad colombiana de Cartagena de Indias acogió el pasado 16 de octubre la VIII convención internacional de AUREN. A la cita acudieron cerca de 50 miembros de las oficinas de Europa y Latinoamérica. El evento fue aprovechado por los presidentes Mario Alonso y Antoni Gómez (AUREN Internacional) para presentar la nueva imagen de la firma.</p>
<p>Durante la convención se desarrollaron sesiones técnicas de Auditoría, Fiscalidad, Consultoría y Finanzas Corporativas. Del mismo modo, se debatieron las perspectivas de futuro de la Auditoría, y de forma especial las dificultades e implicaciones que tiene la implantación de las Normas Internacionales de Auditoría para las firmas profesionales.</p>
<p><!-- AddThis Advanced Settings generic via filter on the_content --><!-- AddThis Share Buttons generic via filter on the_content --></p>

<!-- This site is optimized with the Yoast SEO plugin v27.5 - https://yoast.com/product/yoast-seo-wordpress/ -->
<title>Cartagena de Indias acoge la Convención Internacional de Auren - Auren Colombia</title>
<meta name="robots" content="index, follow, max-snippet:-1, max-image-preview:large, max-video-preview:-1" />
<link rel="canonical" href="https://auren.com/co/global-new/cartagena-de-indias-acoge-la-convencion-internacional-de-auren/" />
<meta property="og:locale" content="es_ES" />
<meta property="og:type" content="article" />
<meta property="og:title" content="Cartagena de Indias acoge la Convención Internacional de Auren - Auren Colombia" />
<meta property="og:description" content="El evento fue aprovechado para presentar la nueva imagen de Auren" />
<meta property="og:url" content="https://auren.com/co/global-new/cartagena-de-indias-acoge-la-convencion-internacional-de-auren/" />
<meta property="og:site_name" content="Auren Colombia" />
<meta name="twitter:card" content="summary_large_image" />
<meta name="twitter:site" content="@AurenColombia" />
<meta name="twitter:label1" content="Tiempo de lectura" />
	<meta name="twitter:data1" content="1 minuto" />
<script type="application/ld+json" class="yoast-schema-graph">{"@context":"https:\/\/schema.org","@graph":[{"@type":"WebPage","@id":"https:\/\/auren.com\/co\/global-new\/cartagena-de-indias-acoge-la-convencion-internacional-de-auren\/","url":"https:\/\/auren.com\/co\/global-new\/cartagena-de-indias-acoge-la-convencion-internacional-de-auren\/","name":"Cartagena de Indias acoge la Convención Internacional de Auren - Auren Colombia","isPartOf":{"@id":"https:\/\/auren.com\/co\/#website"},"primaryImageOfPage":{"@id":"https:\/\/auren.com\/co\/global-new\/cartagena-de-indias-acoge-la-convencion-internacional-de-auren\/#primaryimage"},"image":{"@id":"https:\/\/auren.com\/co\/global-new\/cartagena-de-indias-acoge-la-convencion-internacional-de-auren\/#primaryimage"},"thumbnailUrl":"https:\/\/auren.com\/co\/wp-content\/uploads\/global\/2014\/10\/900x520_01-3.jpg","datePublished":"2014-10-30T07:15:42+00:00","breadcrumb":{"@id":"https:\/\/auren.com\/co\/global-new\/cartagena-de-indias-acoge-la-convencion-internacional-de-auren\/#breadcrumb"},"inLanguage":"es","potentialAction":[{"@type":"ReadAction","target":["https:\/\/auren.com\/co\/global-new\/cartagena-de-indias-acoge-la-convencion-internacional-de-auren\/"]}]},{"@type":"ImageObject","inLanguage":"es","@id":"https:\/\/auren.com\/co\/global-new\/cartagena-de-indias-acoge-la-convencion-internacional-de-auren\/#primaryimage","url":"https:\/\/auren.com\/co\/wp-content\/uploads\/global\/2014\/10\/900x520_01-3.jpg","contentUrl":"https:\/\/auren.com\/co\/wp-content\/uploads\/global\/2014\/10\/900x520_01-3.jpg","width":900,"height":520},{"@type":"BreadcrumbList","@id":"https:\/\/auren.com\/co\/global-new\/cartagena-de-indias-acoge-la-convencion-internacional-de-auren\/#breadcrumb","itemListElement":[{"@type":"ListItem","position":1,"name":"Portada","item":"https:\/\/auren.com\/co\/"},{"@type":"ListItem","position":2,"name":"Cartagena de Indias acoge la Convención Internacional de Auren"}]},{"@type":"WebSite","@id":"https:\/\/auren.com\/co\/#website","url":"https:\/\/auren.com\/co\/","name":"Auren Colombia","description":"","publisher":{"@id":"https:\/\/auren.com\/co\/#organization"},"potentialAction":[{"@type":"SearchAction","target":{"@type":"EntryPoint","urlTemplate":"https:\/\/auren.com\/co\/?s={search_term_string}"},"query-input":{"@type":"PropertyValueSpecification","valueRequired":true,"valueName":"search_term_string"}}],"inLanguage":"es"},{"@type":"Organization","@id":"https:\/\/auren.com\/co\/#organization","name":"Auren Colombia","url":"https:\/\/auren.com\/co\/","logo":{"@type":"ImageObject","inLanguage":"es","@id":"https:\/\/auren.com\/co\/#\/schema\/logo\/image\/","url":"https:\/\/auren.com\/co\/wp-content\/uploads\/2025\/01\/cropped-cropped-favicon-Auren.png","contentUrl":"https:\/\/auren.com\/co\/wp-content\/uploads\/2025\/01\/cropped-cropped-favicon-Auren.png","width":512,"height":512,"caption":"Auren Colombia"},"image":{"@id":"https:\/\/auren.com\/co\/#\/schema\/logo\/image\/"},"sameAs":["https:\/\/x.com\/AurenColombia","https:\/\/www.instagram.com\/aurencolombia\/","https:\/\/www.youtube.com\/channel\/UCRYoGRMR_k4oVWesdErApmA","https:\/\/www.linkedin.com\/company\/auren-colombia"]}]}</script>
<!-- / Yoast SEO plugin. -->

Cartagena de Indias acoge la Convención Internacional de Auren - Auren Colombia
