{"id":15415,"date":"2015-10-20T07:54:38","date_gmt":"2015-10-20T05:54:38","guid":{"rendered":"https:\/\/auren.com\/co\/global-new\/roma-acoge-la-9a-convencion-internacional-de-auren\/"},"modified":"2015-10-20T07:54:38","modified_gmt":"2015-10-20T05:54:38","slug":"roma-acoge-la-9a-convencion-internacional-de-auren","status":"publish","type":"global-new","link":"https:\/\/auren.com\/co\/global-new\/roma-acoge-la-9a-convencion-internacional-de-auren\/","title":{"rendered":"Roma acoge la 9\u00aa convenci\u00f3n internacional de Auren"},"content":{"rendered":"<p><img decoding=\"async\" style=\"float: left;margin: 0px 10px 10px 0px\" alt=\"\" data-src=\"http:\/\/www.auren.com\/uploads\/images\/originals\/1477.png\" src=\"data:image\/svg+xml;base64,PHN2ZyB3aWR0aD0iMSIgaGVpZ2h0PSIxIiB4bWxucz0iaHR0cDovL3d3dy53My5vcmcvMjAwMC9zdmciPjwvc3ZnPg==\" class=\"lazyload\"><\/p>\n<p>Adem\u00e1s de compartir los \u00faltimos acontecimientos y novedades a nivel internacional, buena parte de la agenda de trabajo se centrar\u00e1 en la presentaci\u00f3n de los avances del nuevo plan estrat\u00e9gico internacional 2016-2020.<\/p>\n<p>La convenci\u00f3n estar\u00e1 encabezada por el presidente de Auren Internacional, Antoni G\u00f3mez y el presidente de Auren, Mario Alonso.<\/p>\n<p><!-- AddThis Advanced Settings generic via filter on the_content --><!-- AddThis Share Buttons generic via filter on the_content --><\/p>\n","protected":false},"excerpt":{"rendered":"<p>Roma acoge este jueves la 9\u00aa Convenci\u00f3n de Auren Internacional con la presencia de m\u00e1s de 40 socios de los diferentes pa\u00edses donde Auren tiene oficinas. <\/p>\n","protected":false},"featured_media":12435,"template":"","meta":{"_acf_changed":false},"global-new-category":[],"class_list":["post-15415","global-new","type-global-new","status-publish","has-post-thumbnail","hentry"],"acf":[],"yoast_head":"<!-- This site is optimized with the Yoast SEO plugin v27.4 - https:\/\/yoast.com\/product\/yoast-seo-wordpress\/ -->\n<title>Roma acoge la 9\u00aa convenci\u00f3n internacional de Auren - Auren Colombia<\/title>\n<meta name=\"robots\" content=\"index, follow, max-snippet:-1, max-image-preview:large, max-video-preview:-1\" \/>\n<link rel=\"canonical\" href=\"https:\/\/auren.com\/co\/global-new\/roma-acoge-la-9a-convencion-internacional-de-auren\/\" \/>\n<meta property=\"og:locale\" content=\"es_ES\" \/>\n<meta property=\"og:type\" content=\"article\" \/>\n<meta property=\"og:title\" content=\"Roma acoge la 9\u00aa convenci\u00f3n internacional de Auren - Auren Colombia\" \/>\n<meta property=\"og:description\" content=\"Roma acoge este jueves la 9\u00aa Convenci\u00f3n de Auren Internacional con la presencia de m\u00e1s de 40 socios de los diferentes pa\u00edses donde Auren tiene oficinas.\" \/>\n<meta property=\"og:url\" content=\"https:\/\/auren.com\/co\/global-new\/roma-acoge-la-9a-convencion-internacional-de-auren\/\" \/>\n<meta property=\"og:site_name\" content=\"Auren Colombia\" \/>\n<meta property=\"og:image\" content=\"http:\/\/www.auren.com\/uploads\/images\/originals\/1477.png\" \/>\n<meta name=\"twitter:card\" content=\"summary_large_image\" \/>\n<meta name=\"twitter:site\" content=\"@AurenColombia\" \/>\n<script type=\"application\/ld+json\" class=\"yoast-schema-graph\">{\"@context\":\"https:\\\/\\\/schema.org\",\"@graph\":[{\"@type\":\"WebPage\",\"@id\":\"https:\\\/\\\/auren.com\\\/co\\\/global-new\\\/roma-acoge-la-9a-convencion-internacional-de-auren\\\/\",\"url\":\"https:\\\/\\\/auren.com\\\/co\\\/global-new\\\/roma-acoge-la-9a-convencion-internacional-de-auren\\\/\",\"name\":\"Roma acoge la 9\u00aa convenci\u00f3n internacional de Auren - Auren Colombia\",\"isPartOf\":{\"@id\":\"https:\\\/\\\/auren.com\\\/co\\\/#website\"},\"primaryImageOfPage\":{\"@id\":\"https:\\\/\\\/auren.com\\\/co\\\/global-new\\\/roma-acoge-la-9a-convencion-internacional-de-auren\\\/#primaryimage\"},\"image\":{\"@id\":\"https:\\\/\\\/auren.com\\\/co\\\/global-new\\\/roma-acoge-la-9a-convencion-internacional-de-auren\\\/#primaryimage\"},\"thumbnailUrl\":\"https:\\\/\\\/auren.com\\\/co\\\/wp-content\\\/uploads\\\/global\\\/2015\\\/10\\\/900x520_03-1.jpg\",\"datePublished\":\"2015-10-20T05:54:38+00:00\",\"breadcrumb\":{\"@id\":\"https:\\\/\\\/auren.com\\\/co\\\/global-new\\\/roma-acoge-la-9a-convencion-internacional-de-auren\\\/#breadcrumb\"},\"inLanguage\":\"es\",\"potentialAction\":[{\"@type\":\"ReadAction\",\"target\":[\"https:\\\/\\\/auren.com\\\/co\\\/global-new\\\/roma-acoge-la-9a-convencion-internacional-de-auren\\\/\"]}]},{\"@type\":\"ImageObject\",\"inLanguage\":\"es\",\"@id\":\"https:\\\/\\\/auren.com\\\/co\\\/global-new\\\/roma-acoge-la-9a-convencion-internacional-de-auren\\\/#primaryimage\",\"url\":\"https:\\\/\\\/auren.com\\\/co\\\/wp-content\\\/uploads\\\/global\\\/2015\\\/10\\\/900x520_03-1.jpg\",\"contentUrl\":\"https:\\\/\\\/auren.com\\\/co\\\/wp-content\\\/uploads\\\/global\\\/2015\\\/10\\\/900x520_03-1.jpg\",\"width\":900,\"height\":520},{\"@type\":\"BreadcrumbList\",\"@id\":\"https:\\\/\\\/auren.com\\\/co\\\/global-new\\\/roma-acoge-la-9a-convencion-internacional-de-auren\\\/#breadcrumb\",\"itemListElement\":[{\"@type\":\"ListItem\",\"position\":1,\"name\":\"Portada\",\"item\":\"https:\\\/\\\/auren.com\\\/co\\\/\"},{\"@type\":\"ListItem\",\"position\":2,\"name\":\"Roma acoge la 9\u00aa convenci\u00f3n internacional de Auren\"}]},{\"@type\":\"WebSite\",\"@id\":\"https:\\\/\\\/auren.com\\\/co\\\/#website\",\"url\":\"https:\\\/\\\/auren.com\\\/co\\\/\",\"name\":\"Auren Colombia\",\"description\":\"\",\"publisher\":{\"@id\":\"https:\\\/\\\/auren.com\\\/co\\\/#organization\"},\"potentialAction\":[{\"@type\":\"SearchAction\",\"target\":{\"@type\":\"EntryPoint\",\"urlTemplate\":\"https:\\\/\\\/auren.com\\\/co\\\/?s={search_term_string}\"},\"query-input\":{\"@type\":\"PropertyValueSpecification\",\"valueRequired\":true,\"valueName\":\"search_term_string\"}}],\"inLanguage\":\"es\"},{\"@type\":\"Organization\",\"@id\":\"https:\\\/\\\/auren.com\\\/co\\\/#organization\",\"name\":\"Auren Colombia\",\"url\":\"https:\\\/\\\/auren.com\\\/co\\\/\",\"logo\":{\"@type\":\"ImageObject\",\"inLanguage\":\"es\",\"@id\":\"https:\\\/\\\/auren.com\\\/co\\\/#\\\/schema\\\/logo\\\/image\\\/\",\"url\":\"https:\\\/\\\/auren.com\\\/co\\\/wp-content\\\/uploads\\\/2025\\\/01\\\/cropped-cropped-favicon-Auren.png\",\"contentUrl\":\"https:\\\/\\\/auren.com\\\/co\\\/wp-content\\\/uploads\\\/2025\\\/01\\\/cropped-cropped-favicon-Auren.png\",\"width\":512,\"height\":512,\"caption\":\"Auren Colombia\"},\"image\":{\"@id\":\"https:\\\/\\\/auren.com\\\/co\\\/#\\\/schema\\\/logo\\\/image\\\/\"},\"sameAs\":[\"https:\\\/\\\/x.com\\\/AurenColombia\",\"https:\\\/\\\/www.instagram.com\\\/aurencolombia\\\/\",\"https:\\\/\\\/www.youtube.com\\\/channel\\\/UCRYoGRMR_k4oVWesdErApmA\",\"https:\\\/\\\/www.linkedin.com\\\/company\\\/auren-colombia\"]}]}<\/script>\n<!-- \/ Yoast SEO plugin. -->","yoast_head_json":{"title":"Roma acoge la 9\u00aa convenci\u00f3n internacional de Auren - Auren Colombia","robots":{"index":"index","follow":"follow","max-snippet":"max-snippet:-1","max-image-preview":"max-image-preview:large","max-video-preview":"max-video-preview:-1"},"canonical":"https:\/\/auren.com\/co\/global-new\/roma-acoge-la-9a-convencion-internacional-de-auren\/","og_locale":"es_ES","og_type":"article","og_title":"Roma acoge la 9\u00aa convenci\u00f3n internacional de Auren - Auren Colombia","og_description":"Roma acoge este jueves la 9\u00aa Convenci\u00f3n de Auren Internacional con la presencia de m\u00e1s de 40 socios de los diferentes pa\u00edses donde Auren tiene oficinas.","og_url":"https:\/\/auren.com\/co\/global-new\/roma-acoge-la-9a-convencion-internacional-de-auren\/","og_site_name":"Auren Colombia","og_image":[{"url":"http:\/\/www.auren.com\/uploads\/images\/originals\/1477.png","type":"","width":"","height":""}],"twitter_card":"summary_large_image","twitter_site":"@AurenColombia","schema":{"@context":"https:\/\/schema.org","@graph":[{"@type":"WebPage","@id":"https:\/\/auren.com\/co\/global-new\/roma-acoge-la-9a-convencion-internacional-de-auren\/","url":"https:\/\/auren.com\/co\/global-new\/roma-acoge-la-9a-convencion-internacional-de-auren\/","name":"Roma acoge la 9\u00aa convenci\u00f3n internacional de Auren - Auren Colombia","isPartOf":{"@id":"https:\/\/auren.com\/co\/#website"},"primaryImageOfPage":{"@id":"https:\/\/auren.com\/co\/global-new\/roma-acoge-la-9a-convencion-internacional-de-auren\/#primaryimage"},"image":{"@id":"https:\/\/auren.com\/co\/global-new\/roma-acoge-la-9a-convencion-internacional-de-auren\/#primaryimage"},"thumbnailUrl":"https:\/\/auren.com\/co\/wp-content\/uploads\/global\/2015\/10\/900x520_03-1.jpg","datePublished":"2015-10-20T05:54:38+00:00","breadcrumb":{"@id":"https:\/\/auren.com\/co\/global-new\/roma-acoge-la-9a-convencion-internacional-de-auren\/#breadcrumb"},"inLanguage":"es","potentialAction":[{"@type":"ReadAction","target":["https:\/\/auren.com\/co\/global-new\/roma-acoge-la-9a-convencion-internacional-de-auren\/"]}]},{"@type":"ImageObject","inLanguage":"es","@id":"https:\/\/auren.com\/co\/global-new\/roma-acoge-la-9a-convencion-internacional-de-auren\/#primaryimage","url":"https:\/\/auren.com\/co\/wp-content\/uploads\/global\/2015\/10\/900x520_03-1.jpg","contentUrl":"https:\/\/auren.com\/co\/wp-content\/uploads\/global\/2015\/10\/900x520_03-1.jpg","width":900,"height":520},{"@type":"BreadcrumbList","@id":"https:\/\/auren.com\/co\/global-new\/roma-acoge-la-9a-convencion-internacional-de-auren\/#breadcrumb","itemListElement":[{"@type":"ListItem","position":1,"name":"Portada","item":"https:\/\/auren.com\/co\/"},{"@type":"ListItem","position":2,"name":"Roma acoge la 9\u00aa convenci\u00f3n internacional de Auren"}]},{"@type":"WebSite","@id":"https:\/\/auren.com\/co\/#website","url":"https:\/\/auren.com\/co\/","name":"Auren Colombia","description":"","publisher":{"@id":"https:\/\/auren.com\/co\/#organization"},"potentialAction":[{"@type":"SearchAction","target":{"@type":"EntryPoint","urlTemplate":"https:\/\/auren.com\/co\/?s={search_term_string}"},"query-input":{"@type":"PropertyValueSpecification","valueRequired":true,"valueName":"search_term_string"}}],"inLanguage":"es"},{"@type":"Organization","@id":"https:\/\/auren.com\/co\/#organization","name":"Auren Colombia","url":"https:\/\/auren.com\/co\/","logo":{"@type":"ImageObject","inLanguage":"es","@id":"https:\/\/auren.com\/co\/#\/schema\/logo\/image\/","url":"https:\/\/auren.com\/co\/wp-content\/uploads\/2025\/01\/cropped-cropped-favicon-Auren.png","contentUrl":"https:\/\/auren.com\/co\/wp-content\/uploads\/2025\/01\/cropped-cropped-favicon-Auren.png","width":512,"height":512,"caption":"Auren Colombia"},"image":{"@id":"https:\/\/auren.com\/co\/#\/schema\/logo\/image\/"},"sameAs":["https:\/\/x.com\/AurenColombia","https:\/\/www.instagram.com\/aurencolombia\/","https:\/\/www.youtube.com\/channel\/UCRYoGRMR_k4oVWesdErApmA","https:\/\/www.linkedin.com\/company\/auren-colombia"]}]}},"_links":{"self":[{"href":"https:\/\/auren.com\/co\/wp-json\/wp\/v2\/global-new\/15415","targetHints":{"allow":["GET"]}}],"collection":[{"href":"https:\/\/auren.com\/co\/wp-json\/wp\/v2\/global-new"}],"about":[{"href":"https:\/\/auren.com\/co\/wp-json\/wp\/v2\/types\/global-new"}],"wp:featuredmedia":[{"embeddable":true,"href":"https:\/\/auren.com\/co\/wp-json\/wp\/v2\/media\/12435"}],"wp:attachment":[{"href":"https:\/\/auren.com\/co\/wp-json\/wp\/v2\/media?parent=15415"}],"wp:term":[{"taxonomy":"global-new-category","embeddable":true,"href":"https:\/\/auren.com\/co\/wp-json\/wp\/v2\/global-new-category?post=15415"}],"curies":[{"name":"wp","href":"https:\/\/api.w.org\/{rel}","templated":true}]}}

Roma acoge la 9ª convención internacional de Auren

<p><img decoding="async" style="float: left;margin: 0px 10px 10px 0px" alt="" data-src="http://www.auren.com/uploads/images/originals/1477.png" src="data:image/svg+xml;base64,PHN2ZyB3aWR0aD0iMSIgaGVpZ2h0PSIxIiB4bWxucz0iaHR0cDovL3d3dy53My5vcmcvMjAwMC9zdmciPjwvc3ZnPg==" class="lazyload"></p>
<p>Además de compartir los últimos acontecimientos y novedades a nivel internacional, buena parte de la agenda de trabajo se centrará en la presentación de los avances del nuevo plan estratégico internacional 2016-2020.</p>
<p>La convención estará encabezada por el presidente de Auren Internacional, Antoni Gómez y el presidente de Auren, Mario Alonso.</p>
<p><!-- AddThis Advanced Settings generic via filter on the_content --><!-- AddThis Share Buttons generic via filter on the_content --></p>

<p>Roma acoge este jueves la 9ª Convención de Auren Internacional con la presencia de más de 40 socios de los diferentes países donde Auren tiene oficinas. </p>

<!-- This site is optimized with the Yoast SEO plugin v27.4 - https://yoast.com/product/yoast-seo-wordpress/ -->
<title>Roma acoge la 9ª convención internacional de Auren - Auren Colombia</title>
<meta name="robots" content="index, follow, max-snippet:-1, max-image-preview:large, max-video-preview:-1" />
<link rel="canonical" href="https://auren.com/co/global-new/roma-acoge-la-9a-convencion-internacional-de-auren/" />
<meta property="og:locale" content="es_ES" />
<meta property="og:type" content="article" />
<meta property="og:title" content="Roma acoge la 9ª convención internacional de Auren - Auren Colombia" />
<meta property="og:description" content="Roma acoge este jueves la 9ª Convención de Auren Internacional con la presencia de más de 40 socios de los diferentes países donde Auren tiene oficinas." />
<meta property="og:url" content="https://auren.com/co/global-new/roma-acoge-la-9a-convencion-internacional-de-auren/" />
<meta property="og:site_name" content="Auren Colombia" />
<meta property="og:image" content="http://www.auren.com/uploads/images/originals/1477.png" />
<meta name="twitter:card" content="summary_large_image" />
<meta name="twitter:site" content="@AurenColombia" />
<script type="application/ld+json" class="yoast-schema-graph">{"@context":"https:\/\/schema.org","@graph":[{"@type":"WebPage","@id":"https:\/\/auren.com\/co\/global-new\/roma-acoge-la-9a-convencion-internacional-de-auren\/","url":"https:\/\/auren.com\/co\/global-new\/roma-acoge-la-9a-convencion-internacional-de-auren\/","name":"Roma acoge la 9ª convención internacional de Auren - Auren Colombia","isPartOf":{"@id":"https:\/\/auren.com\/co\/#website"},"primaryImageOfPage":{"@id":"https:\/\/auren.com\/co\/global-new\/roma-acoge-la-9a-convencion-internacional-de-auren\/#primaryimage"},"image":{"@id":"https:\/\/auren.com\/co\/global-new\/roma-acoge-la-9a-convencion-internacional-de-auren\/#primaryimage"},"thumbnailUrl":"https:\/\/auren.com\/co\/wp-content\/uploads\/global\/2015\/10\/900x520_03-1.jpg","datePublished":"2015-10-20T05:54:38+00:00","breadcrumb":{"@id":"https:\/\/auren.com\/co\/global-new\/roma-acoge-la-9a-convencion-internacional-de-auren\/#breadcrumb"},"inLanguage":"es","potentialAction":[{"@type":"ReadAction","target":["https:\/\/auren.com\/co\/global-new\/roma-acoge-la-9a-convencion-internacional-de-auren\/"]}]},{"@type":"ImageObject","inLanguage":"es","@id":"https:\/\/auren.com\/co\/global-new\/roma-acoge-la-9a-convencion-internacional-de-auren\/#primaryimage","url":"https:\/\/auren.com\/co\/wp-content\/uploads\/global\/2015\/10\/900x520_03-1.jpg","contentUrl":"https:\/\/auren.com\/co\/wp-content\/uploads\/global\/2015\/10\/900x520_03-1.jpg","width":900,"height":520},{"@type":"BreadcrumbList","@id":"https:\/\/auren.com\/co\/global-new\/roma-acoge-la-9a-convencion-internacional-de-auren\/#breadcrumb","itemListElement":[{"@type":"ListItem","position":1,"name":"Portada","item":"https:\/\/auren.com\/co\/"},{"@type":"ListItem","position":2,"name":"Roma acoge la 9ª convención internacional de Auren"}]},{"@type":"WebSite","@id":"https:\/\/auren.com\/co\/#website","url":"https:\/\/auren.com\/co\/","name":"Auren Colombia","description":"","publisher":{"@id":"https:\/\/auren.com\/co\/#organization"},"potentialAction":[{"@type":"SearchAction","target":{"@type":"EntryPoint","urlTemplate":"https:\/\/auren.com\/co\/?s={search_term_string}"},"query-input":{"@type":"PropertyValueSpecification","valueRequired":true,"valueName":"search_term_string"}}],"inLanguage":"es"},{"@type":"Organization","@id":"https:\/\/auren.com\/co\/#organization","name":"Auren Colombia","url":"https:\/\/auren.com\/co\/","logo":{"@type":"ImageObject","inLanguage":"es","@id":"https:\/\/auren.com\/co\/#\/schema\/logo\/image\/","url":"https:\/\/auren.com\/co\/wp-content\/uploads\/2025\/01\/cropped-cropped-favicon-Auren.png","contentUrl":"https:\/\/auren.com\/co\/wp-content\/uploads\/2025\/01\/cropped-cropped-favicon-Auren.png","width":512,"height":512,"caption":"Auren Colombia"},"image":{"@id":"https:\/\/auren.com\/co\/#\/schema\/logo\/image\/"},"sameAs":["https:\/\/x.com\/AurenColombia","https:\/\/www.instagram.com\/aurencolombia\/","https:\/\/www.youtube.com\/channel\/UCRYoGRMR_k4oVWesdErApmA","https:\/\/www.linkedin.com\/company\/auren-colombia"]}]}</script>
<!-- / Yoast SEO plugin. -->

Roma acoge la 9ª convención internacional de Auren - Auren Colombia

Roma acoge este jueves la 9ª Convención de Auren Internacional con la presencia de más de 40 socios de los diferentes países donde Auren tiene oficinas.
