{"id":15438,"date":"2015-11-20T15:50:20","date_gmt":"2015-11-20T14:50:20","guid":{"rendered":"https:\/\/auren.com\/co\/global-new\/competir-globalmente-esa-es-la-cuestion\/"},"modified":"2015-11-20T15:50:20","modified_gmt":"2015-11-20T14:50:20","slug":"competir-globalmente-esa-es-la-cuestion","status":"publish","type":"global-new","link":"https:\/\/auren.com\/co\/global-new\/competir-globalmente-esa-es-la-cuestion\/","title":{"rendered":"Competir globalmente. Esa es la cuesti\u00f3n"},"content":{"rendered":"<p>Para leer el art\u00edculo completo hacer click <a href=\"\/files\/612-EL ECONOMISTA TRIBUNA ANTONI GOMEZ OK.pdf\">AQUI<\/a><\/p>\n<p><!-- AddThis Advanced Settings generic via filter on the_content --><!-- AddThis Share Buttons generic via filter on the_content --><\/p>\n","protected":false},"excerpt":{"rendered":"<p>Art\u00edculo de opini\u00f3n del presidente de Auren Internacional, Antoni G\u00f3mez, publicado en el Economista<\/p>\n","protected":false},"featured_media":12426,"template":"","meta":{"_acf_changed":false},"global-new-category":[],"class_list":["post-15438","global-new","type-global-new","status-publish","has-post-thumbnail","hentry"],"acf":[],"yoast_head":"<!-- This site is optimized with the Yoast SEO plugin v27.4 - https:\/\/yoast.com\/product\/yoast-seo-wordpress\/ -->\n<title>Competir globalmente. Esa es la cuesti\u00f3n - Auren Colombia<\/title>\n<meta name=\"robots\" content=\"index, follow, max-snippet:-1, max-image-preview:large, max-video-preview:-1\" \/>\n<link rel=\"canonical\" href=\"https:\/\/auren.com\/co\/global-new\/competir-globalmente-esa-es-la-cuestion\/\" \/>\n<meta property=\"og:locale\" content=\"es_ES\" \/>\n<meta property=\"og:type\" content=\"article\" \/>\n<meta property=\"og:title\" content=\"Competir globalmente. Esa es la cuesti\u00f3n - Auren Colombia\" \/>\n<meta property=\"og:description\" content=\"Art\u00edculo de opini\u00f3n del presidente de Auren Internacional, Antoni G\u00f3mez, publicado en el Economista\" \/>\n<meta property=\"og:url\" content=\"https:\/\/auren.com\/co\/global-new\/competir-globalmente-esa-es-la-cuestion\/\" \/>\n<meta property=\"og:site_name\" content=\"Auren Colombia\" \/>\n<meta name=\"twitter:card\" content=\"summary_large_image\" \/>\n<meta name=\"twitter:site\" content=\"@AurenColombia\" \/>\n<script type=\"application\/ld+json\" class=\"yoast-schema-graph\">{\"@context\":\"https:\\\/\\\/schema.org\",\"@graph\":[{\"@type\":\"WebPage\",\"@id\":\"https:\\\/\\\/auren.com\\\/co\\\/global-new\\\/competir-globalmente-esa-es-la-cuestion\\\/\",\"url\":\"https:\\\/\\\/auren.com\\\/co\\\/global-new\\\/competir-globalmente-esa-es-la-cuestion\\\/\",\"name\":\"Competir globalmente. Esa es la cuesti\u00f3n - Auren Colombia\",\"isPartOf\":{\"@id\":\"https:\\\/\\\/auren.com\\\/co\\\/#website\"},\"primaryImageOfPage\":{\"@id\":\"https:\\\/\\\/auren.com\\\/co\\\/global-new\\\/competir-globalmente-esa-es-la-cuestion\\\/#primaryimage\"},\"image\":{\"@id\":\"https:\\\/\\\/auren.com\\\/co\\\/global-new\\\/competir-globalmente-esa-es-la-cuestion\\\/#primaryimage\"},\"thumbnailUrl\":\"https:\\\/\\\/auren.com\\\/co\\\/wp-content\\\/uploads\\\/global\\\/2015\\\/11\\\/900x520_05-2.jpg\",\"datePublished\":\"2015-11-20T14:50:20+00:00\",\"breadcrumb\":{\"@id\":\"https:\\\/\\\/auren.com\\\/co\\\/global-new\\\/competir-globalmente-esa-es-la-cuestion\\\/#breadcrumb\"},\"inLanguage\":\"es\",\"potentialAction\":[{\"@type\":\"ReadAction\",\"target\":[\"https:\\\/\\\/auren.com\\\/co\\\/global-new\\\/competir-globalmente-esa-es-la-cuestion\\\/\"]}]},{\"@type\":\"ImageObject\",\"inLanguage\":\"es\",\"@id\":\"https:\\\/\\\/auren.com\\\/co\\\/global-new\\\/competir-globalmente-esa-es-la-cuestion\\\/#primaryimage\",\"url\":\"https:\\\/\\\/auren.com\\\/co\\\/wp-content\\\/uploads\\\/global\\\/2015\\\/11\\\/900x520_05-2.jpg\",\"contentUrl\":\"https:\\\/\\\/auren.com\\\/co\\\/wp-content\\\/uploads\\\/global\\\/2015\\\/11\\\/900x520_05-2.jpg\",\"width\":900,\"height\":520},{\"@type\":\"BreadcrumbList\",\"@id\":\"https:\\\/\\\/auren.com\\\/co\\\/global-new\\\/competir-globalmente-esa-es-la-cuestion\\\/#breadcrumb\",\"itemListElement\":[{\"@type\":\"ListItem\",\"position\":1,\"name\":\"Portada\",\"item\":\"https:\\\/\\\/auren.com\\\/co\\\/\"},{\"@type\":\"ListItem\",\"position\":2,\"name\":\"Competir globalmente. Esa es la cuesti\u00f3n\"}]},{\"@type\":\"WebSite\",\"@id\":\"https:\\\/\\\/auren.com\\\/co\\\/#website\",\"url\":\"https:\\\/\\\/auren.com\\\/co\\\/\",\"name\":\"Auren Colombia\",\"description\":\"\",\"publisher\":{\"@id\":\"https:\\\/\\\/auren.com\\\/co\\\/#organization\"},\"potentialAction\":[{\"@type\":\"SearchAction\",\"target\":{\"@type\":\"EntryPoint\",\"urlTemplate\":\"https:\\\/\\\/auren.com\\\/co\\\/?s={search_term_string}\"},\"query-input\":{\"@type\":\"PropertyValueSpecification\",\"valueRequired\":true,\"valueName\":\"search_term_string\"}}],\"inLanguage\":\"es\"},{\"@type\":\"Organization\",\"@id\":\"https:\\\/\\\/auren.com\\\/co\\\/#organization\",\"name\":\"Auren Colombia\",\"url\":\"https:\\\/\\\/auren.com\\\/co\\\/\",\"logo\":{\"@type\":\"ImageObject\",\"inLanguage\":\"es\",\"@id\":\"https:\\\/\\\/auren.com\\\/co\\\/#\\\/schema\\\/logo\\\/image\\\/\",\"url\":\"https:\\\/\\\/auren.com\\\/co\\\/wp-content\\\/uploads\\\/2025\\\/01\\\/cropped-cropped-favicon-Auren.png\",\"contentUrl\":\"https:\\\/\\\/auren.com\\\/co\\\/wp-content\\\/uploads\\\/2025\\\/01\\\/cropped-cropped-favicon-Auren.png\",\"width\":512,\"height\":512,\"caption\":\"Auren Colombia\"},\"image\":{\"@id\":\"https:\\\/\\\/auren.com\\\/co\\\/#\\\/schema\\\/logo\\\/image\\\/\"},\"sameAs\":[\"https:\\\/\\\/x.com\\\/AurenColombia\",\"https:\\\/\\\/www.instagram.com\\\/aurencolombia\\\/\",\"https:\\\/\\\/www.youtube.com\\\/channel\\\/UCRYoGRMR_k4oVWesdErApmA\",\"https:\\\/\\\/www.linkedin.com\\\/company\\\/auren-colombia\"]}]}<\/script>\n<!-- \/ Yoast SEO plugin. -->","yoast_head_json":{"title":"Competir globalmente. Esa es la cuesti\u00f3n - Auren Colombia","robots":{"index":"index","follow":"follow","max-snippet":"max-snippet:-1","max-image-preview":"max-image-preview:large","max-video-preview":"max-video-preview:-1"},"canonical":"https:\/\/auren.com\/co\/global-new\/competir-globalmente-esa-es-la-cuestion\/","og_locale":"es_ES","og_type":"article","og_title":"Competir globalmente. Esa es la cuesti\u00f3n - Auren Colombia","og_description":"Art\u00edculo de opini\u00f3n del presidente de Auren Internacional, Antoni G\u00f3mez, publicado en el Economista","og_url":"https:\/\/auren.com\/co\/global-new\/competir-globalmente-esa-es-la-cuestion\/","og_site_name":"Auren Colombia","twitter_card":"summary_large_image","twitter_site":"@AurenColombia","schema":{"@context":"https:\/\/schema.org","@graph":[{"@type":"WebPage","@id":"https:\/\/auren.com\/co\/global-new\/competir-globalmente-esa-es-la-cuestion\/","url":"https:\/\/auren.com\/co\/global-new\/competir-globalmente-esa-es-la-cuestion\/","name":"Competir globalmente. Esa es la cuesti\u00f3n - Auren Colombia","isPartOf":{"@id":"https:\/\/auren.com\/co\/#website"},"primaryImageOfPage":{"@id":"https:\/\/auren.com\/co\/global-new\/competir-globalmente-esa-es-la-cuestion\/#primaryimage"},"image":{"@id":"https:\/\/auren.com\/co\/global-new\/competir-globalmente-esa-es-la-cuestion\/#primaryimage"},"thumbnailUrl":"https:\/\/auren.com\/co\/wp-content\/uploads\/global\/2015\/11\/900x520_05-2.jpg","datePublished":"2015-11-20T14:50:20+00:00","breadcrumb":{"@id":"https:\/\/auren.com\/co\/global-new\/competir-globalmente-esa-es-la-cuestion\/#breadcrumb"},"inLanguage":"es","potentialAction":[{"@type":"ReadAction","target":["https:\/\/auren.com\/co\/global-new\/competir-globalmente-esa-es-la-cuestion\/"]}]},{"@type":"ImageObject","inLanguage":"es","@id":"https:\/\/auren.com\/co\/global-new\/competir-globalmente-esa-es-la-cuestion\/#primaryimage","url":"https:\/\/auren.com\/co\/wp-content\/uploads\/global\/2015\/11\/900x520_05-2.jpg","contentUrl":"https:\/\/auren.com\/co\/wp-content\/uploads\/global\/2015\/11\/900x520_05-2.jpg","width":900,"height":520},{"@type":"BreadcrumbList","@id":"https:\/\/auren.com\/co\/global-new\/competir-globalmente-esa-es-la-cuestion\/#breadcrumb","itemListElement":[{"@type":"ListItem","position":1,"name":"Portada","item":"https:\/\/auren.com\/co\/"},{"@type":"ListItem","position":2,"name":"Competir globalmente. Esa es la cuesti\u00f3n"}]},{"@type":"WebSite","@id":"https:\/\/auren.com\/co\/#website","url":"https:\/\/auren.com\/co\/","name":"Auren Colombia","description":"","publisher":{"@id":"https:\/\/auren.com\/co\/#organization"},"potentialAction":[{"@type":"SearchAction","target":{"@type":"EntryPoint","urlTemplate":"https:\/\/auren.com\/co\/?s={search_term_string}"},"query-input":{"@type":"PropertyValueSpecification","valueRequired":true,"valueName":"search_term_string"}}],"inLanguage":"es"},{"@type":"Organization","@id":"https:\/\/auren.com\/co\/#organization","name":"Auren Colombia","url":"https:\/\/auren.com\/co\/","logo":{"@type":"ImageObject","inLanguage":"es","@id":"https:\/\/auren.com\/co\/#\/schema\/logo\/image\/","url":"https:\/\/auren.com\/co\/wp-content\/uploads\/2025\/01\/cropped-cropped-favicon-Auren.png","contentUrl":"https:\/\/auren.com\/co\/wp-content\/uploads\/2025\/01\/cropped-cropped-favicon-Auren.png","width":512,"height":512,"caption":"Auren Colombia"},"image":{"@id":"https:\/\/auren.com\/co\/#\/schema\/logo\/image\/"},"sameAs":["https:\/\/x.com\/AurenColombia","https:\/\/www.instagram.com\/aurencolombia\/","https:\/\/www.youtube.com\/channel\/UCRYoGRMR_k4oVWesdErApmA","https:\/\/www.linkedin.com\/company\/auren-colombia"]}]}},"_links":{"self":[{"href":"https:\/\/auren.com\/co\/wp-json\/wp\/v2\/global-new\/15438","targetHints":{"allow":["GET"]}}],"collection":[{"href":"https:\/\/auren.com\/co\/wp-json\/wp\/v2\/global-new"}],"about":[{"href":"https:\/\/auren.com\/co\/wp-json\/wp\/v2\/types\/global-new"}],"wp:featuredmedia":[{"embeddable":true,"href":"https:\/\/auren.com\/co\/wp-json\/wp\/v2\/media\/12426"}],"wp:attachment":[{"href":"https:\/\/auren.com\/co\/wp-json\/wp\/v2\/media?parent=15438"}],"wp:term":[{"taxonomy":"global-new-category","embeddable":true,"href":"https:\/\/auren.com\/co\/wp-json\/wp\/v2\/global-new-category?post=15438"}],"curies":[{"name":"wp","href":"https:\/\/api.w.org\/{rel}","templated":true}]}}

Competir globalmente. Esa es la cuestión

<p>Para leer el artículo completo hacer click <a href="/files/612-EL ECONOMISTA TRIBUNA ANTONI GOMEZ OK.pdf">AQUI</a></p>
<p><!-- AddThis Advanced Settings generic via filter on the_content --><!-- AddThis Share Buttons generic via filter on the_content --></p>

<p>Artículo de opinión del presidente de Auren Internacional, Antoni Gómez, publicado en el Economista</p>

<!-- This site is optimized with the Yoast SEO plugin v27.4 - https://yoast.com/product/yoast-seo-wordpress/ -->
<title>Competir globalmente. Esa es la cuestión - Auren Colombia</title>
<meta name="robots" content="index, follow, max-snippet:-1, max-image-preview:large, max-video-preview:-1" />
<link rel="canonical" href="https://auren.com/co/global-new/competir-globalmente-esa-es-la-cuestion/" />
<meta property="og:locale" content="es_ES" />
<meta property="og:type" content="article" />
<meta property="og:title" content="Competir globalmente. Esa es la cuestión - Auren Colombia" />
<meta property="og:description" content="Artículo de opinión del presidente de Auren Internacional, Antoni Gómez, publicado en el Economista" />
<meta property="og:url" content="https://auren.com/co/global-new/competir-globalmente-esa-es-la-cuestion/" />
<meta property="og:site_name" content="Auren Colombia" />
<meta name="twitter:card" content="summary_large_image" />
<meta name="twitter:site" content="@AurenColombia" />
<script type="application/ld+json" class="yoast-schema-graph">{"@context":"https:\/\/schema.org","@graph":[{"@type":"WebPage","@id":"https:\/\/auren.com\/co\/global-new\/competir-globalmente-esa-es-la-cuestion\/","url":"https:\/\/auren.com\/co\/global-new\/competir-globalmente-esa-es-la-cuestion\/","name":"Competir globalmente. Esa es la cuestión - Auren Colombia","isPartOf":{"@id":"https:\/\/auren.com\/co\/#website"},"primaryImageOfPage":{"@id":"https:\/\/auren.com\/co\/global-new\/competir-globalmente-esa-es-la-cuestion\/#primaryimage"},"image":{"@id":"https:\/\/auren.com\/co\/global-new\/competir-globalmente-esa-es-la-cuestion\/#primaryimage"},"thumbnailUrl":"https:\/\/auren.com\/co\/wp-content\/uploads\/global\/2015\/11\/900x520_05-2.jpg","datePublished":"2015-11-20T14:50:20+00:00","breadcrumb":{"@id":"https:\/\/auren.com\/co\/global-new\/competir-globalmente-esa-es-la-cuestion\/#breadcrumb"},"inLanguage":"es","potentialAction":[{"@type":"ReadAction","target":["https:\/\/auren.com\/co\/global-new\/competir-globalmente-esa-es-la-cuestion\/"]}]},{"@type":"ImageObject","inLanguage":"es","@id":"https:\/\/auren.com\/co\/global-new\/competir-globalmente-esa-es-la-cuestion\/#primaryimage","url":"https:\/\/auren.com\/co\/wp-content\/uploads\/global\/2015\/11\/900x520_05-2.jpg","contentUrl":"https:\/\/auren.com\/co\/wp-content\/uploads\/global\/2015\/11\/900x520_05-2.jpg","width":900,"height":520},{"@type":"BreadcrumbList","@id":"https:\/\/auren.com\/co\/global-new\/competir-globalmente-esa-es-la-cuestion\/#breadcrumb","itemListElement":[{"@type":"ListItem","position":1,"name":"Portada","item":"https:\/\/auren.com\/co\/"},{"@type":"ListItem","position":2,"name":"Competir globalmente. Esa es la cuestión"}]},{"@type":"WebSite","@id":"https:\/\/auren.com\/co\/#website","url":"https:\/\/auren.com\/co\/","name":"Auren Colombia","description":"","publisher":{"@id":"https:\/\/auren.com\/co\/#organization"},"potentialAction":[{"@type":"SearchAction","target":{"@type":"EntryPoint","urlTemplate":"https:\/\/auren.com\/co\/?s={search_term_string}"},"query-input":{"@type":"PropertyValueSpecification","valueRequired":true,"valueName":"search_term_string"}}],"inLanguage":"es"},{"@type":"Organization","@id":"https:\/\/auren.com\/co\/#organization","name":"Auren Colombia","url":"https:\/\/auren.com\/co\/","logo":{"@type":"ImageObject","inLanguage":"es","@id":"https:\/\/auren.com\/co\/#\/schema\/logo\/image\/","url":"https:\/\/auren.com\/co\/wp-content\/uploads\/2025\/01\/cropped-cropped-favicon-Auren.png","contentUrl":"https:\/\/auren.com\/co\/wp-content\/uploads\/2025\/01\/cropped-cropped-favicon-Auren.png","width":512,"height":512,"caption":"Auren Colombia"},"image":{"@id":"https:\/\/auren.com\/co\/#\/schema\/logo\/image\/"},"sameAs":["https:\/\/x.com\/AurenColombia","https:\/\/www.instagram.com\/aurencolombia\/","https:\/\/www.youtube.com\/channel\/UCRYoGRMR_k4oVWesdErApmA","https:\/\/www.linkedin.com\/company\/auren-colombia"]}]}</script>
<!-- / Yoast SEO plugin. -->

Competir globalmente. Esa es la cuestión - Auren Colombia

Artículo de opinión del presidente de Auren Internacional, Antoni Gómez, publicado en el Economista
