{"id":15458,"date":"2015-11-27T15:05:25","date_gmt":"2015-11-27T14:05:25","guid":{"rendered":"https:\/\/auren.com\/co\/global-new\/reunion-de-socios-de-auren-mexico\/"},"modified":"2015-11-27T15:05:25","modified_gmt":"2015-11-27T14:05:25","slug":"reunion-de-socios-de-auren-mexico","status":"publish","type":"global-new","link":"https:\/\/auren.com\/co\/global-new\/reunion-de-socios-de-auren-mexico\/","title":{"rendered":"Reuni\u00f3n de socios de Auren M\u00e9xico"},"content":{"rendered":"<p>Los socios de Canc\u00fan,Ciudad de M\u00e9xico y Quer\u00e9taro expusieron la importancia e impacto fiscal en las empresas de contar con estudios de Precios de Transferencia, algunos aspectos relevantes sobre retenciones por pagos al extranjero, manejo y utilidad de la informaci\u00f3n financiera as\u00ed como un breve panorama econ\u00f3mico.<\/p>\n<p>Durante la reuni\u00f3n de socios el d\u00eda 25 se debatieron temas de gran relevancia sobre la situaci\u00f3n y desarrollo empresarial en M\u00e9xico y muy en particular del desarrollo y pr\u00f3ximos pasos de Auren M\u00e9xico. En particular se defini\u00f3 la necesidad de desarrollar un plan estrat\u00e9gico espec\u00edfico para M\u00e9xico y se asign\u00f3 a un comit\u00e9 de cinco de los socios para este fin. El comit\u00e9 trabajar\u00e1 para entregar un plan durante el primer trimestre del 2016.<\/p>\n<p>La reuni\u00f3n fue una excelente oportunidad para los socios de retomar y platicar sobre aspectos de impacto e importancia para el bienestar y mejora continua de Auren, dando como resultado una exitosa y productiva reuni\u00f3n. <\/p>\n<p>En lo social, una mayor\u00eda de los socios aprovecharon un recorrido por Guanajuato, donde visitaron emblem\u00e1ticos lugares de la capital.<\/p>\n<\/p>\n<p><img decoding=\"async\" style=\"width: 549px;height: 308.813px\" data-src=\"http:\/\/www.auren.com\/uploads\/images\/originals\/1576.jpg\" src=\"data:image\/svg+xml;base64,PHN2ZyB3aWR0aD0iMSIgaGVpZ2h0PSIxIiB4bWxucz0iaHR0cDovL3d3dy53My5vcmcvMjAwMC9zdmciPjwvc3ZnPg==\" class=\"lazyload\"><\/p>\n<p><!-- AddThis Advanced Settings generic via filter on the_content --><!-- AddThis Share Buttons generic via filter on the_content --><\/p>\n","protected":false},"excerpt":{"rendered":"<p>  Los d\u00edas 24 y 25 de Septiembre se celebr\u00f3 en el Hotel Hottson de la ciudad de Le\u00f3n, como cada trimestre, la junta de Socios de Auren M\u00e9xico. <\/p>\n","protected":false},"featured_media":12417,"template":"","meta":{"_acf_changed":false},"global-new-category":[],"class_list":["post-15458","global-new","type-global-new","status-publish","has-post-thumbnail","hentry"],"acf":[],"yoast_head":"<!-- This site is optimized with the Yoast SEO plugin v27.4 - https:\/\/yoast.com\/product\/yoast-seo-wordpress\/ -->\n<title>Reuni\u00f3n de socios de Auren M\u00e9xico - Auren Colombia<\/title>\n<meta name=\"robots\" content=\"index, follow, max-snippet:-1, max-image-preview:large, max-video-preview:-1\" \/>\n<link rel=\"canonical\" href=\"https:\/\/auren.com\/co\/global-new\/reunion-de-socios-de-auren-mexico\/\" \/>\n<meta property=\"og:locale\" content=\"es_ES\" \/>\n<meta property=\"og:type\" content=\"article\" \/>\n<meta property=\"og:title\" content=\"Reuni\u00f3n de socios de Auren M\u00e9xico - Auren Colombia\" \/>\n<meta property=\"og:description\" content=\"Los d\u00edas 24 y 25 de Septiembre se celebr\u00f3 en el Hotel Hottson de la ciudad de Le\u00f3n, como cada trimestre, la junta de Socios de Auren M\u00e9xico.\" \/>\n<meta property=\"og:url\" content=\"https:\/\/auren.com\/co\/global-new\/reunion-de-socios-de-auren-mexico\/\" \/>\n<meta property=\"og:site_name\" content=\"Auren Colombia\" \/>\n<meta property=\"og:image\" content=\"http:\/\/www.auren.com\/uploads\/images\/originals\/1576.jpg\" \/>\n<meta name=\"twitter:card\" content=\"summary_large_image\" \/>\n<meta name=\"twitter:site\" content=\"@AurenColombia\" \/>\n<meta name=\"twitter:label1\" content=\"Tiempo de lectura\" \/>\n\t<meta name=\"twitter:data1\" content=\"1 minuto\" \/>\n<script type=\"application\/ld+json\" class=\"yoast-schema-graph\">{\"@context\":\"https:\\\/\\\/schema.org\",\"@graph\":[{\"@type\":\"WebPage\",\"@id\":\"https:\\\/\\\/auren.com\\\/co\\\/global-new\\\/reunion-de-socios-de-auren-mexico\\\/\",\"url\":\"https:\\\/\\\/auren.com\\\/co\\\/global-new\\\/reunion-de-socios-de-auren-mexico\\\/\",\"name\":\"Reuni\u00f3n de socios de Auren M\u00e9xico - Auren Colombia\",\"isPartOf\":{\"@id\":\"https:\\\/\\\/auren.com\\\/co\\\/#website\"},\"primaryImageOfPage\":{\"@id\":\"https:\\\/\\\/auren.com\\\/co\\\/global-new\\\/reunion-de-socios-de-auren-mexico\\\/#primaryimage\"},\"image\":{\"@id\":\"https:\\\/\\\/auren.com\\\/co\\\/global-new\\\/reunion-de-socios-de-auren-mexico\\\/#primaryimage\"},\"thumbnailUrl\":\"https:\\\/\\\/auren.com\\\/co\\\/wp-content\\\/uploads\\\/global\\\/2015\\\/11\\\/900x520_22-2.jpg\",\"datePublished\":\"2015-11-27T14:05:25+00:00\",\"breadcrumb\":{\"@id\":\"https:\\\/\\\/auren.com\\\/co\\\/global-new\\\/reunion-de-socios-de-auren-mexico\\\/#breadcrumb\"},\"inLanguage\":\"es\",\"potentialAction\":[{\"@type\":\"ReadAction\",\"target\":[\"https:\\\/\\\/auren.com\\\/co\\\/global-new\\\/reunion-de-socios-de-auren-mexico\\\/\"]}]},{\"@type\":\"ImageObject\",\"inLanguage\":\"es\",\"@id\":\"https:\\\/\\\/auren.com\\\/co\\\/global-new\\\/reunion-de-socios-de-auren-mexico\\\/#primaryimage\",\"url\":\"https:\\\/\\\/auren.com\\\/co\\\/wp-content\\\/uploads\\\/global\\\/2015\\\/11\\\/900x520_22-2.jpg\",\"contentUrl\":\"https:\\\/\\\/auren.com\\\/co\\\/wp-content\\\/uploads\\\/global\\\/2015\\\/11\\\/900x520_22-2.jpg\",\"width\":900,\"height\":520},{\"@type\":\"BreadcrumbList\",\"@id\":\"https:\\\/\\\/auren.com\\\/co\\\/global-new\\\/reunion-de-socios-de-auren-mexico\\\/#breadcrumb\",\"itemListElement\":[{\"@type\":\"ListItem\",\"position\":1,\"name\":\"Portada\",\"item\":\"https:\\\/\\\/auren.com\\\/co\\\/\"},{\"@type\":\"ListItem\",\"position\":2,\"name\":\"Reuni\u00f3n de socios de Auren M\u00e9xico\"}]},{\"@type\":\"WebSite\",\"@id\":\"https:\\\/\\\/auren.com\\\/co\\\/#website\",\"url\":\"https:\\\/\\\/auren.com\\\/co\\\/\",\"name\":\"Auren Colombia\",\"description\":\"\",\"publisher\":{\"@id\":\"https:\\\/\\\/auren.com\\\/co\\\/#organization\"},\"potentialAction\":[{\"@type\":\"SearchAction\",\"target\":{\"@type\":\"EntryPoint\",\"urlTemplate\":\"https:\\\/\\\/auren.com\\\/co\\\/?s={search_term_string}\"},\"query-input\":{\"@type\":\"PropertyValueSpecification\",\"valueRequired\":true,\"valueName\":\"search_term_string\"}}],\"inLanguage\":\"es\"},{\"@type\":\"Organization\",\"@id\":\"https:\\\/\\\/auren.com\\\/co\\\/#organization\",\"name\":\"Auren Colombia\",\"url\":\"https:\\\/\\\/auren.com\\\/co\\\/\",\"logo\":{\"@type\":\"ImageObject\",\"inLanguage\":\"es\",\"@id\":\"https:\\\/\\\/auren.com\\\/co\\\/#\\\/schema\\\/logo\\\/image\\\/\",\"url\":\"https:\\\/\\\/auren.com\\\/co\\\/wp-content\\\/uploads\\\/2025\\\/01\\\/cropped-cropped-favicon-Auren.png\",\"contentUrl\":\"https:\\\/\\\/auren.com\\\/co\\\/wp-content\\\/uploads\\\/2025\\\/01\\\/cropped-cropped-favicon-Auren.png\",\"width\":512,\"height\":512,\"caption\":\"Auren Colombia\"},\"image\":{\"@id\":\"https:\\\/\\\/auren.com\\\/co\\\/#\\\/schema\\\/logo\\\/image\\\/\"},\"sameAs\":[\"https:\\\/\\\/x.com\\\/AurenColombia\",\"https:\\\/\\\/www.instagram.com\\\/aurencolombia\\\/\",\"https:\\\/\\\/www.youtube.com\\\/channel\\\/UCRYoGRMR_k4oVWesdErApmA\",\"https:\\\/\\\/www.linkedin.com\\\/company\\\/auren-colombia\"]}]}<\/script>\n<!-- \/ Yoast SEO plugin. -->","yoast_head_json":{"title":"Reuni\u00f3n de socios de Auren M\u00e9xico - Auren Colombia","robots":{"index":"index","follow":"follow","max-snippet":"max-snippet:-1","max-image-preview":"max-image-preview:large","max-video-preview":"max-video-preview:-1"},"canonical":"https:\/\/auren.com\/co\/global-new\/reunion-de-socios-de-auren-mexico\/","og_locale":"es_ES","og_type":"article","og_title":"Reuni\u00f3n de socios de Auren M\u00e9xico - Auren Colombia","og_description":"Los d\u00edas 24 y 25 de Septiembre se celebr\u00f3 en el Hotel Hottson de la ciudad de Le\u00f3n, como cada trimestre, la junta de Socios de Auren M\u00e9xico.","og_url":"https:\/\/auren.com\/co\/global-new\/reunion-de-socios-de-auren-mexico\/","og_site_name":"Auren Colombia","og_image":[{"url":"http:\/\/www.auren.com\/uploads\/images\/originals\/1576.jpg","type":"","width":"","height":""}],"twitter_card":"summary_large_image","twitter_site":"@AurenColombia","twitter_misc":{"Tiempo de lectura":"1 minuto"},"schema":{"@context":"https:\/\/schema.org","@graph":[{"@type":"WebPage","@id":"https:\/\/auren.com\/co\/global-new\/reunion-de-socios-de-auren-mexico\/","url":"https:\/\/auren.com\/co\/global-new\/reunion-de-socios-de-auren-mexico\/","name":"Reuni\u00f3n de socios de Auren M\u00e9xico - Auren Colombia","isPartOf":{"@id":"https:\/\/auren.com\/co\/#website"},"primaryImageOfPage":{"@id":"https:\/\/auren.com\/co\/global-new\/reunion-de-socios-de-auren-mexico\/#primaryimage"},"image":{"@id":"https:\/\/auren.com\/co\/global-new\/reunion-de-socios-de-auren-mexico\/#primaryimage"},"thumbnailUrl":"https:\/\/auren.com\/co\/wp-content\/uploads\/global\/2015\/11\/900x520_22-2.jpg","datePublished":"2015-11-27T14:05:25+00:00","breadcrumb":{"@id":"https:\/\/auren.com\/co\/global-new\/reunion-de-socios-de-auren-mexico\/#breadcrumb"},"inLanguage":"es","potentialAction":[{"@type":"ReadAction","target":["https:\/\/auren.com\/co\/global-new\/reunion-de-socios-de-auren-mexico\/"]}]},{"@type":"ImageObject","inLanguage":"es","@id":"https:\/\/auren.com\/co\/global-new\/reunion-de-socios-de-auren-mexico\/#primaryimage","url":"https:\/\/auren.com\/co\/wp-content\/uploads\/global\/2015\/11\/900x520_22-2.jpg","contentUrl":"https:\/\/auren.com\/co\/wp-content\/uploads\/global\/2015\/11\/900x520_22-2.jpg","width":900,"height":520},{"@type":"BreadcrumbList","@id":"https:\/\/auren.com\/co\/global-new\/reunion-de-socios-de-auren-mexico\/#breadcrumb","itemListElement":[{"@type":"ListItem","position":1,"name":"Portada","item":"https:\/\/auren.com\/co\/"},{"@type":"ListItem","position":2,"name":"Reuni\u00f3n de socios de Auren M\u00e9xico"}]},{"@type":"WebSite","@id":"https:\/\/auren.com\/co\/#website","url":"https:\/\/auren.com\/co\/","name":"Auren Colombia","description":"","publisher":{"@id":"https:\/\/auren.com\/co\/#organization"},"potentialAction":[{"@type":"SearchAction","target":{"@type":"EntryPoint","urlTemplate":"https:\/\/auren.com\/co\/?s={search_term_string}"},"query-input":{"@type":"PropertyValueSpecification","valueRequired":true,"valueName":"search_term_string"}}],"inLanguage":"es"},{"@type":"Organization","@id":"https:\/\/auren.com\/co\/#organization","name":"Auren Colombia","url":"https:\/\/auren.com\/co\/","logo":{"@type":"ImageObject","inLanguage":"es","@id":"https:\/\/auren.com\/co\/#\/schema\/logo\/image\/","url":"https:\/\/auren.com\/co\/wp-content\/uploads\/2025\/01\/cropped-cropped-favicon-Auren.png","contentUrl":"https:\/\/auren.com\/co\/wp-content\/uploads\/2025\/01\/cropped-cropped-favicon-Auren.png","width":512,"height":512,"caption":"Auren Colombia"},"image":{"@id":"https:\/\/auren.com\/co\/#\/schema\/logo\/image\/"},"sameAs":["https:\/\/x.com\/AurenColombia","https:\/\/www.instagram.com\/aurencolombia\/","https:\/\/www.youtube.com\/channel\/UCRYoGRMR_k4oVWesdErApmA","https:\/\/www.linkedin.com\/company\/auren-colombia"]}]}},"_links":{"self":[{"href":"https:\/\/auren.com\/co\/wp-json\/wp\/v2\/global-new\/15458","targetHints":{"allow":["GET"]}}],"collection":[{"href":"https:\/\/auren.com\/co\/wp-json\/wp\/v2\/global-new"}],"about":[{"href":"https:\/\/auren.com\/co\/wp-json\/wp\/v2\/types\/global-new"}],"wp:featuredmedia":[{"embeddable":true,"href":"https:\/\/auren.com\/co\/wp-json\/wp\/v2\/media\/12417"}],"wp:attachment":[{"href":"https:\/\/auren.com\/co\/wp-json\/wp\/v2\/media?parent=15458"}],"wp:term":[{"taxonomy":"global-new-category","embeddable":true,"href":"https:\/\/auren.com\/co\/wp-json\/wp\/v2\/global-new-category?post=15458"}],"curies":[{"name":"wp","href":"https:\/\/api.w.org\/{rel}","templated":true}]}}

Reunión de socios de Auren México

<p>Los socios de Cancún,Ciudad de México y Querétaro expusieron la importancia e impacto fiscal en las empresas de contar con estudios de Precios de Transferencia, algunos aspectos relevantes sobre retenciones por pagos al extranjero, manejo y utilidad de la información financiera así como un breve panorama económico.</p>
<p>Durante la reunión de socios el día 25 se debatieron temas de gran relevancia sobre la situación y desarrollo empresarial en México y muy en particular del desarrollo y próximos pasos de Auren México. En particular se definió la necesidad de desarrollar un plan estratégico específico para México y se asignó a un comité de cinco de los socios para este fin. El comité trabajará para entregar un plan durante el primer trimestre del 2016.</p>
<p>La reunión fue una excelente oportunidad para los socios de retomar y platicar sobre aspectos de impacto e importancia para el bienestar y mejora continua de Auren, dando como resultado una exitosa y productiva reunión. </p>
<p>En lo social, una mayoría de los socios aprovecharon un recorrido por Guanajuato, donde visitaron emblemáticos lugares de la capital.</p>
</p>
<p><img decoding="async" style="width: 549px;height: 308.813px" data-src="http://www.auren.com/uploads/images/originals/1576.jpg" src="data:image/svg+xml;base64,PHN2ZyB3aWR0aD0iMSIgaGVpZ2h0PSIxIiB4bWxucz0iaHR0cDovL3d3dy53My5vcmcvMjAwMC9zdmciPjwvc3ZnPg==" class="lazyload"></p>
<p><!-- AddThis Advanced Settings generic via filter on the_content --><!-- AddThis Share Buttons generic via filter on the_content --></p>

<p>  Los días 24 y 25 de Septiembre se celebró en el Hotel Hottson de la ciudad de León, como cada trimestre, la junta de Socios de Auren México. </p>

<!-- This site is optimized with the Yoast SEO plugin v27.4 - https://yoast.com/product/yoast-seo-wordpress/ -->
<title>Reunión de socios de Auren México - Auren Colombia</title>
<meta name="robots" content="index, follow, max-snippet:-1, max-image-preview:large, max-video-preview:-1" />
<link rel="canonical" href="https://auren.com/co/global-new/reunion-de-socios-de-auren-mexico/" />
<meta property="og:locale" content="es_ES" />
<meta property="og:type" content="article" />
<meta property="og:title" content="Reunión de socios de Auren México - Auren Colombia" />
<meta property="og:description" content="Los días 24 y 25 de Septiembre se celebró en el Hotel Hottson de la ciudad de León, como cada trimestre, la junta de Socios de Auren México." />
<meta property="og:url" content="https://auren.com/co/global-new/reunion-de-socios-de-auren-mexico/" />
<meta property="og:site_name" content="Auren Colombia" />
<meta property="og:image" content="http://www.auren.com/uploads/images/originals/1576.jpg" />
<meta name="twitter:card" content="summary_large_image" />
<meta name="twitter:site" content="@AurenColombia" />
<meta name="twitter:label1" content="Tiempo de lectura" />
	<meta name="twitter:data1" content="1 minuto" />
<script type="application/ld+json" class="yoast-schema-graph">{"@context":"https:\/\/schema.org","@graph":[{"@type":"WebPage","@id":"https:\/\/auren.com\/co\/global-new\/reunion-de-socios-de-auren-mexico\/","url":"https:\/\/auren.com\/co\/global-new\/reunion-de-socios-de-auren-mexico\/","name":"Reunión de socios de Auren México - Auren Colombia","isPartOf":{"@id":"https:\/\/auren.com\/co\/#website"},"primaryImageOfPage":{"@id":"https:\/\/auren.com\/co\/global-new\/reunion-de-socios-de-auren-mexico\/#primaryimage"},"image":{"@id":"https:\/\/auren.com\/co\/global-new\/reunion-de-socios-de-auren-mexico\/#primaryimage"},"thumbnailUrl":"https:\/\/auren.com\/co\/wp-content\/uploads\/global\/2015\/11\/900x520_22-2.jpg","datePublished":"2015-11-27T14:05:25+00:00","breadcrumb":{"@id":"https:\/\/auren.com\/co\/global-new\/reunion-de-socios-de-auren-mexico\/#breadcrumb"},"inLanguage":"es","potentialAction":[{"@type":"ReadAction","target":["https:\/\/auren.com\/co\/global-new\/reunion-de-socios-de-auren-mexico\/"]}]},{"@type":"ImageObject","inLanguage":"es","@id":"https:\/\/auren.com\/co\/global-new\/reunion-de-socios-de-auren-mexico\/#primaryimage","url":"https:\/\/auren.com\/co\/wp-content\/uploads\/global\/2015\/11\/900x520_22-2.jpg","contentUrl":"https:\/\/auren.com\/co\/wp-content\/uploads\/global\/2015\/11\/900x520_22-2.jpg","width":900,"height":520},{"@type":"BreadcrumbList","@id":"https:\/\/auren.com\/co\/global-new\/reunion-de-socios-de-auren-mexico\/#breadcrumb","itemListElement":[{"@type":"ListItem","position":1,"name":"Portada","item":"https:\/\/auren.com\/co\/"},{"@type":"ListItem","position":2,"name":"Reunión de socios de Auren México"}]},{"@type":"WebSite","@id":"https:\/\/auren.com\/co\/#website","url":"https:\/\/auren.com\/co\/","name":"Auren Colombia","description":"","publisher":{"@id":"https:\/\/auren.com\/co\/#organization"},"potentialAction":[{"@type":"SearchAction","target":{"@type":"EntryPoint","urlTemplate":"https:\/\/auren.com\/co\/?s={search_term_string}"},"query-input":{"@type":"PropertyValueSpecification","valueRequired":true,"valueName":"search_term_string"}}],"inLanguage":"es"},{"@type":"Organization","@id":"https:\/\/auren.com\/co\/#organization","name":"Auren Colombia","url":"https:\/\/auren.com\/co\/","logo":{"@type":"ImageObject","inLanguage":"es","@id":"https:\/\/auren.com\/co\/#\/schema\/logo\/image\/","url":"https:\/\/auren.com\/co\/wp-content\/uploads\/2025\/01\/cropped-cropped-favicon-Auren.png","contentUrl":"https:\/\/auren.com\/co\/wp-content\/uploads\/2025\/01\/cropped-cropped-favicon-Auren.png","width":512,"height":512,"caption":"Auren Colombia"},"image":{"@id":"https:\/\/auren.com\/co\/#\/schema\/logo\/image\/"},"sameAs":["https:\/\/x.com\/AurenColombia","https:\/\/www.instagram.com\/aurencolombia\/","https:\/\/www.youtube.com\/channel\/UCRYoGRMR_k4oVWesdErApmA","https:\/\/www.linkedin.com\/company\/auren-colombia"]}]}</script>
<!-- / Yoast SEO plugin. -->

Reunión de socios de Auren México - Auren Colombia

Los días 24 y 25 de Septiembre se celebró en el Hotel Hottson de la ciudad de León, como cada trimestre, la junta de Socios de Auren México.
