{"id":15542,"date":"2016-11-14T10:02:15","date_gmt":"2016-11-14T09:02:15","guid":{"rendered":"https:\/\/auren.com\/co\/global-new\/auren-organiza-el-congreso-fiscal-hispano-aleman-para-directivos-y-empresarios\/"},"modified":"2016-11-14T10:02:15","modified_gmt":"2016-11-14T09:02:15","slug":"auren-organiza-el-congreso-fiscal-hispano-aleman-para-directivos-y-empresarios","status":"publish","type":"global-new","link":"https:\/\/auren.com\/co\/global-new\/auren-organiza-el-congreso-fiscal-hispano-aleman-para-directivos-y-empresarios\/","title":{"rendered":"Auren organiza el Congreso Fiscal Hispano-alem\u00e1n para directivos y empresarios"},"content":{"rendered":"<p style=\"text-align: justify\">El congreso cual tuvo lugar el 22 de septiembre de 2016 en una finca en Campanet, Mallorca. Los ponentes abordaron por un lado los aspectos fiscales y legales de operaciones inmobiliarias (compra \u2013 venta- alquiler), y por otro lado trataron cuestiones relacionadas con la actividad e inversi\u00f3n de empresas alemanas en Espa\u00f1a. Al final de la jornada participaron tambi\u00e9n miembros de ANTEA de diferentes pa\u00edses como Austria, Suiza, Pa\u00edses Bajos, Francia, Italia y Brasil, en un foro informativo.<\/p>\n<p style=\"text-align: justify\">Los resultados han sido muy buenos: hubo unos 60 participantes entre clientes y potenciales clientes de Auren Palma de Mallorca y Auren Alemania, y adem\u00e1s hubo muchas conversaciones interesantes entre ellos y nuestros asesores, lo cual esperamos se materialice en nuevos proyectos conjuntos. <\/p>\n<p><!-- AddThis Advanced Settings generic via filter on the_content --><!-- AddThis Share Buttons generic via filter on the_content --><\/p>\n","protected":false},"excerpt":{"rendered":"<p>La oficina de Auren en Palma de Mallorca, conjuntamente con las oficinas de Auren en Alemania, organizaron un congreso fiscal hispano-alem\u00e1n.<\/p>\n","protected":false},"featured_media":12366,"template":"","meta":{"_acf_changed":false},"global-new-category":[],"class_list":["post-15542","global-new","type-global-new","status-publish","has-post-thumbnail","hentry"],"acf":[],"yoast_head":"<!-- This site is optimized with the Yoast SEO plugin v27.4 - https:\/\/yoast.com\/product\/yoast-seo-wordpress\/ -->\n<title>Auren organiza el Congreso Fiscal Hispano-alem\u00e1n para directivos y empresarios - Auren Colombia<\/title>\n<meta name=\"robots\" content=\"index, follow, max-snippet:-1, max-image-preview:large, max-video-preview:-1\" \/>\n<link rel=\"canonical\" href=\"https:\/\/auren.com\/co\/global-new\/auren-organiza-el-congreso-fiscal-hispano-aleman-para-directivos-y-empresarios\/\" \/>\n<meta property=\"og:locale\" content=\"es_ES\" \/>\n<meta property=\"og:type\" content=\"article\" \/>\n<meta property=\"og:title\" content=\"Auren organiza el Congreso Fiscal Hispano-alem\u00e1n para directivos y empresarios - Auren Colombia\" \/>\n<meta property=\"og:description\" content=\"La oficina de Auren en Palma de Mallorca, conjuntamente con las oficinas de Auren en Alemania, organizaron un congreso fiscal hispano-alem\u00e1n.\" \/>\n<meta property=\"og:url\" content=\"https:\/\/auren.com\/co\/global-new\/auren-organiza-el-congreso-fiscal-hispano-aleman-para-directivos-y-empresarios\/\" \/>\n<meta property=\"og:site_name\" content=\"Auren Colombia\" \/>\n<meta name=\"twitter:card\" content=\"summary_large_image\" \/>\n<meta name=\"twitter:site\" content=\"@AurenColombia\" \/>\n<meta name=\"twitter:label1\" content=\"Tiempo de lectura\" \/>\n\t<meta name=\"twitter:data1\" content=\"1 minuto\" \/>\n<script type=\"application\/ld+json\" class=\"yoast-schema-graph\">{\"@context\":\"https:\\\/\\\/schema.org\",\"@graph\":[{\"@type\":\"WebPage\",\"@id\":\"https:\\\/\\\/auren.com\\\/co\\\/global-new\\\/auren-organiza-el-congreso-fiscal-hispano-aleman-para-directivos-y-empresarios\\\/\",\"url\":\"https:\\\/\\\/auren.com\\\/co\\\/global-new\\\/auren-organiza-el-congreso-fiscal-hispano-aleman-para-directivos-y-empresarios\\\/\",\"name\":\"Auren organiza el Congreso Fiscal Hispano-alem\u00e1n para directivos y empresarios - Auren Colombia\",\"isPartOf\":{\"@id\":\"https:\\\/\\\/auren.com\\\/co\\\/#website\"},\"primaryImageOfPage\":{\"@id\":\"https:\\\/\\\/auren.com\\\/co\\\/global-new\\\/auren-organiza-el-congreso-fiscal-hispano-aleman-para-directivos-y-empresarios\\\/#primaryimage\"},\"image\":{\"@id\":\"https:\\\/\\\/auren.com\\\/co\\\/global-new\\\/auren-organiza-el-congreso-fiscal-hispano-aleman-para-directivos-y-empresarios\\\/#primaryimage\"},\"thumbnailUrl\":\"https:\\\/\\\/auren.com\\\/co\\\/wp-content\\\/uploads\\\/global\\\/2016\\\/11\\\/900x520_20-2.jpg\",\"datePublished\":\"2016-11-14T09:02:15+00:00\",\"breadcrumb\":{\"@id\":\"https:\\\/\\\/auren.com\\\/co\\\/global-new\\\/auren-organiza-el-congreso-fiscal-hispano-aleman-para-directivos-y-empresarios\\\/#breadcrumb\"},\"inLanguage\":\"es\",\"potentialAction\":[{\"@type\":\"ReadAction\",\"target\":[\"https:\\\/\\\/auren.com\\\/co\\\/global-new\\\/auren-organiza-el-congreso-fiscal-hispano-aleman-para-directivos-y-empresarios\\\/\"]}]},{\"@type\":\"ImageObject\",\"inLanguage\":\"es\",\"@id\":\"https:\\\/\\\/auren.com\\\/co\\\/global-new\\\/auren-organiza-el-congreso-fiscal-hispano-aleman-para-directivos-y-empresarios\\\/#primaryimage\",\"url\":\"https:\\\/\\\/auren.com\\\/co\\\/wp-content\\\/uploads\\\/global\\\/2016\\\/11\\\/900x520_20-2.jpg\",\"contentUrl\":\"https:\\\/\\\/auren.com\\\/co\\\/wp-content\\\/uploads\\\/global\\\/2016\\\/11\\\/900x520_20-2.jpg\",\"width\":900,\"height\":520},{\"@type\":\"BreadcrumbList\",\"@id\":\"https:\\\/\\\/auren.com\\\/co\\\/global-new\\\/auren-organiza-el-congreso-fiscal-hispano-aleman-para-directivos-y-empresarios\\\/#breadcrumb\",\"itemListElement\":[{\"@type\":\"ListItem\",\"position\":1,\"name\":\"Portada\",\"item\":\"https:\\\/\\\/auren.com\\\/co\\\/\"},{\"@type\":\"ListItem\",\"position\":2,\"name\":\"Auren organiza el Congreso Fiscal Hispano-alem\u00e1n para directivos y empresarios\"}]},{\"@type\":\"WebSite\",\"@id\":\"https:\\\/\\\/auren.com\\\/co\\\/#website\",\"url\":\"https:\\\/\\\/auren.com\\\/co\\\/\",\"name\":\"Auren Colombia\",\"description\":\"\",\"publisher\":{\"@id\":\"https:\\\/\\\/auren.com\\\/co\\\/#organization\"},\"potentialAction\":[{\"@type\":\"SearchAction\",\"target\":{\"@type\":\"EntryPoint\",\"urlTemplate\":\"https:\\\/\\\/auren.com\\\/co\\\/?s={search_term_string}\"},\"query-input\":{\"@type\":\"PropertyValueSpecification\",\"valueRequired\":true,\"valueName\":\"search_term_string\"}}],\"inLanguage\":\"es\"},{\"@type\":\"Organization\",\"@id\":\"https:\\\/\\\/auren.com\\\/co\\\/#organization\",\"name\":\"Auren Colombia\",\"url\":\"https:\\\/\\\/auren.com\\\/co\\\/\",\"logo\":{\"@type\":\"ImageObject\",\"inLanguage\":\"es\",\"@id\":\"https:\\\/\\\/auren.com\\\/co\\\/#\\\/schema\\\/logo\\\/image\\\/\",\"url\":\"https:\\\/\\\/auren.com\\\/co\\\/wp-content\\\/uploads\\\/2025\\\/01\\\/cropped-cropped-favicon-Auren.png\",\"contentUrl\":\"https:\\\/\\\/auren.com\\\/co\\\/wp-content\\\/uploads\\\/2025\\\/01\\\/cropped-cropped-favicon-Auren.png\",\"width\":512,\"height\":512,\"caption\":\"Auren Colombia\"},\"image\":{\"@id\":\"https:\\\/\\\/auren.com\\\/co\\\/#\\\/schema\\\/logo\\\/image\\\/\"},\"sameAs\":[\"https:\\\/\\\/x.com\\\/AurenColombia\",\"https:\\\/\\\/www.instagram.com\\\/aurencolombia\\\/\",\"https:\\\/\\\/www.youtube.com\\\/channel\\\/UCRYoGRMR_k4oVWesdErApmA\",\"https:\\\/\\\/www.linkedin.com\\\/company\\\/auren-colombia\"]}]}<\/script>\n<!-- \/ Yoast SEO plugin. -->","yoast_head_json":{"title":"Auren organiza el Congreso Fiscal Hispano-alem\u00e1n para directivos y empresarios - Auren Colombia","robots":{"index":"index","follow":"follow","max-snippet":"max-snippet:-1","max-image-preview":"max-image-preview:large","max-video-preview":"max-video-preview:-1"},"canonical":"https:\/\/auren.com\/co\/global-new\/auren-organiza-el-congreso-fiscal-hispano-aleman-para-directivos-y-empresarios\/","og_locale":"es_ES","og_type":"article","og_title":"Auren organiza el Congreso Fiscal Hispano-alem\u00e1n para directivos y empresarios - Auren Colombia","og_description":"La oficina de Auren en Palma de Mallorca, conjuntamente con las oficinas de Auren en Alemania, organizaron un congreso fiscal hispano-alem\u00e1n.","og_url":"https:\/\/auren.com\/co\/global-new\/auren-organiza-el-congreso-fiscal-hispano-aleman-para-directivos-y-empresarios\/","og_site_name":"Auren Colombia","twitter_card":"summary_large_image","twitter_site":"@AurenColombia","twitter_misc":{"Tiempo de lectura":"1 minuto"},"schema":{"@context":"https:\/\/schema.org","@graph":[{"@type":"WebPage","@id":"https:\/\/auren.com\/co\/global-new\/auren-organiza-el-congreso-fiscal-hispano-aleman-para-directivos-y-empresarios\/","url":"https:\/\/auren.com\/co\/global-new\/auren-organiza-el-congreso-fiscal-hispano-aleman-para-directivos-y-empresarios\/","name":"Auren organiza el Congreso Fiscal Hispano-alem\u00e1n para directivos y empresarios - Auren Colombia","isPartOf":{"@id":"https:\/\/auren.com\/co\/#website"},"primaryImageOfPage":{"@id":"https:\/\/auren.com\/co\/global-new\/auren-organiza-el-congreso-fiscal-hispano-aleman-para-directivos-y-empresarios\/#primaryimage"},"image":{"@id":"https:\/\/auren.com\/co\/global-new\/auren-organiza-el-congreso-fiscal-hispano-aleman-para-directivos-y-empresarios\/#primaryimage"},"thumbnailUrl":"https:\/\/auren.com\/co\/wp-content\/uploads\/global\/2016\/11\/900x520_20-2.jpg","datePublished":"2016-11-14T09:02:15+00:00","breadcrumb":{"@id":"https:\/\/auren.com\/co\/global-new\/auren-organiza-el-congreso-fiscal-hispano-aleman-para-directivos-y-empresarios\/#breadcrumb"},"inLanguage":"es","potentialAction":[{"@type":"ReadAction","target":["https:\/\/auren.com\/co\/global-new\/auren-organiza-el-congreso-fiscal-hispano-aleman-para-directivos-y-empresarios\/"]}]},{"@type":"ImageObject","inLanguage":"es","@id":"https:\/\/auren.com\/co\/global-new\/auren-organiza-el-congreso-fiscal-hispano-aleman-para-directivos-y-empresarios\/#primaryimage","url":"https:\/\/auren.com\/co\/wp-content\/uploads\/global\/2016\/11\/900x520_20-2.jpg","contentUrl":"https:\/\/auren.com\/co\/wp-content\/uploads\/global\/2016\/11\/900x520_20-2.jpg","width":900,"height":520},{"@type":"BreadcrumbList","@id":"https:\/\/auren.com\/co\/global-new\/auren-organiza-el-congreso-fiscal-hispano-aleman-para-directivos-y-empresarios\/#breadcrumb","itemListElement":[{"@type":"ListItem","position":1,"name":"Portada","item":"https:\/\/auren.com\/co\/"},{"@type":"ListItem","position":2,"name":"Auren organiza el Congreso Fiscal Hispano-alem\u00e1n para directivos y empresarios"}]},{"@type":"WebSite","@id":"https:\/\/auren.com\/co\/#website","url":"https:\/\/auren.com\/co\/","name":"Auren Colombia","description":"","publisher":{"@id":"https:\/\/auren.com\/co\/#organization"},"potentialAction":[{"@type":"SearchAction","target":{"@type":"EntryPoint","urlTemplate":"https:\/\/auren.com\/co\/?s={search_term_string}"},"query-input":{"@type":"PropertyValueSpecification","valueRequired":true,"valueName":"search_term_string"}}],"inLanguage":"es"},{"@type":"Organization","@id":"https:\/\/auren.com\/co\/#organization","name":"Auren Colombia","url":"https:\/\/auren.com\/co\/","logo":{"@type":"ImageObject","inLanguage":"es","@id":"https:\/\/auren.com\/co\/#\/schema\/logo\/image\/","url":"https:\/\/auren.com\/co\/wp-content\/uploads\/2025\/01\/cropped-cropped-favicon-Auren.png","contentUrl":"https:\/\/auren.com\/co\/wp-content\/uploads\/2025\/01\/cropped-cropped-favicon-Auren.png","width":512,"height":512,"caption":"Auren Colombia"},"image":{"@id":"https:\/\/auren.com\/co\/#\/schema\/logo\/image\/"},"sameAs":["https:\/\/x.com\/AurenColombia","https:\/\/www.instagram.com\/aurencolombia\/","https:\/\/www.youtube.com\/channel\/UCRYoGRMR_k4oVWesdErApmA","https:\/\/www.linkedin.com\/company\/auren-colombia"]}]}},"_links":{"self":[{"href":"https:\/\/auren.com\/co\/wp-json\/wp\/v2\/global-new\/15542","targetHints":{"allow":["GET"]}}],"collection":[{"href":"https:\/\/auren.com\/co\/wp-json\/wp\/v2\/global-new"}],"about":[{"href":"https:\/\/auren.com\/co\/wp-json\/wp\/v2\/types\/global-new"}],"wp:featuredmedia":[{"embeddable":true,"href":"https:\/\/auren.com\/co\/wp-json\/wp\/v2\/media\/12366"}],"wp:attachment":[{"href":"https:\/\/auren.com\/co\/wp-json\/wp\/v2\/media?parent=15542"}],"wp:term":[{"taxonomy":"global-new-category","embeddable":true,"href":"https:\/\/auren.com\/co\/wp-json\/wp\/v2\/global-new-category?post=15542"}],"curies":[{"name":"wp","href":"https:\/\/api.w.org\/{rel}","templated":true}]}}

Auren organiza el Congreso Fiscal Hispano-alemán para directivos y empresarios

<p style="text-align: justify">El congreso cual tuvo lugar el 22 de septiembre de 2016 en una finca en Campanet, Mallorca. Los ponentes abordaron por un lado los aspectos fiscales y legales de operaciones inmobiliarias (compra – venta- alquiler), y por otro lado trataron cuestiones relacionadas con la actividad e inversión de empresas alemanas en España. Al final de la jornada participaron también miembros de ANTEA de diferentes países como Austria, Suiza, Países Bajos, Francia, Italia y Brasil, en un foro informativo.</p>
<p style="text-align: justify">Los resultados han sido muy buenos: hubo unos 60 participantes entre clientes y potenciales clientes de Auren Palma de Mallorca y Auren Alemania, y además hubo muchas conversaciones interesantes entre ellos y nuestros asesores, lo cual esperamos se materialice en nuevos proyectos conjuntos. </p>
<p><!-- AddThis Advanced Settings generic via filter on the_content --><!-- AddThis Share Buttons generic via filter on the_content --></p>

<p>La oficina de Auren en Palma de Mallorca, conjuntamente con las oficinas de Auren en Alemania, organizaron un congreso fiscal hispano-alemán.</p>

<!-- This site is optimized with the Yoast SEO plugin v27.4 - https://yoast.com/product/yoast-seo-wordpress/ -->
<title>Auren organiza el Congreso Fiscal Hispano-alemán para directivos y empresarios - Auren Colombia</title>
<meta name="robots" content="index, follow, max-snippet:-1, max-image-preview:large, max-video-preview:-1" />
<link rel="canonical" href="https://auren.com/co/global-new/auren-organiza-el-congreso-fiscal-hispano-aleman-para-directivos-y-empresarios/" />
<meta property="og:locale" content="es_ES" />
<meta property="og:type" content="article" />
<meta property="og:title" content="Auren organiza el Congreso Fiscal Hispano-alemán para directivos y empresarios - Auren Colombia" />
<meta property="og:description" content="La oficina de Auren en Palma de Mallorca, conjuntamente con las oficinas de Auren en Alemania, organizaron un congreso fiscal hispano-alemán." />
<meta property="og:url" content="https://auren.com/co/global-new/auren-organiza-el-congreso-fiscal-hispano-aleman-para-directivos-y-empresarios/" />
<meta property="og:site_name" content="Auren Colombia" />
<meta name="twitter:card" content="summary_large_image" />
<meta name="twitter:site" content="@AurenColombia" />
<meta name="twitter:label1" content="Tiempo de lectura" />
	<meta name="twitter:data1" content="1 minuto" />
<script type="application/ld+json" class="yoast-schema-graph">{"@context":"https:\/\/schema.org","@graph":[{"@type":"WebPage","@id":"https:\/\/auren.com\/co\/global-new\/auren-organiza-el-congreso-fiscal-hispano-aleman-para-directivos-y-empresarios\/","url":"https:\/\/auren.com\/co\/global-new\/auren-organiza-el-congreso-fiscal-hispano-aleman-para-directivos-y-empresarios\/","name":"Auren organiza el Congreso Fiscal Hispano-alemán para directivos y empresarios - Auren Colombia","isPartOf":{"@id":"https:\/\/auren.com\/co\/#website"},"primaryImageOfPage":{"@id":"https:\/\/auren.com\/co\/global-new\/auren-organiza-el-congreso-fiscal-hispano-aleman-para-directivos-y-empresarios\/#primaryimage"},"image":{"@id":"https:\/\/auren.com\/co\/global-new\/auren-organiza-el-congreso-fiscal-hispano-aleman-para-directivos-y-empresarios\/#primaryimage"},"thumbnailUrl":"https:\/\/auren.com\/co\/wp-content\/uploads\/global\/2016\/11\/900x520_20-2.jpg","datePublished":"2016-11-14T09:02:15+00:00","breadcrumb":{"@id":"https:\/\/auren.com\/co\/global-new\/auren-organiza-el-congreso-fiscal-hispano-aleman-para-directivos-y-empresarios\/#breadcrumb"},"inLanguage":"es","potentialAction":[{"@type":"ReadAction","target":["https:\/\/auren.com\/co\/global-new\/auren-organiza-el-congreso-fiscal-hispano-aleman-para-directivos-y-empresarios\/"]}]},{"@type":"ImageObject","inLanguage":"es","@id":"https:\/\/auren.com\/co\/global-new\/auren-organiza-el-congreso-fiscal-hispano-aleman-para-directivos-y-empresarios\/#primaryimage","url":"https:\/\/auren.com\/co\/wp-content\/uploads\/global\/2016\/11\/900x520_20-2.jpg","contentUrl":"https:\/\/auren.com\/co\/wp-content\/uploads\/global\/2016\/11\/900x520_20-2.jpg","width":900,"height":520},{"@type":"BreadcrumbList","@id":"https:\/\/auren.com\/co\/global-new\/auren-organiza-el-congreso-fiscal-hispano-aleman-para-directivos-y-empresarios\/#breadcrumb","itemListElement":[{"@type":"ListItem","position":1,"name":"Portada","item":"https:\/\/auren.com\/co\/"},{"@type":"ListItem","position":2,"name":"Auren organiza el Congreso Fiscal Hispano-alemán para directivos y empresarios"}]},{"@type":"WebSite","@id":"https:\/\/auren.com\/co\/#website","url":"https:\/\/auren.com\/co\/","name":"Auren Colombia","description":"","publisher":{"@id":"https:\/\/auren.com\/co\/#organization"},"potentialAction":[{"@type":"SearchAction","target":{"@type":"EntryPoint","urlTemplate":"https:\/\/auren.com\/co\/?s={search_term_string}"},"query-input":{"@type":"PropertyValueSpecification","valueRequired":true,"valueName":"search_term_string"}}],"inLanguage":"es"},{"@type":"Organization","@id":"https:\/\/auren.com\/co\/#organization","name":"Auren Colombia","url":"https:\/\/auren.com\/co\/","logo":{"@type":"ImageObject","inLanguage":"es","@id":"https:\/\/auren.com\/co\/#\/schema\/logo\/image\/","url":"https:\/\/auren.com\/co\/wp-content\/uploads\/2025\/01\/cropped-cropped-favicon-Auren.png","contentUrl":"https:\/\/auren.com\/co\/wp-content\/uploads\/2025\/01\/cropped-cropped-favicon-Auren.png","width":512,"height":512,"caption":"Auren Colombia"},"image":{"@id":"https:\/\/auren.com\/co\/#\/schema\/logo\/image\/"},"sameAs":["https:\/\/x.com\/AurenColombia","https:\/\/www.instagram.com\/aurencolombia\/","https:\/\/www.youtube.com\/channel\/UCRYoGRMR_k4oVWesdErApmA","https:\/\/www.linkedin.com\/company\/auren-colombia"]}]}</script>
<!-- / Yoast SEO plugin. -->

Auren organiza el Congreso Fiscal Hispano-alemán para directivos y empresarios - Auren Colombia

La oficina de Auren en Palma de Mallorca, conjuntamente con las oficinas de Auren en Alemania, organizaron un congreso fiscal hispano-alemán.
