{"id":15547,"date":"2016-11-14T10:23:44","date_gmt":"2016-11-14T09:23:44","guid":{"rendered":"https:\/\/auren.com\/co\/global-new\/auren-uruguay-incorporacion-estudio-daniel-veiga\/"},"modified":"2016-11-14T10:23:44","modified_gmt":"2016-11-14T09:23:44","slug":"auren-uruguay-incorporacion-estudio-daniel-veiga","status":"publish","type":"global-new","link":"https:\/\/auren.com\/co\/global-new\/auren-uruguay-incorporacion-estudio-daniel-veiga\/","title":{"rendered":"Auren Uruguay, incorporaci\u00f3n estudio Daniel Veiga"},"content":{"rendered":"<p style=\"text-align: justify\">El estudio Veiga Dobrich &amp; Asociados (VD&amp;A) se ha fusionado a Auren Uruguay, integr\u00e1ndose como socio Daniel Veiga, quien ha desarrollado el estudio VD&amp;A desde el a\u00f1o 1980, asesorando a sus clientes en las \u00e1reas Contable, Fiscal, Financiera, Auditor\u00eda y Consultor\u00eda en general, continuando la tradici\u00f3n familiar desde el a\u00f1o 1952. Igualmente, Carlos Galvalisi socio de auditor\u00eda, se convirti\u00f3 en accionista de la firma en agosto 2016. <\/p>\n<p style=\"text-align: justify\">As\u00ed, una de las firmas con m\u00e1s historia en el pa\u00eds se une a una con presencia internacional, convirtiendo a Auren en un competidor de primera l\u00ednea en el mercado uruguayo, sumando experiencia, profesionalismo y recorrido a un equipo de trabajo consolidado. Este hito, no solo redimensiona la firma, sino que conforma un equipo de m\u00e1s de 150 profesionales al servicio de una extensa cartera de clientes.<\/p>\n<p><!-- AddThis Advanced Settings generic via filter on the_content --><!-- AddThis Share Buttons generic via filter on the_content --><\/p>\n","protected":false},"excerpt":{"rendered":"<p>Nos complace anunciarles que se ha fusionado con Auren Uruguay, el estudio Veiga Dobrich &amp; Asociados<\/p>\n","protected":false},"featured_media":12363,"template":"","meta":{"_acf_changed":false},"global-new-category":[],"class_list":["post-15547","global-new","type-global-new","status-publish","has-post-thumbnail","hentry"],"acf":[],"yoast_head":"<!-- This site is optimized with the Yoast SEO plugin v27.4 - https:\/\/yoast.com\/product\/yoast-seo-wordpress\/ -->\n<title>Auren Uruguay, incorporaci\u00f3n estudio Daniel Veiga - Auren Colombia<\/title>\n<meta name=\"robots\" content=\"index, follow, max-snippet:-1, max-image-preview:large, max-video-preview:-1\" \/>\n<link rel=\"canonical\" href=\"https:\/\/auren.com\/co\/global-new\/auren-uruguay-incorporacion-estudio-daniel-veiga\/\" \/>\n<meta property=\"og:locale\" content=\"es_ES\" \/>\n<meta property=\"og:type\" content=\"article\" \/>\n<meta property=\"og:title\" content=\"Auren Uruguay, incorporaci\u00f3n estudio Daniel Veiga - Auren Colombia\" \/>\n<meta property=\"og:description\" content=\"Nos complace anunciarles que se ha fusionado con Auren Uruguay, el estudio Veiga Dobrich &amp; Asociados\" \/>\n<meta property=\"og:url\" content=\"https:\/\/auren.com\/co\/global-new\/auren-uruguay-incorporacion-estudio-daniel-veiga\/\" \/>\n<meta property=\"og:site_name\" content=\"Auren Colombia\" \/>\n<meta name=\"twitter:card\" content=\"summary_large_image\" \/>\n<meta name=\"twitter:site\" content=\"@AurenColombia\" \/>\n<meta name=\"twitter:label1\" content=\"Tiempo de lectura\" \/>\n\t<meta name=\"twitter:data1\" content=\"1 minuto\" \/>\n<script type=\"application\/ld+json\" class=\"yoast-schema-graph\">{\"@context\":\"https:\\\/\\\/schema.org\",\"@graph\":[{\"@type\":\"WebPage\",\"@id\":\"https:\\\/\\\/auren.com\\\/co\\\/global-new\\\/auren-uruguay-incorporacion-estudio-daniel-veiga\\\/\",\"url\":\"https:\\\/\\\/auren.com\\\/co\\\/global-new\\\/auren-uruguay-incorporacion-estudio-daniel-veiga\\\/\",\"name\":\"Auren Uruguay, incorporaci\u00f3n estudio Daniel Veiga - Auren Colombia\",\"isPartOf\":{\"@id\":\"https:\\\/\\\/auren.com\\\/co\\\/#website\"},\"primaryImageOfPage\":{\"@id\":\"https:\\\/\\\/auren.com\\\/co\\\/global-new\\\/auren-uruguay-incorporacion-estudio-daniel-veiga\\\/#primaryimage\"},\"image\":{\"@id\":\"https:\\\/\\\/auren.com\\\/co\\\/global-new\\\/auren-uruguay-incorporacion-estudio-daniel-veiga\\\/#primaryimage\"},\"thumbnailUrl\":\"https:\\\/\\\/auren.com\\\/co\\\/wp-content\\\/uploads\\\/global\\\/2016\\\/11\\\/900x520_39-1.jpg\",\"datePublished\":\"2016-11-14T09:23:44+00:00\",\"breadcrumb\":{\"@id\":\"https:\\\/\\\/auren.com\\\/co\\\/global-new\\\/auren-uruguay-incorporacion-estudio-daniel-veiga\\\/#breadcrumb\"},\"inLanguage\":\"es\",\"potentialAction\":[{\"@type\":\"ReadAction\",\"target\":[\"https:\\\/\\\/auren.com\\\/co\\\/global-new\\\/auren-uruguay-incorporacion-estudio-daniel-veiga\\\/\"]}]},{\"@type\":\"ImageObject\",\"inLanguage\":\"es\",\"@id\":\"https:\\\/\\\/auren.com\\\/co\\\/global-new\\\/auren-uruguay-incorporacion-estudio-daniel-veiga\\\/#primaryimage\",\"url\":\"https:\\\/\\\/auren.com\\\/co\\\/wp-content\\\/uploads\\\/global\\\/2016\\\/11\\\/900x520_39-1.jpg\",\"contentUrl\":\"https:\\\/\\\/auren.com\\\/co\\\/wp-content\\\/uploads\\\/global\\\/2016\\\/11\\\/900x520_39-1.jpg\",\"width\":900,\"height\":520},{\"@type\":\"BreadcrumbList\",\"@id\":\"https:\\\/\\\/auren.com\\\/co\\\/global-new\\\/auren-uruguay-incorporacion-estudio-daniel-veiga\\\/#breadcrumb\",\"itemListElement\":[{\"@type\":\"ListItem\",\"position\":1,\"name\":\"Portada\",\"item\":\"https:\\\/\\\/auren.com\\\/co\\\/\"},{\"@type\":\"ListItem\",\"position\":2,\"name\":\"Auren Uruguay, incorporaci\u00f3n estudio Daniel Veiga\"}]},{\"@type\":\"WebSite\",\"@id\":\"https:\\\/\\\/auren.com\\\/co\\\/#website\",\"url\":\"https:\\\/\\\/auren.com\\\/co\\\/\",\"name\":\"Auren Colombia\",\"description\":\"\",\"publisher\":{\"@id\":\"https:\\\/\\\/auren.com\\\/co\\\/#organization\"},\"potentialAction\":[{\"@type\":\"SearchAction\",\"target\":{\"@type\":\"EntryPoint\",\"urlTemplate\":\"https:\\\/\\\/auren.com\\\/co\\\/?s={search_term_string}\"},\"query-input\":{\"@type\":\"PropertyValueSpecification\",\"valueRequired\":true,\"valueName\":\"search_term_string\"}}],\"inLanguage\":\"es\"},{\"@type\":\"Organization\",\"@id\":\"https:\\\/\\\/auren.com\\\/co\\\/#organization\",\"name\":\"Auren Colombia\",\"url\":\"https:\\\/\\\/auren.com\\\/co\\\/\",\"logo\":{\"@type\":\"ImageObject\",\"inLanguage\":\"es\",\"@id\":\"https:\\\/\\\/auren.com\\\/co\\\/#\\\/schema\\\/logo\\\/image\\\/\",\"url\":\"https:\\\/\\\/auren.com\\\/co\\\/wp-content\\\/uploads\\\/2025\\\/01\\\/cropped-cropped-favicon-Auren.png\",\"contentUrl\":\"https:\\\/\\\/auren.com\\\/co\\\/wp-content\\\/uploads\\\/2025\\\/01\\\/cropped-cropped-favicon-Auren.png\",\"width\":512,\"height\":512,\"caption\":\"Auren Colombia\"},\"image\":{\"@id\":\"https:\\\/\\\/auren.com\\\/co\\\/#\\\/schema\\\/logo\\\/image\\\/\"},\"sameAs\":[\"https:\\\/\\\/x.com\\\/AurenColombia\",\"https:\\\/\\\/www.instagram.com\\\/aurencolombia\\\/\",\"https:\\\/\\\/www.youtube.com\\\/channel\\\/UCRYoGRMR_k4oVWesdErApmA\",\"https:\\\/\\\/www.linkedin.com\\\/company\\\/auren-colombia\"]}]}<\/script>\n<!-- \/ Yoast SEO plugin. -->","yoast_head_json":{"title":"Auren Uruguay, incorporaci\u00f3n estudio Daniel Veiga - Auren Colombia","robots":{"index":"index","follow":"follow","max-snippet":"max-snippet:-1","max-image-preview":"max-image-preview:large","max-video-preview":"max-video-preview:-1"},"canonical":"https:\/\/auren.com\/co\/global-new\/auren-uruguay-incorporacion-estudio-daniel-veiga\/","og_locale":"es_ES","og_type":"article","og_title":"Auren Uruguay, incorporaci\u00f3n estudio Daniel Veiga - Auren Colombia","og_description":"Nos complace anunciarles que se ha fusionado con Auren Uruguay, el estudio Veiga Dobrich &amp; Asociados","og_url":"https:\/\/auren.com\/co\/global-new\/auren-uruguay-incorporacion-estudio-daniel-veiga\/","og_site_name":"Auren Colombia","twitter_card":"summary_large_image","twitter_site":"@AurenColombia","twitter_misc":{"Tiempo de lectura":"1 minuto"},"schema":{"@context":"https:\/\/schema.org","@graph":[{"@type":"WebPage","@id":"https:\/\/auren.com\/co\/global-new\/auren-uruguay-incorporacion-estudio-daniel-veiga\/","url":"https:\/\/auren.com\/co\/global-new\/auren-uruguay-incorporacion-estudio-daniel-veiga\/","name":"Auren Uruguay, incorporaci\u00f3n estudio Daniel Veiga - Auren Colombia","isPartOf":{"@id":"https:\/\/auren.com\/co\/#website"},"primaryImageOfPage":{"@id":"https:\/\/auren.com\/co\/global-new\/auren-uruguay-incorporacion-estudio-daniel-veiga\/#primaryimage"},"image":{"@id":"https:\/\/auren.com\/co\/global-new\/auren-uruguay-incorporacion-estudio-daniel-veiga\/#primaryimage"},"thumbnailUrl":"https:\/\/auren.com\/co\/wp-content\/uploads\/global\/2016\/11\/900x520_39-1.jpg","datePublished":"2016-11-14T09:23:44+00:00","breadcrumb":{"@id":"https:\/\/auren.com\/co\/global-new\/auren-uruguay-incorporacion-estudio-daniel-veiga\/#breadcrumb"},"inLanguage":"es","potentialAction":[{"@type":"ReadAction","target":["https:\/\/auren.com\/co\/global-new\/auren-uruguay-incorporacion-estudio-daniel-veiga\/"]}]},{"@type":"ImageObject","inLanguage":"es","@id":"https:\/\/auren.com\/co\/global-new\/auren-uruguay-incorporacion-estudio-daniel-veiga\/#primaryimage","url":"https:\/\/auren.com\/co\/wp-content\/uploads\/global\/2016\/11\/900x520_39-1.jpg","contentUrl":"https:\/\/auren.com\/co\/wp-content\/uploads\/global\/2016\/11\/900x520_39-1.jpg","width":900,"height":520},{"@type":"BreadcrumbList","@id":"https:\/\/auren.com\/co\/global-new\/auren-uruguay-incorporacion-estudio-daniel-veiga\/#breadcrumb","itemListElement":[{"@type":"ListItem","position":1,"name":"Portada","item":"https:\/\/auren.com\/co\/"},{"@type":"ListItem","position":2,"name":"Auren Uruguay, incorporaci\u00f3n estudio Daniel Veiga"}]},{"@type":"WebSite","@id":"https:\/\/auren.com\/co\/#website","url":"https:\/\/auren.com\/co\/","name":"Auren Colombia","description":"","publisher":{"@id":"https:\/\/auren.com\/co\/#organization"},"potentialAction":[{"@type":"SearchAction","target":{"@type":"EntryPoint","urlTemplate":"https:\/\/auren.com\/co\/?s={search_term_string}"},"query-input":{"@type":"PropertyValueSpecification","valueRequired":true,"valueName":"search_term_string"}}],"inLanguage":"es"},{"@type":"Organization","@id":"https:\/\/auren.com\/co\/#organization","name":"Auren Colombia","url":"https:\/\/auren.com\/co\/","logo":{"@type":"ImageObject","inLanguage":"es","@id":"https:\/\/auren.com\/co\/#\/schema\/logo\/image\/","url":"https:\/\/auren.com\/co\/wp-content\/uploads\/2025\/01\/cropped-cropped-favicon-Auren.png","contentUrl":"https:\/\/auren.com\/co\/wp-content\/uploads\/2025\/01\/cropped-cropped-favicon-Auren.png","width":512,"height":512,"caption":"Auren Colombia"},"image":{"@id":"https:\/\/auren.com\/co\/#\/schema\/logo\/image\/"},"sameAs":["https:\/\/x.com\/AurenColombia","https:\/\/www.instagram.com\/aurencolombia\/","https:\/\/www.youtube.com\/channel\/UCRYoGRMR_k4oVWesdErApmA","https:\/\/www.linkedin.com\/company\/auren-colombia"]}]}},"_links":{"self":[{"href":"https:\/\/auren.com\/co\/wp-json\/wp\/v2\/global-new\/15547","targetHints":{"allow":["GET"]}}],"collection":[{"href":"https:\/\/auren.com\/co\/wp-json\/wp\/v2\/global-new"}],"about":[{"href":"https:\/\/auren.com\/co\/wp-json\/wp\/v2\/types\/global-new"}],"wp:featuredmedia":[{"embeddable":true,"href":"https:\/\/auren.com\/co\/wp-json\/wp\/v2\/media\/12363"}],"wp:attachment":[{"href":"https:\/\/auren.com\/co\/wp-json\/wp\/v2\/media?parent=15547"}],"wp:term":[{"taxonomy":"global-new-category","embeddable":true,"href":"https:\/\/auren.com\/co\/wp-json\/wp\/v2\/global-new-category?post=15547"}],"curies":[{"name":"wp","href":"https:\/\/api.w.org\/{rel}","templated":true}]}}

Auren Uruguay, incorporación estudio Daniel Veiga

<p style="text-align: justify">El estudio Veiga Dobrich &amp; Asociados (VD&amp;A) se ha fusionado a Auren Uruguay, integrándose como socio Daniel Veiga, quien ha desarrollado el estudio VD&amp;A desde el año 1980, asesorando a sus clientes en las áreas Contable, Fiscal, Financiera, Auditoría y Consultoría en general, continuando la tradición familiar desde el año 1952. Igualmente, Carlos Galvalisi socio de auditoría, se convirtió en accionista de la firma en agosto 2016. </p>
<p style="text-align: justify">Así, una de las firmas con más historia en el país se une a una con presencia internacional, convirtiendo a Auren en un competidor de primera línea en el mercado uruguayo, sumando experiencia, profesionalismo y recorrido a un equipo de trabajo consolidado. Este hito, no solo redimensiona la firma, sino que conforma un equipo de más de 150 profesionales al servicio de una extensa cartera de clientes.</p>
<p><!-- AddThis Advanced Settings generic via filter on the_content --><!-- AddThis Share Buttons generic via filter on the_content --></p>

<!-- This site is optimized with the Yoast SEO plugin v27.4 - https://yoast.com/product/yoast-seo-wordpress/ -->
<title>Auren Uruguay, incorporación estudio Daniel Veiga - Auren Colombia</title>
<meta name="robots" content="index, follow, max-snippet:-1, max-image-preview:large, max-video-preview:-1" />
<link rel="canonical" href="https://auren.com/co/global-new/auren-uruguay-incorporacion-estudio-daniel-veiga/" />
<meta property="og:locale" content="es_ES" />
<meta property="og:type" content="article" />
<meta property="og:title" content="Auren Uruguay, incorporación estudio Daniel Veiga - Auren Colombia" />
<meta property="og:description" content="Nos complace anunciarles que se ha fusionado con Auren Uruguay, el estudio Veiga Dobrich &amp; Asociados" />
<meta property="og:url" content="https://auren.com/co/global-new/auren-uruguay-incorporacion-estudio-daniel-veiga/" />
<meta property="og:site_name" content="Auren Colombia" />
<meta name="twitter:card" content="summary_large_image" />
<meta name="twitter:site" content="@AurenColombia" />
<meta name="twitter:label1" content="Tiempo de lectura" />
	<meta name="twitter:data1" content="1 minuto" />
<script type="application/ld+json" class="yoast-schema-graph">{"@context":"https:\/\/schema.org","@graph":[{"@type":"WebPage","@id":"https:\/\/auren.com\/co\/global-new\/auren-uruguay-incorporacion-estudio-daniel-veiga\/","url":"https:\/\/auren.com\/co\/global-new\/auren-uruguay-incorporacion-estudio-daniel-veiga\/","name":"Auren Uruguay, incorporación estudio Daniel Veiga - Auren Colombia","isPartOf":{"@id":"https:\/\/auren.com\/co\/#website"},"primaryImageOfPage":{"@id":"https:\/\/auren.com\/co\/global-new\/auren-uruguay-incorporacion-estudio-daniel-veiga\/#primaryimage"},"image":{"@id":"https:\/\/auren.com\/co\/global-new\/auren-uruguay-incorporacion-estudio-daniel-veiga\/#primaryimage"},"thumbnailUrl":"https:\/\/auren.com\/co\/wp-content\/uploads\/global\/2016\/11\/900x520_39-1.jpg","datePublished":"2016-11-14T09:23:44+00:00","breadcrumb":{"@id":"https:\/\/auren.com\/co\/global-new\/auren-uruguay-incorporacion-estudio-daniel-veiga\/#breadcrumb"},"inLanguage":"es","potentialAction":[{"@type":"ReadAction","target":["https:\/\/auren.com\/co\/global-new\/auren-uruguay-incorporacion-estudio-daniel-veiga\/"]}]},{"@type":"ImageObject","inLanguage":"es","@id":"https:\/\/auren.com\/co\/global-new\/auren-uruguay-incorporacion-estudio-daniel-veiga\/#primaryimage","url":"https:\/\/auren.com\/co\/wp-content\/uploads\/global\/2016\/11\/900x520_39-1.jpg","contentUrl":"https:\/\/auren.com\/co\/wp-content\/uploads\/global\/2016\/11\/900x520_39-1.jpg","width":900,"height":520},{"@type":"BreadcrumbList","@id":"https:\/\/auren.com\/co\/global-new\/auren-uruguay-incorporacion-estudio-daniel-veiga\/#breadcrumb","itemListElement":[{"@type":"ListItem","position":1,"name":"Portada","item":"https:\/\/auren.com\/co\/"},{"@type":"ListItem","position":2,"name":"Auren Uruguay, incorporación estudio Daniel Veiga"}]},{"@type":"WebSite","@id":"https:\/\/auren.com\/co\/#website","url":"https:\/\/auren.com\/co\/","name":"Auren Colombia","description":"","publisher":{"@id":"https:\/\/auren.com\/co\/#organization"},"potentialAction":[{"@type":"SearchAction","target":{"@type":"EntryPoint","urlTemplate":"https:\/\/auren.com\/co\/?s={search_term_string}"},"query-input":{"@type":"PropertyValueSpecification","valueRequired":true,"valueName":"search_term_string"}}],"inLanguage":"es"},{"@type":"Organization","@id":"https:\/\/auren.com\/co\/#organization","name":"Auren Colombia","url":"https:\/\/auren.com\/co\/","logo":{"@type":"ImageObject","inLanguage":"es","@id":"https:\/\/auren.com\/co\/#\/schema\/logo\/image\/","url":"https:\/\/auren.com\/co\/wp-content\/uploads\/2025\/01\/cropped-cropped-favicon-Auren.png","contentUrl":"https:\/\/auren.com\/co\/wp-content\/uploads\/2025\/01\/cropped-cropped-favicon-Auren.png","width":512,"height":512,"caption":"Auren Colombia"},"image":{"@id":"https:\/\/auren.com\/co\/#\/schema\/logo\/image\/"},"sameAs":["https:\/\/x.com\/AurenColombia","https:\/\/www.instagram.com\/aurencolombia\/","https:\/\/www.youtube.com\/channel\/UCRYoGRMR_k4oVWesdErApmA","https:\/\/www.linkedin.com\/company\/auren-colombia"]}]}</script>
<!-- / Yoast SEO plugin. -->

Auren Uruguay, incorporación estudio Daniel Veiga - Auren Colombia
