{"version":"1.0","provider_name":"Auren","provider_url":"https:\/\/auren.com\/es","author_name":"Auren Espa\u00f1a","author_url":"https:\/\/auren.com\/es\/author\/auren_es\/","title":"El Gran Consumo y su din\u00e1mica de crecimiento - Auren Espa\u00f1a","type":"rich","width":600,"height":338,"html":"<blockquote class=\"wp-embedded-content\" data-secret=\"6w90STBsE4\"><a href=\"https:\/\/auren.com\/es\/blog\/el-gran-consumo-y-su-dinamica-de-crecimiento\/\">El Gran Consumo y su din\u00e1mica de crecimiento<\/a><\/blockquote><iframe sandbox=\"allow-scripts\" security=\"restricted\" src=\"https:\/\/auren.com\/es\/blog\/el-gran-consumo-y-su-dinamica-de-crecimiento\/embed\/#?secret=6w90STBsE4\" width=\"600\" height=\"338\" title=\"\u00abEl Gran Consumo y su din\u00e1mica de crecimiento\u00bb \u2014 Auren\" data-secret=\"6w90STBsE4\" frameborder=\"0\" marginwidth=\"0\" marginheight=\"0\" scrolling=\"no\" class=\"wp-embedded-content\"><\/iframe><script>\n\/*! This file is auto-generated *\/\n!function(d,l){\"use strict\";l.querySelector&&d.addEventListener&&\"undefined\"!=typeof URL&&(d.wp=d.wp||{},d.wp.receiveEmbedMessage||(d.wp.receiveEmbedMessage=function(e){var t=e.data;if((t||t.secret||t.message||t.value)&&!\/[^a-zA-Z0-9]\/.test(t.secret)){for(var s,r,n,a=l.querySelectorAll('iframe[data-secret=\"'+t.secret+'\"]'),o=l.querySelectorAll('blockquote[data-secret=\"'+t.secret+'\"]'),c=new RegExp(\"^https?:$\",\"i\"),i=0;i<o.length;i++)o[i].style.display=\"none\";for(i=0;i<a.length;i++)s=a[i],e.source===s.contentWindow&&(s.removeAttribute(\"style\"),\"height\"===t.message?(1e3<(r=parseInt(t.value,10))?r=1e3:~~r<200&&(r=200),s.height=r):\"link\"===t.message&&(r=new URL(s.getAttribute(\"src\")),n=new URL(t.value),c.test(n.protocol))&&n.host===r.host&&l.activeElement===s&&(d.top.location.href=t.value))}},d.addEventListener(\"message\",d.wp.receiveEmbedMessage,!1),l.addEventListener(\"DOMContentLoaded\",function(){for(var e,t,s=l.querySelectorAll(\"iframe.wp-embedded-content\"),r=0;r<s.length;r++)(t=(e=s[r]).getAttribute(\"data-secret\"))||(t=Math.random().toString(36).substring(2,12),e.src+=\"#?secret=\"+t,e.setAttribute(\"data-secret\",t)),e.contentWindow.postMessage({message:\"ready\",secret:t},\"*\")},!1)))}(window,document);\n\/\/# sourceURL=https:\/\/auren.com\/es\/wp-includes\/js\/wp-embed.min.js\n<\/script>\n","thumbnail_url":"https:\/\/auren.com\/es\/wp-content\/uploads\/2019\/12\/shopping-mall-2605815-1920-1.jpg","thumbnail_width":1000,"thumbnail_height":667,"description":"La revista InfoRetail ha publicado un art\u00edculo titulado \u201cEl gran consumo consolida su din\u00e1mica de crecimiento\u201d, en el que resalta el buen ritmo de crecimiento del sector. En el art\u00edculo se destaca que el mercado de gran consumo ha crecido un 2,7% en el tercer trimestre del a\u00f1o, seg\u00fan el informe \u2018Growth Reporter\u2019. &nbsp;Otros de los puntos destacados es la creciente incertidumbre por los conflictos comerciales entre Estados Unidos y China y las futuras relaciones comerciales entre Reino Unido y la Uni\u00f3n Europea, que tienen un impacto negativo en la inversi\u00f3n global y, especialmente, en Alemania por su gran importancia en la producci\u00f3n de bienes industriales."}

Auren España

El Gran Consumo y su dinámica de crecimiento - Auren España

<blockquote class="wp-embedded-content" data-secret="6w90STBsE4"><a href="https://auren.com/es/blog/el-gran-consumo-y-su-dinamica-de-crecimiento/">El Gran Consumo y su dinámica de crecimiento</a></blockquote><iframe sandbox="allow-scripts" security="restricted" src="https://auren.com/es/blog/el-gran-consumo-y-su-dinamica-de-crecimiento/embed/#?secret=6w90STBsE4" width="600" height="338" title="«El Gran Consumo y su dinámica de crecimiento» — Auren" data-secret="6w90STBsE4" frameborder="0" marginwidth="0" marginheight="0" scrolling="no" class="wp-embedded-content"></iframe><script>
/*! This file is auto-generated */
!function(d,l){"use strict";l.querySelector&&d.addEventListener&&"undefined"!=typeof URL&&(d.wp=d.wp||{},d.wp.receiveEmbedMessage||(d.wp.receiveEmbedMessage=function(e){var t=e.data;if((t||t.secret||t.message||t.value)&&!/[^a-zA-Z0-9]/.test(t.secret)){for(var s,r,n,a=l.querySelectorAll('iframe[data-secret="'+t.secret+'"]'),o=l.querySelectorAll('blockquote[data-secret="'+t.secret+'"]'),c=new RegExp("^https?:$","i"),i=0;i<o.length;i++)o[i].style.display="none";for(i=0;i<a.length;i++)s=a[i],e.source===s.contentWindow&&(s.removeAttribute("style"),"height"===t.message?(1e3<(r=parseInt(t.value,10))?r=1e3:~~r<200&&(r=200),s.height=r):"link"===t.message&&(r=new URL(s.getAttribute("src")),n=new URL(t.value),c.test(n.protocol))&&n.host===r.host&&l.activeElement===s&&(d.top.location.href=t.value))}},d.addEventListener("message",d.wp.receiveEmbedMessage,!1),l.addEventListener("DOMContentLoaded",function(){for(var e,t,s=l.querySelectorAll("iframe.wp-embedded-content"),r=0;r<s.length;r++)(t=(e=s[r]).getAttribute("data-secret"))||(t=Math.random().toString(36).substring(2,12),e.src+="#?secret="+t,e.setAttribute("data-secret",t)),e.contentWindow.postMessage({message:"ready",secret:t},"*")},!1)))}(window,document);
//# sourceURL=https://auren.com/es/wp-includes/js/wp-embed.min.js
</script>

La revista InfoRetail ha publicado un artículo titulado “El gran consumo consolida su dinámica de crecimiento”, en el que resalta el buen ritmo de crecimiento del sector. En el artículo se destaca que el mercado de gran consumo ha crecido un 2,7% en el tercer trimestre del año, según el informe ‘Growth Reporter’. &nbsp;Otros de los puntos destacados es la creciente incertidumbre por los conflictos comerciales entre Estados Unidos y China y las futuras relaciones comerciales entre Reino Unido y la Unión Europea, que tienen un impacto negativo en la inversión global y, especialmente, en Alemania por su gran importancia en la producción de bienes industriales.
