{"version":"1.0","provider_name":"Auren","provider_url":"https:\/\/auren.com\/es","author_name":"Auren Espa\u00f1a","author_url":"https:\/\/auren.com\/es\/author\/auren_es\/","title":"Valores y precios, aspectos subjetivos y objetivos. - Auren Espa\u00f1a","type":"rich","width":600,"height":338,"html":"<blockquote class=\"wp-embedded-content\" data-secret=\"HUiT3sdVY5\"><a href=\"https:\/\/auren.com\/es\/blog\/valores-y-precios-aspectos-subjetivos-y-objetivos\/\">Valores y precios, aspectos subjetivos y objetivos.<\/a><\/blockquote><iframe sandbox=\"allow-scripts\" security=\"restricted\" src=\"https:\/\/auren.com\/es\/blog\/valores-y-precios-aspectos-subjetivos-y-objetivos\/embed\/#?secret=HUiT3sdVY5\" width=\"600\" height=\"338\" title=\"\u00abValores y precios, aspectos subjetivos y objetivos.\u00bb \u2014 Auren\" data-secret=\"HUiT3sdVY5\" frameborder=\"0\" marginwidth=\"0\" marginheight=\"0\" scrolling=\"no\" class=\"wp-embedded-content\"><\/iframe><script>\n\/*! This file is auto-generated *\/\n!function(d,l){\"use strict\";l.querySelector&&d.addEventListener&&\"undefined\"!=typeof URL&&(d.wp=d.wp||{},d.wp.receiveEmbedMessage||(d.wp.receiveEmbedMessage=function(e){var t=e.data;if((t||t.secret||t.message||t.value)&&!\/[^a-zA-Z0-9]\/.test(t.secret)){for(var s,r,n,a=l.querySelectorAll('iframe[data-secret=\"'+t.secret+'\"]'),o=l.querySelectorAll('blockquote[data-secret=\"'+t.secret+'\"]'),c=new RegExp(\"^https?:$\",\"i\"),i=0;i<o.length;i++)o[i].style.display=\"none\";for(i=0;i<a.length;i++)s=a[i],e.source===s.contentWindow&&(s.removeAttribute(\"style\"),\"height\"===t.message?(1e3<(r=parseInt(t.value,10))?r=1e3:~~r<200&&(r=200),s.height=r):\"link\"===t.message&&(r=new URL(s.getAttribute(\"src\")),n=new URL(t.value),c.test(n.protocol))&&n.host===r.host&&l.activeElement===s&&(d.top.location.href=t.value))}},d.addEventListener(\"message\",d.wp.receiveEmbedMessage,!1),l.addEventListener(\"DOMContentLoaded\",function(){for(var e,t,s=l.querySelectorAll(\"iframe.wp-embedded-content\"),r=0;r<s.length;r++)(t=(e=s[r]).getAttribute(\"data-secret\"))||(t=Math.random().toString(36).substring(2,12),e.src+=\"#?secret=\"+t,e.setAttribute(\"data-secret\",t)),e.contentWindow.postMessage({message:\"ready\",secret:t},\"*\")},!1)))}(window,document);\n\/\/# sourceURL=https:\/\/auren.com\/es\/wp-includes\/js\/wp-embed.min.js\n<\/script>\n","thumbnail_url":"https:\/\/auren.com\/es\/wp-content\/uploads\/2018\/06\/180618-valores-y-precios-fernando-alvarez-imagen.jpg","thumbnail_width":1920,"thumbnail_height":655,"description":"Populariz\u00f3 Don Antonio Machado aquel dicho que siglos antes hab\u00eda salido de la creaci\u00f3n del magn\u00edfico Don Francisco de Quevedo: \u201csolo el necio confunde el valor con el Precio\u201d y efectivamente: \u00a1Qu\u00e9 gran verdad! , se podr\u00eda incorporar a la misma otro refr\u00e1n t\u00edpico espa\u00f1ol que todos conocemos: \u201cDel dicho al hecho hay un trecho\u201d y redundar\u00edamos sobre la misma idea: Existen muchas valoraciones, pero tan solo se determina un precio."}

Auren España

Valores y precios, aspectos subjetivos y objetivos. - Auren España

Popularizó Don Antonio Machado aquel dicho que siglos antes había salido de la creación del magnífico Don Francisco de Quevedo: “solo el necio confunde el valor con el Precio” y efectivamente: ¡Qué gran verdad! , se podría incorporar a la misma otro refrán típico español que todos conocemos: “Del dicho al hecho hay un trecho” y redundaríamos sobre la misma idea: Existen muchas valoraciones, pero tan solo se determina un precio.
