{"id":4481,"date":"2021-05-26T18:14:00","date_gmt":"2021-05-26T16:14:00","guid":{"rendered":"https:\/\/auren.com\/es\/new\/auren-firma-su-adhesion-a-la-alianza-pais-pobreza-infantil-cero\/"},"modified":"2021-05-26T18:14:00","modified_gmt":"2021-05-26T16:14:00","slug":"auren-firma-su-adhesion-a-la-alianza-pais-pobreza-infantil-cero","status":"publish","type":"new","link":"https:\/\/auren.com\/es\/noticias\/auren-firma-su-adhesion-a-la-alianza-pais-pobreza-infantil-cero\/","title":{"rendered":"Auren firma su adhesi\u00f3n a la Alianza Pa\u00eds Pobreza Infantil Cero"},"content":{"rendered":"<p>Auren ha firmado su adhesi\u00f3n a la Alianza Pa\u00eds Pobreza Infantil Cero, lanzada por el Alto Comisionado contra la Pobreza Infantil para cambiar la senda de la pobreza infantil en Espa\u00f1a mediante la colaboraci\u00f3n entre la Administraci\u00f3n, empresas, fundaciones y el tercer sector.<\/p>\n<p>La firma ha tenido lugar esta ma\u00f1ana en el Palacio de la Moncloa y el acuerdo\u00a0ha sido suscrito por el presidente de Auren, Mario Alonso, el alto comisionado para la Lucha contra la Pobreza Infantil (ACPI), Ernesto Gasco y Carmen Gayo Rodr\u00edguez, Directora de la Oficina del Alto Comisionado.<\/p>\n<p>El Alto Comisionado contra la Pobreza Infantil se ha marcado varios retos: impulsar el logro educativo, potenciar el talento, romper la brecha digital, garantizar una salud f\u00edsica, psicol\u00f3gica y social equilibrada, promover un entorno seguro y protector y fomentar la participaci\u00f3n con equidad.<\/p>\n<p>En l\u00ednea con estos objetivos, Auren se compromete a apoyar y respetar la protecci\u00f3n de los derechos humanos fundamentales, reconocidos internacionalmente, dentro de su \u00e1mbito de influencia, trabajando para apoyar el cumplimiento de la Agenda 2030 y los Objetivos de Desarrollo Sostenible e impulsando acciones sociales, de divulgaci\u00f3n y comunicaci\u00f3n sobre la erradicaci\u00f3n de la pobreza infantil.<\/p>\n<p><!-- AddThis Advanced Settings generic via filter on the_content --><!-- AddThis Share Buttons generic via filter on the_content --><\/p>\n","protected":false},"excerpt":{"rendered":"<p>Auren ha firmado su adhesi\u00f3n a la Alianza Pa\u00eds Pobreza Infantil Cero, lanzada por el Alto Comisionado contra la Pobreza Infantil para cambiar la senda de la pobreza infantil en [&hellip;]<\/p>\n","protected":false},"featured_media":4482,"template":"","meta":{"_acf_changed":false,"footnotes":""},"new-category":[],"class_list":["post-4481","new","type-new","status-publish","has-post-thumbnail","hentry"],"acf":[],"yoast_head":"<!-- This site is optimized with the Yoast SEO plugin v27.5 - https:\/\/yoast.com\/product\/yoast-seo-wordpress\/ -->\n<title>Auren firma su adhesi\u00f3n a la Alianza Pa\u00eds Pobreza Infantil Cero - Auren Espa\u00f1a<\/title>\n<meta name=\"robots\" content=\"index, follow, max-snippet:-1, max-image-preview:large, max-video-preview:-1\" \/>\n<link rel=\"canonical\" href=\"https:\/\/auren.com\/es\/noticias\/auren-firma-su-adhesion-a-la-alianza-pais-pobreza-infantil-cero\/\" \/>\n<meta property=\"og:locale\" content=\"es_ES\" \/>\n<meta property=\"og:type\" content=\"article\" \/>\n<meta property=\"og:title\" content=\"Auren firma su adhesi\u00f3n a la Alianza Pa\u00eds Pobreza Infantil Cero - Auren Espa\u00f1a\" \/>\n<meta property=\"og:description\" content=\"Auren ha firmado su adhesi\u00f3n a la Alianza Pa\u00eds Pobreza Infantil Cero, lanzada por el Alto Comisionado contra la Pobreza Infantil para cambiar la senda de la pobreza infantil en [&hellip;]\" \/>\n<meta property=\"og:url\" content=\"https:\/\/auren.com\/es\/noticias\/auren-firma-su-adhesion-a-la-alianza-pais-pobreza-infantil-cero\/\" \/>\n<meta property=\"og:site_name\" content=\"Auren\" \/>\n<meta property=\"og:image\" content=\"https:\/\/auren.com\/es\/wp-content\/uploads\/2021\/05\/Auren-6.jpeg\" \/>\n\t<meta property=\"og:image:width\" content=\"2016\" \/>\n\t<meta property=\"og:image:height\" content=\"1134\" \/>\n\t<meta property=\"og:image:type\" content=\"image\/jpeg\" \/>\n<meta name=\"twitter:card\" content=\"summary_large_image\" \/>\n<meta name=\"twitter:site\" content=\"@auren_spain\" \/>\n<meta name=\"twitter:label1\" content=\"Tiempo de lectura\" \/>\n\t<meta name=\"twitter:data1\" content=\"1 minuto\" \/>\n<script type=\"application\/ld+json\" class=\"yoast-schema-graph\">{\"@context\":\"https:\\\/\\\/schema.org\",\"@graph\":[{\"@type\":\"WebPage\",\"@id\":\"https:\\\/\\\/auren.com\\\/es\\\/noticias\\\/auren-firma-su-adhesion-a-la-alianza-pais-pobreza-infantil-cero\\\/\",\"url\":\"https:\\\/\\\/auren.com\\\/es\\\/noticias\\\/auren-firma-su-adhesion-a-la-alianza-pais-pobreza-infantil-cero\\\/\",\"name\":\"Auren firma su adhesi\u00f3n a la Alianza Pa\u00eds Pobreza Infantil Cero - Auren Espa\u00f1a\",\"isPartOf\":{\"@id\":\"https:\\\/\\\/auren.com\\\/es\\\/#website\"},\"primaryImageOfPage\":{\"@id\":\"https:\\\/\\\/auren.com\\\/es\\\/noticias\\\/auren-firma-su-adhesion-a-la-alianza-pais-pobreza-infantil-cero\\\/#primaryimage\"},\"image\":{\"@id\":\"https:\\\/\\\/auren.com\\\/es\\\/noticias\\\/auren-firma-su-adhesion-a-la-alianza-pais-pobreza-infantil-cero\\\/#primaryimage\"},\"thumbnailUrl\":\"https:\\\/\\\/auren.com\\\/es\\\/wp-content\\\/uploads\\\/2021\\\/05\\\/Auren-6.jpeg\",\"datePublished\":\"2021-05-26T16:14:00+00:00\",\"breadcrumb\":{\"@id\":\"https:\\\/\\\/auren.com\\\/es\\\/noticias\\\/auren-firma-su-adhesion-a-la-alianza-pais-pobreza-infantil-cero\\\/#breadcrumb\"},\"inLanguage\":\"es\",\"potentialAction\":[{\"@type\":\"ReadAction\",\"target\":[\"https:\\\/\\\/auren.com\\\/es\\\/noticias\\\/auren-firma-su-adhesion-a-la-alianza-pais-pobreza-infantil-cero\\\/\"]}]},{\"@type\":\"ImageObject\",\"inLanguage\":\"es\",\"@id\":\"https:\\\/\\\/auren.com\\\/es\\\/noticias\\\/auren-firma-su-adhesion-a-la-alianza-pais-pobreza-infantil-cero\\\/#primaryimage\",\"url\":\"https:\\\/\\\/auren.com\\\/es\\\/wp-content\\\/uploads\\\/2021\\\/05\\\/Auren-6.jpeg\",\"contentUrl\":\"https:\\\/\\\/auren.com\\\/es\\\/wp-content\\\/uploads\\\/2021\\\/05\\\/Auren-6.jpeg\",\"width\":2016,\"height\":1134},{\"@type\":\"BreadcrumbList\",\"@id\":\"https:\\\/\\\/auren.com\\\/es\\\/noticias\\\/auren-firma-su-adhesion-a-la-alianza-pais-pobreza-infantil-cero\\\/#breadcrumb\",\"itemListElement\":[{\"@type\":\"ListItem\",\"position\":1,\"name\":\"Portada\",\"item\":\"https:\\\/\\\/auren.com\\\/es\\\/\"},{\"@type\":\"ListItem\",\"position\":2,\"name\":\"Auren firma su adhesi\u00f3n a la Alianza Pa\u00eds Pobreza Infantil Cero\"}]},{\"@type\":\"WebSite\",\"@id\":\"https:\\\/\\\/auren.com\\\/es\\\/#website\",\"url\":\"https:\\\/\\\/auren.com\\\/es\\\/\",\"name\":\"Auren\",\"description\":\"\",\"publisher\":{\"@id\":\"https:\\\/\\\/auren.com\\\/es\\\/#organization\"},\"alternateName\":\"Auren\",\"potentialAction\":[{\"@type\":\"SearchAction\",\"target\":{\"@type\":\"EntryPoint\",\"urlTemplate\":\"https:\\\/\\\/auren.com\\\/es\\\/?s={search_term_string}\"},\"query-input\":{\"@type\":\"PropertyValueSpecification\",\"valueRequired\":true,\"valueName\":\"search_term_string\"}}],\"inLanguage\":\"es\"},{\"@type\":\"Organization\",\"@id\":\"https:\\\/\\\/auren.com\\\/es\\\/#organization\",\"name\":\"Auren\",\"alternateName\":\"Auren\",\"url\":\"https:\\\/\\\/auren.com\\\/es\\\/\",\"logo\":{\"@type\":\"ImageObject\",\"inLanguage\":\"es\",\"@id\":\"https:\\\/\\\/auren.com\\\/es\\\/#\\\/schema\\\/logo\\\/image\\\/\",\"url\":\"https:\\\/\\\/auren.com\\\/es\\\/wp-content\\\/uploads\\\/2025\\\/01\\\/cropped-cropped-favicon-Auren.png\",\"contentUrl\":\"https:\\\/\\\/auren.com\\\/es\\\/wp-content\\\/uploads\\\/2025\\\/01\\\/cropped-cropped-favicon-Auren.png\",\"width\":512,\"height\":512,\"caption\":\"Auren\"},\"image\":{\"@id\":\"https:\\\/\\\/auren.com\\\/es\\\/#\\\/schema\\\/logo\\\/image\\\/\"},\"sameAs\":[\"https:\\\/\\\/x.com\\\/auren_spain\",\"https:\\\/\\\/www.linkedin.com\\\/company\\\/aurenspainserviciosprofesionales\",\"https:\\\/\\\/www.youtube.com\\\/@AurenEsp\",\"https:\\\/\\\/www.instagram.com\\\/auren_spain\"]}]}<\/script>\n<!-- \/ Yoast SEO plugin. -->","yoast_head_json":{"title":"Auren firma su adhesi\u00f3n a la Alianza Pa\u00eds Pobreza Infantil Cero - Auren Espa\u00f1a","robots":{"index":"index","follow":"follow","max-snippet":"max-snippet:-1","max-image-preview":"max-image-preview:large","max-video-preview":"max-video-preview:-1"},"canonical":"https:\/\/auren.com\/es\/noticias\/auren-firma-su-adhesion-a-la-alianza-pais-pobreza-infantil-cero\/","og_locale":"es_ES","og_type":"article","og_title":"Auren firma su adhesi\u00f3n a la Alianza Pa\u00eds Pobreza Infantil Cero - Auren Espa\u00f1a","og_description":"Auren ha firmado su adhesi\u00f3n a la Alianza Pa\u00eds Pobreza Infantil Cero, lanzada por el Alto Comisionado contra la Pobreza Infantil para cambiar la senda de la pobreza infantil en [&hellip;]","og_url":"https:\/\/auren.com\/es\/noticias\/auren-firma-su-adhesion-a-la-alianza-pais-pobreza-infantil-cero\/","og_site_name":"Auren","og_image":[{"width":2016,"height":1134,"url":"https:\/\/auren.com\/es\/wp-content\/uploads\/2021\/05\/Auren-6.jpeg","type":"image\/jpeg"}],"twitter_card":"summary_large_image","twitter_site":"@auren_spain","twitter_misc":{"Tiempo de lectura":"1 minuto"},"schema":{"@context":"https:\/\/schema.org","@graph":[{"@type":"WebPage","@id":"https:\/\/auren.com\/es\/noticias\/auren-firma-su-adhesion-a-la-alianza-pais-pobreza-infantil-cero\/","url":"https:\/\/auren.com\/es\/noticias\/auren-firma-su-adhesion-a-la-alianza-pais-pobreza-infantil-cero\/","name":"Auren firma su adhesi\u00f3n a la Alianza Pa\u00eds Pobreza Infantil Cero - Auren Espa\u00f1a","isPartOf":{"@id":"https:\/\/auren.com\/es\/#website"},"primaryImageOfPage":{"@id":"https:\/\/auren.com\/es\/noticias\/auren-firma-su-adhesion-a-la-alianza-pais-pobreza-infantil-cero\/#primaryimage"},"image":{"@id":"https:\/\/auren.com\/es\/noticias\/auren-firma-su-adhesion-a-la-alianza-pais-pobreza-infantil-cero\/#primaryimage"},"thumbnailUrl":"https:\/\/auren.com\/es\/wp-content\/uploads\/2021\/05\/Auren-6.jpeg","datePublished":"2021-05-26T16:14:00+00:00","breadcrumb":{"@id":"https:\/\/auren.com\/es\/noticias\/auren-firma-su-adhesion-a-la-alianza-pais-pobreza-infantil-cero\/#breadcrumb"},"inLanguage":"es","potentialAction":[{"@type":"ReadAction","target":["https:\/\/auren.com\/es\/noticias\/auren-firma-su-adhesion-a-la-alianza-pais-pobreza-infantil-cero\/"]}]},{"@type":"ImageObject","inLanguage":"es","@id":"https:\/\/auren.com\/es\/noticias\/auren-firma-su-adhesion-a-la-alianza-pais-pobreza-infantil-cero\/#primaryimage","url":"https:\/\/auren.com\/es\/wp-content\/uploads\/2021\/05\/Auren-6.jpeg","contentUrl":"https:\/\/auren.com\/es\/wp-content\/uploads\/2021\/05\/Auren-6.jpeg","width":2016,"height":1134},{"@type":"BreadcrumbList","@id":"https:\/\/auren.com\/es\/noticias\/auren-firma-su-adhesion-a-la-alianza-pais-pobreza-infantil-cero\/#breadcrumb","itemListElement":[{"@type":"ListItem","position":1,"name":"Portada","item":"https:\/\/auren.com\/es\/"},{"@type":"ListItem","position":2,"name":"Auren firma su adhesi\u00f3n a la Alianza Pa\u00eds Pobreza Infantil Cero"}]},{"@type":"WebSite","@id":"https:\/\/auren.com\/es\/#website","url":"https:\/\/auren.com\/es\/","name":"Auren","description":"","publisher":{"@id":"https:\/\/auren.com\/es\/#organization"},"alternateName":"Auren","potentialAction":[{"@type":"SearchAction","target":{"@type":"EntryPoint","urlTemplate":"https:\/\/auren.com\/es\/?s={search_term_string}"},"query-input":{"@type":"PropertyValueSpecification","valueRequired":true,"valueName":"search_term_string"}}],"inLanguage":"es"},{"@type":"Organization","@id":"https:\/\/auren.com\/es\/#organization","name":"Auren","alternateName":"Auren","url":"https:\/\/auren.com\/es\/","logo":{"@type":"ImageObject","inLanguage":"es","@id":"https:\/\/auren.com\/es\/#\/schema\/logo\/image\/","url":"https:\/\/auren.com\/es\/wp-content\/uploads\/2025\/01\/cropped-cropped-favicon-Auren.png","contentUrl":"https:\/\/auren.com\/es\/wp-content\/uploads\/2025\/01\/cropped-cropped-favicon-Auren.png","width":512,"height":512,"caption":"Auren"},"image":{"@id":"https:\/\/auren.com\/es\/#\/schema\/logo\/image\/"},"sameAs":["https:\/\/x.com\/auren_spain","https:\/\/www.linkedin.com\/company\/aurenspainserviciosprofesionales","https:\/\/www.youtube.com\/@AurenEsp","https:\/\/www.instagram.com\/auren_spain"]}]}},"_links":{"self":[{"href":"https:\/\/auren.com\/es\/wp-json\/wp\/v2\/new\/4481","targetHints":{"allow":["GET"]}}],"collection":[{"href":"https:\/\/auren.com\/es\/wp-json\/wp\/v2\/new"}],"about":[{"href":"https:\/\/auren.com\/es\/wp-json\/wp\/v2\/types\/new"}],"version-history":[{"count":0,"href":"https:\/\/auren.com\/es\/wp-json\/wp\/v2\/new\/4481\/revisions"}],"wp:featuredmedia":[{"embeddable":true,"href":"https:\/\/auren.com\/es\/wp-json\/wp\/v2\/media\/4482"}],"wp:attachment":[{"href":"https:\/\/auren.com\/es\/wp-json\/wp\/v2\/media?parent=4481"}],"wp:term":[{"taxonomy":"new-category","embeddable":true,"href":"https:\/\/auren.com\/es\/wp-json\/wp\/v2\/new-category?post=4481"}],"curies":[{"name":"wp","href":"https:\/\/api.w.org\/{rel}","templated":true}]}}

Auren firma su adhesión a la Alianza País Pobreza Infantil Cero

<p>Auren ha firmado su adhesión a la Alianza País Pobreza Infantil Cero, lanzada por el Alto Comisionado contra la Pobreza Infantil para cambiar la senda de la pobreza infantil en España mediante la colaboración entre la Administración, empresas, fundaciones y el tercer sector.</p>
<p>La firma ha tenido lugar esta mañana en el Palacio de la Moncloa y el acuerdo ha sido suscrito por el presidente de Auren, Mario Alonso, el alto comisionado para la Lucha contra la Pobreza Infantil (ACPI), Ernesto Gasco y Carmen Gayo Rodríguez, Directora de la Oficina del Alto Comisionado.</p>
<p>El Alto Comisionado contra la Pobreza Infantil se ha marcado varios retos: impulsar el logro educativo, potenciar el talento, romper la brecha digital, garantizar una salud física, psicológica y social equilibrada, promover un entorno seguro y protector y fomentar la participación con equidad.</p>
<p>En línea con estos objetivos, Auren se compromete a apoyar y respetar la protección de los derechos humanos fundamentales, reconocidos internacionalmente, dentro de su ámbito de influencia, trabajando para apoyar el cumplimiento de la Agenda 2030 y los Objetivos de Desarrollo Sostenible e impulsando acciones sociales, de divulgación y comunicación sobre la erradicación de la pobreza infantil.</p>
<p><!-- AddThis Advanced Settings generic via filter on the_content --><!-- AddThis Share Buttons generic via filter on the_content --></p>

<p>Auren ha firmado su adhesión a la Alianza País Pobreza Infantil Cero, lanzada por el Alto Comisionado contra la Pobreza Infantil para cambiar la senda de la pobreza infantil en [&hellip;]</p>

<!-- This site is optimized with the Yoast SEO plugin v27.5 - https://yoast.com/product/yoast-seo-wordpress/ -->
<title>Auren firma su adhesión a la Alianza País Pobreza Infantil Cero - Auren España</title>
<meta name="robots" content="index, follow, max-snippet:-1, max-image-preview:large, max-video-preview:-1" />
<link rel="canonical" href="https://auren.com/es/noticias/auren-firma-su-adhesion-a-la-alianza-pais-pobreza-infantil-cero/" />
<meta property="og:locale" content="es_ES" />
<meta property="og:type" content="article" />
<meta property="og:title" content="Auren firma su adhesión a la Alianza País Pobreza Infantil Cero - Auren España" />
<meta property="og:description" content="Auren ha firmado su adhesión a la Alianza País Pobreza Infantil Cero, lanzada por el Alto Comisionado contra la Pobreza Infantil para cambiar la senda de la pobreza infantil en [&hellip;]" />
<meta property="og:url" content="https://auren.com/es/noticias/auren-firma-su-adhesion-a-la-alianza-pais-pobreza-infantil-cero/" />
<meta property="og:site_name" content="Auren" />
<meta property="og:image" content="https://auren.com/es/wp-content/uploads/2021/05/Auren-6.jpeg" />
	<meta property="og:image:width" content="2016" />
	<meta property="og:image:height" content="1134" />
	<meta property="og:image:type" content="image/jpeg" />
<meta name="twitter:card" content="summary_large_image" />
<meta name="twitter:site" content="@auren_spain" />
<meta name="twitter:label1" content="Tiempo de lectura" />
	<meta name="twitter:data1" content="1 minuto" />
<script type="application/ld+json" class="yoast-schema-graph">{"@context":"https:\/\/schema.org","@graph":[{"@type":"WebPage","@id":"https:\/\/auren.com\/es\/noticias\/auren-firma-su-adhesion-a-la-alianza-pais-pobreza-infantil-cero\/","url":"https:\/\/auren.com\/es\/noticias\/auren-firma-su-adhesion-a-la-alianza-pais-pobreza-infantil-cero\/","name":"Auren firma su adhesión a la Alianza País Pobreza Infantil Cero - Auren España","isPartOf":{"@id":"https:\/\/auren.com\/es\/#website"},"primaryImageOfPage":{"@id":"https:\/\/auren.com\/es\/noticias\/auren-firma-su-adhesion-a-la-alianza-pais-pobreza-infantil-cero\/#primaryimage"},"image":{"@id":"https:\/\/auren.com\/es\/noticias\/auren-firma-su-adhesion-a-la-alianza-pais-pobreza-infantil-cero\/#primaryimage"},"thumbnailUrl":"https:\/\/auren.com\/es\/wp-content\/uploads\/2021\/05\/Auren-6.jpeg","datePublished":"2021-05-26T16:14:00+00:00","breadcrumb":{"@id":"https:\/\/auren.com\/es\/noticias\/auren-firma-su-adhesion-a-la-alianza-pais-pobreza-infantil-cero\/#breadcrumb"},"inLanguage":"es","potentialAction":[{"@type":"ReadAction","target":["https:\/\/auren.com\/es\/noticias\/auren-firma-su-adhesion-a-la-alianza-pais-pobreza-infantil-cero\/"]}]},{"@type":"ImageObject","inLanguage":"es","@id":"https:\/\/auren.com\/es\/noticias\/auren-firma-su-adhesion-a-la-alianza-pais-pobreza-infantil-cero\/#primaryimage","url":"https:\/\/auren.com\/es\/wp-content\/uploads\/2021\/05\/Auren-6.jpeg","contentUrl":"https:\/\/auren.com\/es\/wp-content\/uploads\/2021\/05\/Auren-6.jpeg","width":2016,"height":1134},{"@type":"BreadcrumbList","@id":"https:\/\/auren.com\/es\/noticias\/auren-firma-su-adhesion-a-la-alianza-pais-pobreza-infantil-cero\/#breadcrumb","itemListElement":[{"@type":"ListItem","position":1,"name":"Portada","item":"https:\/\/auren.com\/es\/"},{"@type":"ListItem","position":2,"name":"Auren firma su adhesión a la Alianza País Pobreza Infantil Cero"}]},{"@type":"WebSite","@id":"https:\/\/auren.com\/es\/#website","url":"https:\/\/auren.com\/es\/","name":"Auren","description":"","publisher":{"@id":"https:\/\/auren.com\/es\/#organization"},"alternateName":"Auren","potentialAction":[{"@type":"SearchAction","target":{"@type":"EntryPoint","urlTemplate":"https:\/\/auren.com\/es\/?s={search_term_string}"},"query-input":{"@type":"PropertyValueSpecification","valueRequired":true,"valueName":"search_term_string"}}],"inLanguage":"es"},{"@type":"Organization","@id":"https:\/\/auren.com\/es\/#organization","name":"Auren","alternateName":"Auren","url":"https:\/\/auren.com\/es\/","logo":{"@type":"ImageObject","inLanguage":"es","@id":"https:\/\/auren.com\/es\/#\/schema\/logo\/image\/","url":"https:\/\/auren.com\/es\/wp-content\/uploads\/2025\/01\/cropped-cropped-favicon-Auren.png","contentUrl":"https:\/\/auren.com\/es\/wp-content\/uploads\/2025\/01\/cropped-cropped-favicon-Auren.png","width":512,"height":512,"caption":"Auren"},"image":{"@id":"https:\/\/auren.com\/es\/#\/schema\/logo\/image\/"},"sameAs":["https:\/\/x.com\/auren_spain","https:\/\/www.linkedin.com\/company\/aurenspainserviciosprofesionales","https:\/\/www.youtube.com\/@AurenEsp","https:\/\/www.instagram.com\/auren_spain"]}]}</script>
<!-- / Yoast SEO plugin. -->

Auren firma su adhesión a la Alianza País Pobreza Infantil Cero - Auren España

Auren ha firmado su adhesión a la Alianza País Pobreza Infantil Cero, lanzada por el Alto Comisionado contra la Pobreza Infantil para cambiar la senda de la pobreza infantil en [&hellip;]
