{"id":4552,"date":"2021-03-15T14:08:38","date_gmt":"2021-03-15T13:08:38","guid":{"rendered":"https:\/\/auren.com\/es\/new\/nueva-moratoria-concursal-hasta-el-31-de-diciembre-de-2021\/"},"modified":"2021-03-15T14:08:38","modified_gmt":"2021-03-15T13:08:38","slug":"nueva-moratoria-concursal-hasta-el-31-de-diciembre-de-2021","status":"publish","type":"new","link":"https:\/\/auren.com\/es\/noticias\/nueva-moratoria-concursal-hasta-el-31-de-diciembre-de-2021\/","title":{"rendered":"Nueva moratoria concursal hasta el 31 de diciembre de 2021"},"content":{"rendered":"<p>El Real Decreto-Ley 5\/2021, de 12 de marzo, de medidas extraordinarias de apoyo a<br \/>la solvencia empresarial en respuesta a la pandemia de la covid-19 establece, entre<br \/>otras medias, una nueva moratoria concursal y se ampl\u00eda hasta 31 de diciembre de<br \/>2021 la exenci\u00f3n del deber del deudor que se encuentre en estado de insolvencia de<br \/>solicitar la declaraci\u00f3n de concurso y la no admisi\u00f3n a tr\u00e1mite de las solicitudes de<br \/>concurso necesario que presenten los acreedores. Se aclara tambi\u00e9n que el plazo de<br \/>dos meses del que dispone el deudor para solicitar la declaraci\u00f3n de concurso<br \/>voluntario debe computarse a partir de la fecha de finalizaci\u00f3n del plazo de<br \/>suspensi\u00f3n del citado deber.<\/p>\n<p><strong><a href=\"https:\/\/auren.com\/es\/wp-content\/uploads\/2021\/03\/Medidas-concursales-y-mercantiles-1.pdf\" target=\"_blank\" rel=\"noreferrer noopener\">Leer m\u00e1s&#8230;<\/a><\/strong><\/p>\n<p><!-- AddThis Advanced Settings generic via filter on the_content --><!-- AddThis Share Buttons generic via filter on the_content --><\/p>\n","protected":false},"excerpt":{"rendered":"<p>El Real Decreto-Ley 5\/2021, de 12 de marzo, de medidas extraordinarias de apoyo ala solvencia empresarial en respuesta a la pandemia de la covid-19 establece, entreotras medias, una nueva moratoria [&hellip;]<\/p>\n","protected":false},"featured_media":4553,"template":"","meta":{"_acf_changed":false,"footnotes":""},"new-category":[],"class_list":["post-4552","new","type-new","status-publish","has-post-thumbnail","hentry"],"acf":[],"yoast_head":"<!-- This site is optimized with the Yoast SEO plugin v27.5 - https:\/\/yoast.com\/product\/yoast-seo-wordpress\/ -->\n<title>Nueva moratoria concursal hasta el 31 de diciembre de 2021 - Auren Espa\u00f1a<\/title>\n<meta name=\"robots\" content=\"index, follow, max-snippet:-1, max-image-preview:large, max-video-preview:-1\" \/>\n<link rel=\"canonical\" href=\"https:\/\/auren.com\/es\/noticias\/nueva-moratoria-concursal-hasta-el-31-de-diciembre-de-2021\/\" \/>\n<meta property=\"og:locale\" content=\"es_ES\" \/>\n<meta property=\"og:type\" content=\"article\" \/>\n<meta property=\"og:title\" content=\"Nueva moratoria concursal hasta el 31 de diciembre de 2021 - Auren Espa\u00f1a\" \/>\n<meta property=\"og:description\" content=\"El Real Decreto-Ley 5\/2021, de 12 de marzo, de medidas extraordinarias de apoyo ala solvencia empresarial en respuesta a la pandemia de la covid-19 establece, entreotras medias, una nueva moratoria [&hellip;]\" \/>\n<meta property=\"og:url\" content=\"https:\/\/auren.com\/es\/noticias\/nueva-moratoria-concursal-hasta-el-31-de-diciembre-de-2021\/\" \/>\n<meta property=\"og:site_name\" content=\"Auren\" \/>\n<meta property=\"og:image\" content=\"https:\/\/auren.com\/es\/wp-content\/uploads\/2021\/03\/1200x627-linkedin-73-1-1.png\" \/>\n\t<meta property=\"og:image:width\" content=\"1200\" \/>\n\t<meta property=\"og:image:height\" content=\"627\" \/>\n\t<meta property=\"og:image:type\" content=\"image\/png\" \/>\n<meta name=\"twitter:card\" content=\"summary_large_image\" \/>\n<meta name=\"twitter:site\" content=\"@auren_spain\" \/>\n<meta name=\"twitter:label1\" content=\"Tiempo de lectura\" \/>\n\t<meta name=\"twitter:data1\" content=\"1 minuto\" \/>\n<script type=\"application\/ld+json\" class=\"yoast-schema-graph\">{\"@context\":\"https:\\\/\\\/schema.org\",\"@graph\":[{\"@type\":\"WebPage\",\"@id\":\"https:\\\/\\\/auren.com\\\/es\\\/noticias\\\/nueva-moratoria-concursal-hasta-el-31-de-diciembre-de-2021\\\/\",\"url\":\"https:\\\/\\\/auren.com\\\/es\\\/noticias\\\/nueva-moratoria-concursal-hasta-el-31-de-diciembre-de-2021\\\/\",\"name\":\"Nueva moratoria concursal hasta el 31 de diciembre de 2021 - Auren Espa\u00f1a\",\"isPartOf\":{\"@id\":\"https:\\\/\\\/auren.com\\\/es\\\/#website\"},\"primaryImageOfPage\":{\"@id\":\"https:\\\/\\\/auren.com\\\/es\\\/noticias\\\/nueva-moratoria-concursal-hasta-el-31-de-diciembre-de-2021\\\/#primaryimage\"},\"image\":{\"@id\":\"https:\\\/\\\/auren.com\\\/es\\\/noticias\\\/nueva-moratoria-concursal-hasta-el-31-de-diciembre-de-2021\\\/#primaryimage\"},\"thumbnailUrl\":\"https:\\\/\\\/auren.com\\\/es\\\/wp-content\\\/uploads\\\/2021\\\/03\\\/1200x627-linkedin-73-1-1.png\",\"datePublished\":\"2021-03-15T13:08:38+00:00\",\"breadcrumb\":{\"@id\":\"https:\\\/\\\/auren.com\\\/es\\\/noticias\\\/nueva-moratoria-concursal-hasta-el-31-de-diciembre-de-2021\\\/#breadcrumb\"},\"inLanguage\":\"es\",\"potentialAction\":[{\"@type\":\"ReadAction\",\"target\":[\"https:\\\/\\\/auren.com\\\/es\\\/noticias\\\/nueva-moratoria-concursal-hasta-el-31-de-diciembre-de-2021\\\/\"]}]},{\"@type\":\"ImageObject\",\"inLanguage\":\"es\",\"@id\":\"https:\\\/\\\/auren.com\\\/es\\\/noticias\\\/nueva-moratoria-concursal-hasta-el-31-de-diciembre-de-2021\\\/#primaryimage\",\"url\":\"https:\\\/\\\/auren.com\\\/es\\\/wp-content\\\/uploads\\\/2021\\\/03\\\/1200x627-linkedin-73-1-1.png\",\"contentUrl\":\"https:\\\/\\\/auren.com\\\/es\\\/wp-content\\\/uploads\\\/2021\\\/03\\\/1200x627-linkedin-73-1-1.png\",\"width\":1200,\"height\":627},{\"@type\":\"BreadcrumbList\",\"@id\":\"https:\\\/\\\/auren.com\\\/es\\\/noticias\\\/nueva-moratoria-concursal-hasta-el-31-de-diciembre-de-2021\\\/#breadcrumb\",\"itemListElement\":[{\"@type\":\"ListItem\",\"position\":1,\"name\":\"Portada\",\"item\":\"https:\\\/\\\/auren.com\\\/es\\\/\"},{\"@type\":\"ListItem\",\"position\":2,\"name\":\"Nueva moratoria concursal hasta el 31 de diciembre de 2021\"}]},{\"@type\":\"WebSite\",\"@id\":\"https:\\\/\\\/auren.com\\\/es\\\/#website\",\"url\":\"https:\\\/\\\/auren.com\\\/es\\\/\",\"name\":\"Auren\",\"description\":\"\",\"publisher\":{\"@id\":\"https:\\\/\\\/auren.com\\\/es\\\/#organization\"},\"alternateName\":\"Auren\",\"potentialAction\":[{\"@type\":\"SearchAction\",\"target\":{\"@type\":\"EntryPoint\",\"urlTemplate\":\"https:\\\/\\\/auren.com\\\/es\\\/?s={search_term_string}\"},\"query-input\":{\"@type\":\"PropertyValueSpecification\",\"valueRequired\":true,\"valueName\":\"search_term_string\"}}],\"inLanguage\":\"es\"},{\"@type\":\"Organization\",\"@id\":\"https:\\\/\\\/auren.com\\\/es\\\/#organization\",\"name\":\"Auren\",\"alternateName\":\"Auren\",\"url\":\"https:\\\/\\\/auren.com\\\/es\\\/\",\"logo\":{\"@type\":\"ImageObject\",\"inLanguage\":\"es\",\"@id\":\"https:\\\/\\\/auren.com\\\/es\\\/#\\\/schema\\\/logo\\\/image\\\/\",\"url\":\"https:\\\/\\\/auren.com\\\/es\\\/wp-content\\\/uploads\\\/2025\\\/01\\\/cropped-cropped-favicon-Auren.png\",\"contentUrl\":\"https:\\\/\\\/auren.com\\\/es\\\/wp-content\\\/uploads\\\/2025\\\/01\\\/cropped-cropped-favicon-Auren.png\",\"width\":512,\"height\":512,\"caption\":\"Auren\"},\"image\":{\"@id\":\"https:\\\/\\\/auren.com\\\/es\\\/#\\\/schema\\\/logo\\\/image\\\/\"},\"sameAs\":[\"https:\\\/\\\/x.com\\\/auren_spain\",\"https:\\\/\\\/www.linkedin.com\\\/company\\\/aurenspainserviciosprofesionales\",\"https:\\\/\\\/www.youtube.com\\\/@AurenEsp\",\"https:\\\/\\\/www.instagram.com\\\/auren_spain\"]}]}<\/script>\n<!-- \/ Yoast SEO plugin. -->","yoast_head_json":{"title":"Nueva moratoria concursal hasta el 31 de diciembre de 2021 - Auren Espa\u00f1a","robots":{"index":"index","follow":"follow","max-snippet":"max-snippet:-1","max-image-preview":"max-image-preview:large","max-video-preview":"max-video-preview:-1"},"canonical":"https:\/\/auren.com\/es\/noticias\/nueva-moratoria-concursal-hasta-el-31-de-diciembre-de-2021\/","og_locale":"es_ES","og_type":"article","og_title":"Nueva moratoria concursal hasta el 31 de diciembre de 2021 - Auren Espa\u00f1a","og_description":"El Real Decreto-Ley 5\/2021, de 12 de marzo, de medidas extraordinarias de apoyo ala solvencia empresarial en respuesta a la pandemia de la covid-19 establece, entreotras medias, una nueva moratoria [&hellip;]","og_url":"https:\/\/auren.com\/es\/noticias\/nueva-moratoria-concursal-hasta-el-31-de-diciembre-de-2021\/","og_site_name":"Auren","og_image":[{"width":1200,"height":627,"url":"https:\/\/auren.com\/es\/wp-content\/uploads\/2021\/03\/1200x627-linkedin-73-1-1.png","type":"image\/png"}],"twitter_card":"summary_large_image","twitter_site":"@auren_spain","twitter_misc":{"Tiempo de lectura":"1 minuto"},"schema":{"@context":"https:\/\/schema.org","@graph":[{"@type":"WebPage","@id":"https:\/\/auren.com\/es\/noticias\/nueva-moratoria-concursal-hasta-el-31-de-diciembre-de-2021\/","url":"https:\/\/auren.com\/es\/noticias\/nueva-moratoria-concursal-hasta-el-31-de-diciembre-de-2021\/","name":"Nueva moratoria concursal hasta el 31 de diciembre de 2021 - Auren Espa\u00f1a","isPartOf":{"@id":"https:\/\/auren.com\/es\/#website"},"primaryImageOfPage":{"@id":"https:\/\/auren.com\/es\/noticias\/nueva-moratoria-concursal-hasta-el-31-de-diciembre-de-2021\/#primaryimage"},"image":{"@id":"https:\/\/auren.com\/es\/noticias\/nueva-moratoria-concursal-hasta-el-31-de-diciembre-de-2021\/#primaryimage"},"thumbnailUrl":"https:\/\/auren.com\/es\/wp-content\/uploads\/2021\/03\/1200x627-linkedin-73-1-1.png","datePublished":"2021-03-15T13:08:38+00:00","breadcrumb":{"@id":"https:\/\/auren.com\/es\/noticias\/nueva-moratoria-concursal-hasta-el-31-de-diciembre-de-2021\/#breadcrumb"},"inLanguage":"es","potentialAction":[{"@type":"ReadAction","target":["https:\/\/auren.com\/es\/noticias\/nueva-moratoria-concursal-hasta-el-31-de-diciembre-de-2021\/"]}]},{"@type":"ImageObject","inLanguage":"es","@id":"https:\/\/auren.com\/es\/noticias\/nueva-moratoria-concursal-hasta-el-31-de-diciembre-de-2021\/#primaryimage","url":"https:\/\/auren.com\/es\/wp-content\/uploads\/2021\/03\/1200x627-linkedin-73-1-1.png","contentUrl":"https:\/\/auren.com\/es\/wp-content\/uploads\/2021\/03\/1200x627-linkedin-73-1-1.png","width":1200,"height":627},{"@type":"BreadcrumbList","@id":"https:\/\/auren.com\/es\/noticias\/nueva-moratoria-concursal-hasta-el-31-de-diciembre-de-2021\/#breadcrumb","itemListElement":[{"@type":"ListItem","position":1,"name":"Portada","item":"https:\/\/auren.com\/es\/"},{"@type":"ListItem","position":2,"name":"Nueva moratoria concursal hasta el 31 de diciembre de 2021"}]},{"@type":"WebSite","@id":"https:\/\/auren.com\/es\/#website","url":"https:\/\/auren.com\/es\/","name":"Auren","description":"","publisher":{"@id":"https:\/\/auren.com\/es\/#organization"},"alternateName":"Auren","potentialAction":[{"@type":"SearchAction","target":{"@type":"EntryPoint","urlTemplate":"https:\/\/auren.com\/es\/?s={search_term_string}"},"query-input":{"@type":"PropertyValueSpecification","valueRequired":true,"valueName":"search_term_string"}}],"inLanguage":"es"},{"@type":"Organization","@id":"https:\/\/auren.com\/es\/#organization","name":"Auren","alternateName":"Auren","url":"https:\/\/auren.com\/es\/","logo":{"@type":"ImageObject","inLanguage":"es","@id":"https:\/\/auren.com\/es\/#\/schema\/logo\/image\/","url":"https:\/\/auren.com\/es\/wp-content\/uploads\/2025\/01\/cropped-cropped-favicon-Auren.png","contentUrl":"https:\/\/auren.com\/es\/wp-content\/uploads\/2025\/01\/cropped-cropped-favicon-Auren.png","width":512,"height":512,"caption":"Auren"},"image":{"@id":"https:\/\/auren.com\/es\/#\/schema\/logo\/image\/"},"sameAs":["https:\/\/x.com\/auren_spain","https:\/\/www.linkedin.com\/company\/aurenspainserviciosprofesionales","https:\/\/www.youtube.com\/@AurenEsp","https:\/\/www.instagram.com\/auren_spain"]}]}},"_links":{"self":[{"href":"https:\/\/auren.com\/es\/wp-json\/wp\/v2\/new\/4552","targetHints":{"allow":["GET"]}}],"collection":[{"href":"https:\/\/auren.com\/es\/wp-json\/wp\/v2\/new"}],"about":[{"href":"https:\/\/auren.com\/es\/wp-json\/wp\/v2\/types\/new"}],"version-history":[{"count":0,"href":"https:\/\/auren.com\/es\/wp-json\/wp\/v2\/new\/4552\/revisions"}],"wp:featuredmedia":[{"embeddable":true,"href":"https:\/\/auren.com\/es\/wp-json\/wp\/v2\/media\/4553"}],"wp:attachment":[{"href":"https:\/\/auren.com\/es\/wp-json\/wp\/v2\/media?parent=4552"}],"wp:term":[{"taxonomy":"new-category","embeddable":true,"href":"https:\/\/auren.com\/es\/wp-json\/wp\/v2\/new-category?post=4552"}],"curies":[{"name":"wp","href":"https:\/\/api.w.org\/{rel}","templated":true}]}}

<p>El Real Decreto-Ley 5/2021, de 12 de marzo, de medidas extraordinarias de apoyo a<br />la solvencia empresarial en respuesta a la pandemia de la covid-19 establece, entre<br />otras medias, una nueva moratoria concursal y se amplía hasta 31 de diciembre de<br />2021 la exención del deber del deudor que se encuentre en estado de insolvencia de<br />solicitar la declaración de concurso y la no admisión a trámite de las solicitudes de<br />concurso necesario que presenten los acreedores. Se aclara también que el plazo de<br />dos meses del que dispone el deudor para solicitar la declaración de concurso<br />voluntario debe computarse a partir de la fecha de finalización del plazo de<br />suspensión del citado deber.</p>
<p><strong><a href="https://auren.com/es/wp-content/uploads/2021/03/Medidas-concursales-y-mercantiles-1.pdf" target="_blank" rel="noreferrer noopener">Leer más&#8230;</a></strong></p>
<p><!-- AddThis Advanced Settings generic via filter on the_content --><!-- AddThis Share Buttons generic via filter on the_content --></p>

<!-- This site is optimized with the Yoast SEO plugin v27.5 - https://yoast.com/product/yoast-seo-wordpress/ -->
<title>Nueva moratoria concursal hasta el 31 de diciembre de 2021 - Auren España</title>
<meta name="robots" content="index, follow, max-snippet:-1, max-image-preview:large, max-video-preview:-1" />
<link rel="canonical" href="https://auren.com/es/noticias/nueva-moratoria-concursal-hasta-el-31-de-diciembre-de-2021/" />
<meta property="og:locale" content="es_ES" />
<meta property="og:type" content="article" />
<meta property="og:title" content="Nueva moratoria concursal hasta el 31 de diciembre de 2021 - Auren España" />
<meta property="og:description" content="El Real Decreto-Ley 5/2021, de 12 de marzo, de medidas extraordinarias de apoyo ala solvencia empresarial en respuesta a la pandemia de la covid-19 establece, entreotras medias, una nueva moratoria [&hellip;]" />
<meta property="og:url" content="https://auren.com/es/noticias/nueva-moratoria-concursal-hasta-el-31-de-diciembre-de-2021/" />
<meta property="og:site_name" content="Auren" />
<meta property="og:image" content="https://auren.com/es/wp-content/uploads/2021/03/1200x627-linkedin-73-1-1.png" />
	<meta property="og:image:width" content="1200" />
	<meta property="og:image:height" content="627" />
	<meta property="og:image:type" content="image/png" />
<meta name="twitter:card" content="summary_large_image" />
<meta name="twitter:site" content="@auren_spain" />
<meta name="twitter:label1" content="Tiempo de lectura" />
	<meta name="twitter:data1" content="1 minuto" />
<script type="application/ld+json" class="yoast-schema-graph">{"@context":"https:\/\/schema.org","@graph":[{"@type":"WebPage","@id":"https:\/\/auren.com\/es\/noticias\/nueva-moratoria-concursal-hasta-el-31-de-diciembre-de-2021\/","url":"https:\/\/auren.com\/es\/noticias\/nueva-moratoria-concursal-hasta-el-31-de-diciembre-de-2021\/","name":"Nueva moratoria concursal hasta el 31 de diciembre de 2021 - Auren España","isPartOf":{"@id":"https:\/\/auren.com\/es\/#website"},"primaryImageOfPage":{"@id":"https:\/\/auren.com\/es\/noticias\/nueva-moratoria-concursal-hasta-el-31-de-diciembre-de-2021\/#primaryimage"},"image":{"@id":"https:\/\/auren.com\/es\/noticias\/nueva-moratoria-concursal-hasta-el-31-de-diciembre-de-2021\/#primaryimage"},"thumbnailUrl":"https:\/\/auren.com\/es\/wp-content\/uploads\/2021\/03\/1200x627-linkedin-73-1-1.png","datePublished":"2021-03-15T13:08:38+00:00","breadcrumb":{"@id":"https:\/\/auren.com\/es\/noticias\/nueva-moratoria-concursal-hasta-el-31-de-diciembre-de-2021\/#breadcrumb"},"inLanguage":"es","potentialAction":[{"@type":"ReadAction","target":["https:\/\/auren.com\/es\/noticias\/nueva-moratoria-concursal-hasta-el-31-de-diciembre-de-2021\/"]}]},{"@type":"ImageObject","inLanguage":"es","@id":"https:\/\/auren.com\/es\/noticias\/nueva-moratoria-concursal-hasta-el-31-de-diciembre-de-2021\/#primaryimage","url":"https:\/\/auren.com\/es\/wp-content\/uploads\/2021\/03\/1200x627-linkedin-73-1-1.png","contentUrl":"https:\/\/auren.com\/es\/wp-content\/uploads\/2021\/03\/1200x627-linkedin-73-1-1.png","width":1200,"height":627},{"@type":"BreadcrumbList","@id":"https:\/\/auren.com\/es\/noticias\/nueva-moratoria-concursal-hasta-el-31-de-diciembre-de-2021\/#breadcrumb","itemListElement":[{"@type":"ListItem","position":1,"name":"Portada","item":"https:\/\/auren.com\/es\/"},{"@type":"ListItem","position":2,"name":"Nueva moratoria concursal hasta el 31 de diciembre de 2021"}]},{"@type":"WebSite","@id":"https:\/\/auren.com\/es\/#website","url":"https:\/\/auren.com\/es\/","name":"Auren","description":"","publisher":{"@id":"https:\/\/auren.com\/es\/#organization"},"alternateName":"Auren","potentialAction":[{"@type":"SearchAction","target":{"@type":"EntryPoint","urlTemplate":"https:\/\/auren.com\/es\/?s={search_term_string}"},"query-input":{"@type":"PropertyValueSpecification","valueRequired":true,"valueName":"search_term_string"}}],"inLanguage":"es"},{"@type":"Organization","@id":"https:\/\/auren.com\/es\/#organization","name":"Auren","alternateName":"Auren","url":"https:\/\/auren.com\/es\/","logo":{"@type":"ImageObject","inLanguage":"es","@id":"https:\/\/auren.com\/es\/#\/schema\/logo\/image\/","url":"https:\/\/auren.com\/es\/wp-content\/uploads\/2025\/01\/cropped-cropped-favicon-Auren.png","contentUrl":"https:\/\/auren.com\/es\/wp-content\/uploads\/2025\/01\/cropped-cropped-favicon-Auren.png","width":512,"height":512,"caption":"Auren"},"image":{"@id":"https:\/\/auren.com\/es\/#\/schema\/logo\/image\/"},"sameAs":["https:\/\/x.com\/auren_spain","https:\/\/www.linkedin.com\/company\/aurenspainserviciosprofesionales","https:\/\/www.youtube.com\/@AurenEsp","https:\/\/www.instagram.com\/auren_spain"]}]}</script>
<!-- / Yoast SEO plugin. -->

Nueva moratoria concursal hasta el 31 de diciembre de 2021 - Auren España
