{"id":4598,"date":"2021-02-26T12:59:32","date_gmt":"2021-02-26T11:59:32","guid":{"rendered":"https:\/\/auren.com\/es\/new\/el-proceso-de-las-empresas-para-optar-al-fondo-de-recuperacion-europeo-empieza-ahora\/"},"modified":"2021-02-26T12:59:32","modified_gmt":"2021-02-26T11:59:32","slug":"el-proceso-de-las-empresas-para-optar-al-fondo-de-recuperacion-europeo-empieza-ahora","status":"publish","type":"new","link":"https:\/\/auren.com\/es\/noticias\/el-proceso-de-las-empresas-para-optar-al-fondo-de-recuperacion-europeo-empieza-ahora\/","title":{"rendered":"El proceso de las empresas para optar al Fondo de Recuperaci\u00f3n Europeo empieza ahora"},"content":{"rendered":"<p>Eduardo Romero, socio de Auren Consultores, ofrece m\u00e1s pistas sobre c\u00f3mo articular\u00e1n las empresas estas subvenciones en <strong> <a href=\"https:\/\/elpais.com\/economia\/2021-02-26\/el-proceso-de-las-empresas-para-optar-al-fondo-de-recuperacion-europeo-empieza-ahora.html\" target=\"_blank\" rel=\"noreferrer noopener\">El  Pa\u00eds<\/a><\/strong><\/p>\n<p><!-- AddThis Advanced Settings generic via filter on the_content --><!-- AddThis Share Buttons generic via filter on the_content --><\/p>\n","protected":false},"excerpt":{"rendered":"<p>Eduardo Romero, socio de Auren Consultores, ofrece m\u00e1s pistas sobre c\u00f3mo articular\u00e1n las empresas estas subvenciones en El Pa\u00eds<\/p>\n","protected":false},"featured_media":4599,"template":"","meta":{"_acf_changed":false,"footnotes":""},"new-category":[],"class_list":["post-4598","new","type-new","status-publish","has-post-thumbnail","hentry"],"acf":[],"yoast_head":"<!-- This site is optimized with the Yoast SEO plugin v27.4 - https:\/\/yoast.com\/product\/yoast-seo-wordpress\/ -->\n<title>El proceso de las empresas para optar al Fondo de Recuperaci\u00f3n Europeo empieza ahora -<\/title>\n<meta name=\"description\" content=\"Eduardo Romero, socio de Auren Consultores, ofrece m\u00e1s pistas sobre c\u00f3mo articular\u00e1n las empresas estas subvenciones en El Pa\u00eds\" \/>\n<meta name=\"robots\" content=\"index, follow, max-snippet:-1, max-image-preview:large, max-video-preview:-1\" \/>\n<link rel=\"canonical\" href=\"https:\/\/auren.com\/es\/noticias\/el-proceso-de-las-empresas-para-optar-al-fondo-de-recuperacion-europeo-empieza-ahora\/\" \/>\n<meta property=\"og:locale\" content=\"es_ES\" \/>\n<meta property=\"og:type\" content=\"article\" \/>\n<meta property=\"og:title\" content=\"El proceso de las empresas para optar al Fondo de Recuperaci\u00f3n Europeo empieza ahora -\" \/>\n<meta property=\"og:description\" content=\"Eduardo Romero, socio de Auren Consultores, ofrece m\u00e1s pistas sobre c\u00f3mo articular\u00e1n las empresas estas subvenciones en El Pa\u00eds\" \/>\n<meta property=\"og:url\" content=\"https:\/\/auren.com\/es\/noticias\/el-proceso-de-las-empresas-para-optar-al-fondo-de-recuperacion-europeo-empieza-ahora\/\" \/>\n<meta property=\"og:site_name\" content=\"Auren\" \/>\n<meta property=\"og:image\" content=\"https:\/\/auren.com\/es\/wp-content\/uploads\/2021\/02\/shutterstock_210669856.jpg\" \/>\n\t<meta property=\"og:image:width\" content=\"2000\" \/>\n\t<meta property=\"og:image:height\" content=\"1333\" \/>\n\t<meta property=\"og:image:type\" content=\"image\/jpeg\" \/>\n<meta name=\"twitter:card\" content=\"summary_large_image\" \/>\n<meta name=\"twitter:site\" content=\"@auren_spain\" \/>\n<script type=\"application\/ld+json\" class=\"yoast-schema-graph\">{\"@context\":\"https:\\\/\\\/schema.org\",\"@graph\":[{\"@type\":\"WebPage\",\"@id\":\"https:\\\/\\\/auren.com\\\/es\\\/noticias\\\/el-proceso-de-las-empresas-para-optar-al-fondo-de-recuperacion-europeo-empieza-ahora\\\/\",\"url\":\"https:\\\/\\\/auren.com\\\/es\\\/noticias\\\/el-proceso-de-las-empresas-para-optar-al-fondo-de-recuperacion-europeo-empieza-ahora\\\/\",\"name\":\"El proceso de las empresas para optar al Fondo de Recuperaci\u00f3n Europeo empieza ahora -\",\"isPartOf\":{\"@id\":\"https:\\\/\\\/auren.com\\\/es\\\/#website\"},\"primaryImageOfPage\":{\"@id\":\"https:\\\/\\\/auren.com\\\/es\\\/noticias\\\/el-proceso-de-las-empresas-para-optar-al-fondo-de-recuperacion-europeo-empieza-ahora\\\/#primaryimage\"},\"image\":{\"@id\":\"https:\\\/\\\/auren.com\\\/es\\\/noticias\\\/el-proceso-de-las-empresas-para-optar-al-fondo-de-recuperacion-europeo-empieza-ahora\\\/#primaryimage\"},\"thumbnailUrl\":\"https:\\\/\\\/auren.com\\\/es\\\/wp-content\\\/uploads\\\/2021\\\/02\\\/shutterstock_210669856.jpg\",\"datePublished\":\"2021-02-26T11:59:32+00:00\",\"description\":\"Eduardo Romero, socio de Auren Consultores, ofrece m\u00e1s pistas sobre c\u00f3mo articular\u00e1n las empresas estas subvenciones en El Pa\u00eds\",\"breadcrumb\":{\"@id\":\"https:\\\/\\\/auren.com\\\/es\\\/noticias\\\/el-proceso-de-las-empresas-para-optar-al-fondo-de-recuperacion-europeo-empieza-ahora\\\/#breadcrumb\"},\"inLanguage\":\"es\",\"potentialAction\":[{\"@type\":\"ReadAction\",\"target\":[\"https:\\\/\\\/auren.com\\\/es\\\/noticias\\\/el-proceso-de-las-empresas-para-optar-al-fondo-de-recuperacion-europeo-empieza-ahora\\\/\"]}]},{\"@type\":\"ImageObject\",\"inLanguage\":\"es\",\"@id\":\"https:\\\/\\\/auren.com\\\/es\\\/noticias\\\/el-proceso-de-las-empresas-para-optar-al-fondo-de-recuperacion-europeo-empieza-ahora\\\/#primaryimage\",\"url\":\"https:\\\/\\\/auren.com\\\/es\\\/wp-content\\\/uploads\\\/2021\\\/02\\\/shutterstock_210669856.jpg\",\"contentUrl\":\"https:\\\/\\\/auren.com\\\/es\\\/wp-content\\\/uploads\\\/2021\\\/02\\\/shutterstock_210669856.jpg\",\"width\":2000,\"height\":1333},{\"@type\":\"BreadcrumbList\",\"@id\":\"https:\\\/\\\/auren.com\\\/es\\\/noticias\\\/el-proceso-de-las-empresas-para-optar-al-fondo-de-recuperacion-europeo-empieza-ahora\\\/#breadcrumb\",\"itemListElement\":[{\"@type\":\"ListItem\",\"position\":1,\"name\":\"Portada\",\"item\":\"https:\\\/\\\/auren.com\\\/es\\\/\"},{\"@type\":\"ListItem\",\"position\":2,\"name\":\"El proceso de las empresas para optar al Fondo de Recuperaci\u00f3n Europeo empieza ahora\"}]},{\"@type\":\"WebSite\",\"@id\":\"https:\\\/\\\/auren.com\\\/es\\\/#website\",\"url\":\"https:\\\/\\\/auren.com\\\/es\\\/\",\"name\":\"Auren\",\"description\":\"\",\"publisher\":{\"@id\":\"https:\\\/\\\/auren.com\\\/es\\\/#organization\"},\"alternateName\":\"Auren\",\"potentialAction\":[{\"@type\":\"SearchAction\",\"target\":{\"@type\":\"EntryPoint\",\"urlTemplate\":\"https:\\\/\\\/auren.com\\\/es\\\/?s={search_term_string}\"},\"query-input\":{\"@type\":\"PropertyValueSpecification\",\"valueRequired\":true,\"valueName\":\"search_term_string\"}}],\"inLanguage\":\"es\"},{\"@type\":\"Organization\",\"@id\":\"https:\\\/\\\/auren.com\\\/es\\\/#organization\",\"name\":\"Auren\",\"alternateName\":\"Auren\",\"url\":\"https:\\\/\\\/auren.com\\\/es\\\/\",\"logo\":{\"@type\":\"ImageObject\",\"inLanguage\":\"es\",\"@id\":\"https:\\\/\\\/auren.com\\\/es\\\/#\\\/schema\\\/logo\\\/image\\\/\",\"url\":\"https:\\\/\\\/auren.com\\\/es\\\/wp-content\\\/uploads\\\/2025\\\/01\\\/cropped-cropped-favicon-Auren.png\",\"contentUrl\":\"https:\\\/\\\/auren.com\\\/es\\\/wp-content\\\/uploads\\\/2025\\\/01\\\/cropped-cropped-favicon-Auren.png\",\"width\":512,\"height\":512,\"caption\":\"Auren\"},\"image\":{\"@id\":\"https:\\\/\\\/auren.com\\\/es\\\/#\\\/schema\\\/logo\\\/image\\\/\"},\"sameAs\":[\"https:\\\/\\\/x.com\\\/auren_spain\",\"https:\\\/\\\/www.linkedin.com\\\/company\\\/aurenspainserviciosprofesionales\",\"https:\\\/\\\/www.youtube.com\\\/@AurenEsp\",\"https:\\\/\\\/www.instagram.com\\\/auren_spain\"]}]}<\/script>\n<!-- \/ Yoast SEO plugin. -->","yoast_head_json":{"title":"El proceso de las empresas para optar al Fondo de Recuperaci\u00f3n Europeo empieza ahora -","description":"Eduardo Romero, socio de Auren Consultores, ofrece m\u00e1s pistas sobre c\u00f3mo articular\u00e1n las empresas estas subvenciones en El Pa\u00eds","robots":{"index":"index","follow":"follow","max-snippet":"max-snippet:-1","max-image-preview":"max-image-preview:large","max-video-preview":"max-video-preview:-1"},"canonical":"https:\/\/auren.com\/es\/noticias\/el-proceso-de-las-empresas-para-optar-al-fondo-de-recuperacion-europeo-empieza-ahora\/","og_locale":"es_ES","og_type":"article","og_title":"El proceso de las empresas para optar al Fondo de Recuperaci\u00f3n Europeo empieza ahora -","og_description":"Eduardo Romero, socio de Auren Consultores, ofrece m\u00e1s pistas sobre c\u00f3mo articular\u00e1n las empresas estas subvenciones en El Pa\u00eds","og_url":"https:\/\/auren.com\/es\/noticias\/el-proceso-de-las-empresas-para-optar-al-fondo-de-recuperacion-europeo-empieza-ahora\/","og_site_name":"Auren","og_image":[{"width":2000,"height":1333,"url":"https:\/\/auren.com\/es\/wp-content\/uploads\/2021\/02\/shutterstock_210669856.jpg","type":"image\/jpeg"}],"twitter_card":"summary_large_image","twitter_site":"@auren_spain","schema":{"@context":"https:\/\/schema.org","@graph":[{"@type":"WebPage","@id":"https:\/\/auren.com\/es\/noticias\/el-proceso-de-las-empresas-para-optar-al-fondo-de-recuperacion-europeo-empieza-ahora\/","url":"https:\/\/auren.com\/es\/noticias\/el-proceso-de-las-empresas-para-optar-al-fondo-de-recuperacion-europeo-empieza-ahora\/","name":"El proceso de las empresas para optar al Fondo de Recuperaci\u00f3n Europeo empieza ahora -","isPartOf":{"@id":"https:\/\/auren.com\/es\/#website"},"primaryImageOfPage":{"@id":"https:\/\/auren.com\/es\/noticias\/el-proceso-de-las-empresas-para-optar-al-fondo-de-recuperacion-europeo-empieza-ahora\/#primaryimage"},"image":{"@id":"https:\/\/auren.com\/es\/noticias\/el-proceso-de-las-empresas-para-optar-al-fondo-de-recuperacion-europeo-empieza-ahora\/#primaryimage"},"thumbnailUrl":"https:\/\/auren.com\/es\/wp-content\/uploads\/2021\/02\/shutterstock_210669856.jpg","datePublished":"2021-02-26T11:59:32+00:00","description":"Eduardo Romero, socio de Auren Consultores, ofrece m\u00e1s pistas sobre c\u00f3mo articular\u00e1n las empresas estas subvenciones en El Pa\u00eds","breadcrumb":{"@id":"https:\/\/auren.com\/es\/noticias\/el-proceso-de-las-empresas-para-optar-al-fondo-de-recuperacion-europeo-empieza-ahora\/#breadcrumb"},"inLanguage":"es","potentialAction":[{"@type":"ReadAction","target":["https:\/\/auren.com\/es\/noticias\/el-proceso-de-las-empresas-para-optar-al-fondo-de-recuperacion-europeo-empieza-ahora\/"]}]},{"@type":"ImageObject","inLanguage":"es","@id":"https:\/\/auren.com\/es\/noticias\/el-proceso-de-las-empresas-para-optar-al-fondo-de-recuperacion-europeo-empieza-ahora\/#primaryimage","url":"https:\/\/auren.com\/es\/wp-content\/uploads\/2021\/02\/shutterstock_210669856.jpg","contentUrl":"https:\/\/auren.com\/es\/wp-content\/uploads\/2021\/02\/shutterstock_210669856.jpg","width":2000,"height":1333},{"@type":"BreadcrumbList","@id":"https:\/\/auren.com\/es\/noticias\/el-proceso-de-las-empresas-para-optar-al-fondo-de-recuperacion-europeo-empieza-ahora\/#breadcrumb","itemListElement":[{"@type":"ListItem","position":1,"name":"Portada","item":"https:\/\/auren.com\/es\/"},{"@type":"ListItem","position":2,"name":"El proceso de las empresas para optar al Fondo de Recuperaci\u00f3n Europeo empieza ahora"}]},{"@type":"WebSite","@id":"https:\/\/auren.com\/es\/#website","url":"https:\/\/auren.com\/es\/","name":"Auren","description":"","publisher":{"@id":"https:\/\/auren.com\/es\/#organization"},"alternateName":"Auren","potentialAction":[{"@type":"SearchAction","target":{"@type":"EntryPoint","urlTemplate":"https:\/\/auren.com\/es\/?s={search_term_string}"},"query-input":{"@type":"PropertyValueSpecification","valueRequired":true,"valueName":"search_term_string"}}],"inLanguage":"es"},{"@type":"Organization","@id":"https:\/\/auren.com\/es\/#organization","name":"Auren","alternateName":"Auren","url":"https:\/\/auren.com\/es\/","logo":{"@type":"ImageObject","inLanguage":"es","@id":"https:\/\/auren.com\/es\/#\/schema\/logo\/image\/","url":"https:\/\/auren.com\/es\/wp-content\/uploads\/2025\/01\/cropped-cropped-favicon-Auren.png","contentUrl":"https:\/\/auren.com\/es\/wp-content\/uploads\/2025\/01\/cropped-cropped-favicon-Auren.png","width":512,"height":512,"caption":"Auren"},"image":{"@id":"https:\/\/auren.com\/es\/#\/schema\/logo\/image\/"},"sameAs":["https:\/\/x.com\/auren_spain","https:\/\/www.linkedin.com\/company\/aurenspainserviciosprofesionales","https:\/\/www.youtube.com\/@AurenEsp","https:\/\/www.instagram.com\/auren_spain"]}]}},"_links":{"self":[{"href":"https:\/\/auren.com\/es\/wp-json\/wp\/v2\/new\/4598","targetHints":{"allow":["GET"]}}],"collection":[{"href":"https:\/\/auren.com\/es\/wp-json\/wp\/v2\/new"}],"about":[{"href":"https:\/\/auren.com\/es\/wp-json\/wp\/v2\/types\/new"}],"version-history":[{"count":0,"href":"https:\/\/auren.com\/es\/wp-json\/wp\/v2\/new\/4598\/revisions"}],"wp:featuredmedia":[{"embeddable":true,"href":"https:\/\/auren.com\/es\/wp-json\/wp\/v2\/media\/4599"}],"wp:attachment":[{"href":"https:\/\/auren.com\/es\/wp-json\/wp\/v2\/media?parent=4598"}],"wp:term":[{"taxonomy":"new-category","embeddable":true,"href":"https:\/\/auren.com\/es\/wp-json\/wp\/v2\/new-category?post=4598"}],"curies":[{"name":"wp","href":"https:\/\/api.w.org\/{rel}","templated":true}]}}

El proceso de las empresas para optar al Fondo de Recuperación Europeo empieza ahora

<p>Eduardo Romero, socio de Auren Consultores, ofrece más pistas sobre cómo articularán las empresas estas subvenciones en <strong> <a href="https://elpais.com/economia/2021-02-26/el-proceso-de-las-empresas-para-optar-al-fondo-de-recuperacion-europeo-empieza-ahora.html" target="_blank" rel="noreferrer noopener">El  País</a></strong></p>
<p><!-- AddThis Advanced Settings generic via filter on the_content --><!-- AddThis Share Buttons generic via filter on the_content --></p>

<p>Eduardo Romero, socio de Auren Consultores, ofrece más pistas sobre cómo articularán las empresas estas subvenciones en El País</p>

<!-- This site is optimized with the Yoast SEO plugin v27.4 - https://yoast.com/product/yoast-seo-wordpress/ -->
<title>El proceso de las empresas para optar al Fondo de Recuperación Europeo empieza ahora -</title>
<meta name="description" content="Eduardo Romero, socio de Auren Consultores, ofrece más pistas sobre cómo articularán las empresas estas subvenciones en El País" />
<meta name="robots" content="index, follow, max-snippet:-1, max-image-preview:large, max-video-preview:-1" />
<link rel="canonical" href="https://auren.com/es/noticias/el-proceso-de-las-empresas-para-optar-al-fondo-de-recuperacion-europeo-empieza-ahora/" />
<meta property="og:locale" content="es_ES" />
<meta property="og:type" content="article" />
<meta property="og:title" content="El proceso de las empresas para optar al Fondo de Recuperación Europeo empieza ahora -" />
<meta property="og:description" content="Eduardo Romero, socio de Auren Consultores, ofrece más pistas sobre cómo articularán las empresas estas subvenciones en El País" />
<meta property="og:url" content="https://auren.com/es/noticias/el-proceso-de-las-empresas-para-optar-al-fondo-de-recuperacion-europeo-empieza-ahora/" />
<meta property="og:site_name" content="Auren" />
<meta property="og:image" content="https://auren.com/es/wp-content/uploads/2021/02/shutterstock_210669856.jpg" />
	<meta property="og:image:width" content="2000" />
	<meta property="og:image:height" content="1333" />
	<meta property="og:image:type" content="image/jpeg" />
<meta name="twitter:card" content="summary_large_image" />
<meta name="twitter:site" content="@auren_spain" />
<script type="application/ld+json" class="yoast-schema-graph">{"@context":"https:\/\/schema.org","@graph":[{"@type":"WebPage","@id":"https:\/\/auren.com\/es\/noticias\/el-proceso-de-las-empresas-para-optar-al-fondo-de-recuperacion-europeo-empieza-ahora\/","url":"https:\/\/auren.com\/es\/noticias\/el-proceso-de-las-empresas-para-optar-al-fondo-de-recuperacion-europeo-empieza-ahora\/","name":"El proceso de las empresas para optar al Fondo de Recuperación Europeo empieza ahora -","isPartOf":{"@id":"https:\/\/auren.com\/es\/#website"},"primaryImageOfPage":{"@id":"https:\/\/auren.com\/es\/noticias\/el-proceso-de-las-empresas-para-optar-al-fondo-de-recuperacion-europeo-empieza-ahora\/#primaryimage"},"image":{"@id":"https:\/\/auren.com\/es\/noticias\/el-proceso-de-las-empresas-para-optar-al-fondo-de-recuperacion-europeo-empieza-ahora\/#primaryimage"},"thumbnailUrl":"https:\/\/auren.com\/es\/wp-content\/uploads\/2021\/02\/shutterstock_210669856.jpg","datePublished":"2021-02-26T11:59:32+00:00","description":"Eduardo Romero, socio de Auren Consultores, ofrece más pistas sobre cómo articularán las empresas estas subvenciones en El País","breadcrumb":{"@id":"https:\/\/auren.com\/es\/noticias\/el-proceso-de-las-empresas-para-optar-al-fondo-de-recuperacion-europeo-empieza-ahora\/#breadcrumb"},"inLanguage":"es","potentialAction":[{"@type":"ReadAction","target":["https:\/\/auren.com\/es\/noticias\/el-proceso-de-las-empresas-para-optar-al-fondo-de-recuperacion-europeo-empieza-ahora\/"]}]},{"@type":"ImageObject","inLanguage":"es","@id":"https:\/\/auren.com\/es\/noticias\/el-proceso-de-las-empresas-para-optar-al-fondo-de-recuperacion-europeo-empieza-ahora\/#primaryimage","url":"https:\/\/auren.com\/es\/wp-content\/uploads\/2021\/02\/shutterstock_210669856.jpg","contentUrl":"https:\/\/auren.com\/es\/wp-content\/uploads\/2021\/02\/shutterstock_210669856.jpg","width":2000,"height":1333},{"@type":"BreadcrumbList","@id":"https:\/\/auren.com\/es\/noticias\/el-proceso-de-las-empresas-para-optar-al-fondo-de-recuperacion-europeo-empieza-ahora\/#breadcrumb","itemListElement":[{"@type":"ListItem","position":1,"name":"Portada","item":"https:\/\/auren.com\/es\/"},{"@type":"ListItem","position":2,"name":"El proceso de las empresas para optar al Fondo de Recuperación Europeo empieza ahora"}]},{"@type":"WebSite","@id":"https:\/\/auren.com\/es\/#website","url":"https:\/\/auren.com\/es\/","name":"Auren","description":"","publisher":{"@id":"https:\/\/auren.com\/es\/#organization"},"alternateName":"Auren","potentialAction":[{"@type":"SearchAction","target":{"@type":"EntryPoint","urlTemplate":"https:\/\/auren.com\/es\/?s={search_term_string}"},"query-input":{"@type":"PropertyValueSpecification","valueRequired":true,"valueName":"search_term_string"}}],"inLanguage":"es"},{"@type":"Organization","@id":"https:\/\/auren.com\/es\/#organization","name":"Auren","alternateName":"Auren","url":"https:\/\/auren.com\/es\/","logo":{"@type":"ImageObject","inLanguage":"es","@id":"https:\/\/auren.com\/es\/#\/schema\/logo\/image\/","url":"https:\/\/auren.com\/es\/wp-content\/uploads\/2025\/01\/cropped-cropped-favicon-Auren.png","contentUrl":"https:\/\/auren.com\/es\/wp-content\/uploads\/2025\/01\/cropped-cropped-favicon-Auren.png","width":512,"height":512,"caption":"Auren"},"image":{"@id":"https:\/\/auren.com\/es\/#\/schema\/logo\/image\/"},"sameAs":["https:\/\/x.com\/auren_spain","https:\/\/www.linkedin.com\/company\/aurenspainserviciosprofesionales","https:\/\/www.youtube.com\/@AurenEsp","https:\/\/www.instagram.com\/auren_spain"]}]}</script>
<!-- / Yoast SEO plugin. -->

El proceso de las empresas para optar al Fondo de Recuperación Europeo empieza ahora -

Eduardo Romero, socio de Auren Consultores, ofrece más pistas sobre cómo articularán las empresas estas subvenciones en El País
