{"id":4601,"date":"2021-02-23T10:28:25","date_gmt":"2021-02-23T09:28:25","guid":{"rendered":"https:\/\/auren.com\/es\/new\/javier-yanez-presidente-de-la-nueva-comision-de-energia-y-medio-ambiente-del-cluster-madrid-capital-fintech\/"},"modified":"2021-02-23T10:28:25","modified_gmt":"2021-02-23T09:28:25","slug":"javier-yanez-presidente-de-la-nueva-comision-de-energia-y-medio-ambiente-del-cluster-madrid-capital-fintech","status":"publish","type":"new","link":"https:\/\/auren.com\/es\/noticias\/javier-yanez-presidente-de-la-nueva-comision-de-energia-y-medio-ambiente-del-cluster-madrid-capital-fintech\/","title":{"rendered":"Javier Y\u00e1\u00f1ez, presidente de la nueva comisi\u00f3n de Energ\u00eda y Medio Ambiente del cl\u00faster Madrid Capital FinTech"},"content":{"rendered":"<p>Javier Y\u00e1\u00f1ez se une al cl\u00faster Madrid Capital FinTech (MAD FinTech) en calidad de presidente de la nueva Comisi\u00f3n de Energ\u00eda y Medio Ambiente, que nace para impulsar el \u2018<em>EnergyTech<\/em>\u2019, as\u00ed como abordar soluciones financieras digitales, propuestas de ideas y alternativas que se puedan poner a disposici\u00f3n de las empresas, administraciones y sociedad para el desarrollo de proyectos sostenibles.<\/p>\n<p>Lee la noticia completa <strong><a href=\"https:\/\/madfintech.es\/javier-yanez-presidente-de-la-nueva-comision-de-energia-y-medio-ambiente\/\">aqu\u00ed <\/a><\/strong><\/p>\n<p><!-- AddThis Advanced Settings generic via filter on the_content --><!-- AddThis Share Buttons generic via filter on the_content --><\/p>\n","protected":false},"excerpt":{"rendered":"<p>Javier Y\u00e1\u00f1ez se une al cl\u00faster Madrid Capital FinTech (MAD FinTech) en calidad de presidente de la nueva Comisi\u00f3n de Energ\u00eda y Medio Ambiente, que nace para impulsar el \u2018EnergyTech\u2019, [&hellip;]<\/p>\n","protected":false},"featured_media":4602,"template":"","meta":{"_acf_changed":false,"footnotes":""},"new-category":[],"class_list":["post-4601","new","type-new","status-publish","has-post-thumbnail","hentry"],"acf":[],"yoast_head":"<!-- This site is optimized with the Yoast SEO plugin v27.4 - https:\/\/yoast.com\/product\/yoast-seo-wordpress\/ -->\n<title>Javier Y\u00e1\u00f1ez, presidente de la nueva comisi\u00f3n de Energ\u00eda y Medio Ambiente del cl\u00faster Madrid Capital FinTech - Auren Espa\u00f1a<\/title>\n<meta name=\"robots\" content=\"index, follow, max-snippet:-1, max-image-preview:large, max-video-preview:-1\" \/>\n<link rel=\"canonical\" href=\"https:\/\/auren.com\/es\/noticias\/javier-yanez-presidente-de-la-nueva-comision-de-energia-y-medio-ambiente-del-cluster-madrid-capital-fintech\/\" \/>\n<meta property=\"og:locale\" content=\"es_ES\" \/>\n<meta property=\"og:type\" content=\"article\" \/>\n<meta property=\"og:title\" content=\"Javier Y\u00e1\u00f1ez, presidente de la nueva comisi\u00f3n de Energ\u00eda y Medio Ambiente del cl\u00faster Madrid Capital FinTech - Auren Espa\u00f1a\" \/>\n<meta property=\"og:description\" content=\"Javier Y\u00e1\u00f1ez se une al cl\u00faster Madrid Capital FinTech (MAD FinTech) en calidad de presidente de la nueva Comisi\u00f3n de Energ\u00eda y Medio Ambiente, que nace para impulsar el \u2018EnergyTech\u2019, [&hellip;]\" \/>\n<meta property=\"og:url\" content=\"https:\/\/auren.com\/es\/noticias\/javier-yanez-presidente-de-la-nueva-comision-de-energia-y-medio-ambiente-del-cluster-madrid-capital-fintech\/\" \/>\n<meta property=\"og:site_name\" content=\"Auren\" \/>\n<meta property=\"og:image\" content=\"https:\/\/auren.com\/es\/wp-content\/uploads\/2021\/02\/fotoret-e1614072327967.jpg\" \/>\n\t<meta property=\"og:image:width\" content=\"757\" \/>\n\t<meta property=\"og:image:height\" content=\"683\" \/>\n\t<meta property=\"og:image:type\" content=\"image\/jpeg\" \/>\n<meta name=\"twitter:card\" content=\"summary_large_image\" \/>\n<meta name=\"twitter:site\" content=\"@auren_spain\" \/>\n<script type=\"application\/ld+json\" class=\"yoast-schema-graph\">{\"@context\":\"https:\\\/\\\/schema.org\",\"@graph\":[{\"@type\":\"WebPage\",\"@id\":\"https:\\\/\\\/auren.com\\\/es\\\/noticias\\\/javier-yanez-presidente-de-la-nueva-comision-de-energia-y-medio-ambiente-del-cluster-madrid-capital-fintech\\\/\",\"url\":\"https:\\\/\\\/auren.com\\\/es\\\/noticias\\\/javier-yanez-presidente-de-la-nueva-comision-de-energia-y-medio-ambiente-del-cluster-madrid-capital-fintech\\\/\",\"name\":\"Javier Y\u00e1\u00f1ez, presidente de la nueva comisi\u00f3n de Energ\u00eda y Medio Ambiente del cl\u00faster Madrid Capital FinTech - Auren Espa\u00f1a\",\"isPartOf\":{\"@id\":\"https:\\\/\\\/auren.com\\\/es\\\/#website\"},\"primaryImageOfPage\":{\"@id\":\"https:\\\/\\\/auren.com\\\/es\\\/noticias\\\/javier-yanez-presidente-de-la-nueva-comision-de-energia-y-medio-ambiente-del-cluster-madrid-capital-fintech\\\/#primaryimage\"},\"image\":{\"@id\":\"https:\\\/\\\/auren.com\\\/es\\\/noticias\\\/javier-yanez-presidente-de-la-nueva-comision-de-energia-y-medio-ambiente-del-cluster-madrid-capital-fintech\\\/#primaryimage\"},\"thumbnailUrl\":\"https:\\\/\\\/auren.com\\\/es\\\/wp-content\\\/uploads\\\/2021\\\/02\\\/fotoret-e1614072327967.jpg\",\"datePublished\":\"2021-02-23T09:28:25+00:00\",\"breadcrumb\":{\"@id\":\"https:\\\/\\\/auren.com\\\/es\\\/noticias\\\/javier-yanez-presidente-de-la-nueva-comision-de-energia-y-medio-ambiente-del-cluster-madrid-capital-fintech\\\/#breadcrumb\"},\"inLanguage\":\"es\",\"potentialAction\":[{\"@type\":\"ReadAction\",\"target\":[\"https:\\\/\\\/auren.com\\\/es\\\/noticias\\\/javier-yanez-presidente-de-la-nueva-comision-de-energia-y-medio-ambiente-del-cluster-madrid-capital-fintech\\\/\"]}]},{\"@type\":\"ImageObject\",\"inLanguage\":\"es\",\"@id\":\"https:\\\/\\\/auren.com\\\/es\\\/noticias\\\/javier-yanez-presidente-de-la-nueva-comision-de-energia-y-medio-ambiente-del-cluster-madrid-capital-fintech\\\/#primaryimage\",\"url\":\"https:\\\/\\\/auren.com\\\/es\\\/wp-content\\\/uploads\\\/2021\\\/02\\\/fotoret-e1614072327967.jpg\",\"contentUrl\":\"https:\\\/\\\/auren.com\\\/es\\\/wp-content\\\/uploads\\\/2021\\\/02\\\/fotoret-e1614072327967.jpg\",\"width\":757,\"height\":683},{\"@type\":\"BreadcrumbList\",\"@id\":\"https:\\\/\\\/auren.com\\\/es\\\/noticias\\\/javier-yanez-presidente-de-la-nueva-comision-de-energia-y-medio-ambiente-del-cluster-madrid-capital-fintech\\\/#breadcrumb\",\"itemListElement\":[{\"@type\":\"ListItem\",\"position\":1,\"name\":\"Portada\",\"item\":\"https:\\\/\\\/auren.com\\\/es\\\/\"},{\"@type\":\"ListItem\",\"position\":2,\"name\":\"Javier Y\u00e1\u00f1ez, presidente de la nueva comisi\u00f3n de Energ\u00eda y Medio Ambiente del cl\u00faster Madrid Capital FinTech\"}]},{\"@type\":\"WebSite\",\"@id\":\"https:\\\/\\\/auren.com\\\/es\\\/#website\",\"url\":\"https:\\\/\\\/auren.com\\\/es\\\/\",\"name\":\"Auren\",\"description\":\"\",\"publisher\":{\"@id\":\"https:\\\/\\\/auren.com\\\/es\\\/#organization\"},\"alternateName\":\"Auren\",\"potentialAction\":[{\"@type\":\"SearchAction\",\"target\":{\"@type\":\"EntryPoint\",\"urlTemplate\":\"https:\\\/\\\/auren.com\\\/es\\\/?s={search_term_string}\"},\"query-input\":{\"@type\":\"PropertyValueSpecification\",\"valueRequired\":true,\"valueName\":\"search_term_string\"}}],\"inLanguage\":\"es\"},{\"@type\":\"Organization\",\"@id\":\"https:\\\/\\\/auren.com\\\/es\\\/#organization\",\"name\":\"Auren\",\"alternateName\":\"Auren\",\"url\":\"https:\\\/\\\/auren.com\\\/es\\\/\",\"logo\":{\"@type\":\"ImageObject\",\"inLanguage\":\"es\",\"@id\":\"https:\\\/\\\/auren.com\\\/es\\\/#\\\/schema\\\/logo\\\/image\\\/\",\"url\":\"https:\\\/\\\/auren.com\\\/es\\\/wp-content\\\/uploads\\\/2025\\\/01\\\/cropped-cropped-favicon-Auren.png\",\"contentUrl\":\"https:\\\/\\\/auren.com\\\/es\\\/wp-content\\\/uploads\\\/2025\\\/01\\\/cropped-cropped-favicon-Auren.png\",\"width\":512,\"height\":512,\"caption\":\"Auren\"},\"image\":{\"@id\":\"https:\\\/\\\/auren.com\\\/es\\\/#\\\/schema\\\/logo\\\/image\\\/\"},\"sameAs\":[\"https:\\\/\\\/x.com\\\/auren_spain\",\"https:\\\/\\\/www.linkedin.com\\\/company\\\/aurenspainserviciosprofesionales\",\"https:\\\/\\\/www.youtube.com\\\/@AurenEsp\",\"https:\\\/\\\/www.instagram.com\\\/auren_spain\"]}]}<\/script>\n<!-- \/ Yoast SEO plugin. -->","yoast_head_json":{"title":"Javier Y\u00e1\u00f1ez, presidente de la nueva comisi\u00f3n de Energ\u00eda y Medio Ambiente del cl\u00faster Madrid Capital FinTech - Auren Espa\u00f1a","robots":{"index":"index","follow":"follow","max-snippet":"max-snippet:-1","max-image-preview":"max-image-preview:large","max-video-preview":"max-video-preview:-1"},"canonical":"https:\/\/auren.com\/es\/noticias\/javier-yanez-presidente-de-la-nueva-comision-de-energia-y-medio-ambiente-del-cluster-madrid-capital-fintech\/","og_locale":"es_ES","og_type":"article","og_title":"Javier Y\u00e1\u00f1ez, presidente de la nueva comisi\u00f3n de Energ\u00eda y Medio Ambiente del cl\u00faster Madrid Capital FinTech - Auren Espa\u00f1a","og_description":"Javier Y\u00e1\u00f1ez se une al cl\u00faster Madrid Capital FinTech (MAD FinTech) en calidad de presidente de la nueva Comisi\u00f3n de Energ\u00eda y Medio Ambiente, que nace para impulsar el \u2018EnergyTech\u2019, [&hellip;]","og_url":"https:\/\/auren.com\/es\/noticias\/javier-yanez-presidente-de-la-nueva-comision-de-energia-y-medio-ambiente-del-cluster-madrid-capital-fintech\/","og_site_name":"Auren","og_image":[{"width":757,"height":683,"url":"https:\/\/auren.com\/es\/wp-content\/uploads\/2021\/02\/fotoret-e1614072327967.jpg","type":"image\/jpeg"}],"twitter_card":"summary_large_image","twitter_site":"@auren_spain","schema":{"@context":"https:\/\/schema.org","@graph":[{"@type":"WebPage","@id":"https:\/\/auren.com\/es\/noticias\/javier-yanez-presidente-de-la-nueva-comision-de-energia-y-medio-ambiente-del-cluster-madrid-capital-fintech\/","url":"https:\/\/auren.com\/es\/noticias\/javier-yanez-presidente-de-la-nueva-comision-de-energia-y-medio-ambiente-del-cluster-madrid-capital-fintech\/","name":"Javier Y\u00e1\u00f1ez, presidente de la nueva comisi\u00f3n de Energ\u00eda y Medio Ambiente del cl\u00faster Madrid Capital FinTech - Auren Espa\u00f1a","isPartOf":{"@id":"https:\/\/auren.com\/es\/#website"},"primaryImageOfPage":{"@id":"https:\/\/auren.com\/es\/noticias\/javier-yanez-presidente-de-la-nueva-comision-de-energia-y-medio-ambiente-del-cluster-madrid-capital-fintech\/#primaryimage"},"image":{"@id":"https:\/\/auren.com\/es\/noticias\/javier-yanez-presidente-de-la-nueva-comision-de-energia-y-medio-ambiente-del-cluster-madrid-capital-fintech\/#primaryimage"},"thumbnailUrl":"https:\/\/auren.com\/es\/wp-content\/uploads\/2021\/02\/fotoret-e1614072327967.jpg","datePublished":"2021-02-23T09:28:25+00:00","breadcrumb":{"@id":"https:\/\/auren.com\/es\/noticias\/javier-yanez-presidente-de-la-nueva-comision-de-energia-y-medio-ambiente-del-cluster-madrid-capital-fintech\/#breadcrumb"},"inLanguage":"es","potentialAction":[{"@type":"ReadAction","target":["https:\/\/auren.com\/es\/noticias\/javier-yanez-presidente-de-la-nueva-comision-de-energia-y-medio-ambiente-del-cluster-madrid-capital-fintech\/"]}]},{"@type":"ImageObject","inLanguage":"es","@id":"https:\/\/auren.com\/es\/noticias\/javier-yanez-presidente-de-la-nueva-comision-de-energia-y-medio-ambiente-del-cluster-madrid-capital-fintech\/#primaryimage","url":"https:\/\/auren.com\/es\/wp-content\/uploads\/2021\/02\/fotoret-e1614072327967.jpg","contentUrl":"https:\/\/auren.com\/es\/wp-content\/uploads\/2021\/02\/fotoret-e1614072327967.jpg","width":757,"height":683},{"@type":"BreadcrumbList","@id":"https:\/\/auren.com\/es\/noticias\/javier-yanez-presidente-de-la-nueva-comision-de-energia-y-medio-ambiente-del-cluster-madrid-capital-fintech\/#breadcrumb","itemListElement":[{"@type":"ListItem","position":1,"name":"Portada","item":"https:\/\/auren.com\/es\/"},{"@type":"ListItem","position":2,"name":"Javier Y\u00e1\u00f1ez, presidente de la nueva comisi\u00f3n de Energ\u00eda y Medio Ambiente del cl\u00faster Madrid Capital FinTech"}]},{"@type":"WebSite","@id":"https:\/\/auren.com\/es\/#website","url":"https:\/\/auren.com\/es\/","name":"Auren","description":"","publisher":{"@id":"https:\/\/auren.com\/es\/#organization"},"alternateName":"Auren","potentialAction":[{"@type":"SearchAction","target":{"@type":"EntryPoint","urlTemplate":"https:\/\/auren.com\/es\/?s={search_term_string}"},"query-input":{"@type":"PropertyValueSpecification","valueRequired":true,"valueName":"search_term_string"}}],"inLanguage":"es"},{"@type":"Organization","@id":"https:\/\/auren.com\/es\/#organization","name":"Auren","alternateName":"Auren","url":"https:\/\/auren.com\/es\/","logo":{"@type":"ImageObject","inLanguage":"es","@id":"https:\/\/auren.com\/es\/#\/schema\/logo\/image\/","url":"https:\/\/auren.com\/es\/wp-content\/uploads\/2025\/01\/cropped-cropped-favicon-Auren.png","contentUrl":"https:\/\/auren.com\/es\/wp-content\/uploads\/2025\/01\/cropped-cropped-favicon-Auren.png","width":512,"height":512,"caption":"Auren"},"image":{"@id":"https:\/\/auren.com\/es\/#\/schema\/logo\/image\/"},"sameAs":["https:\/\/x.com\/auren_spain","https:\/\/www.linkedin.com\/company\/aurenspainserviciosprofesionales","https:\/\/www.youtube.com\/@AurenEsp","https:\/\/www.instagram.com\/auren_spain"]}]}},"_links":{"self":[{"href":"https:\/\/auren.com\/es\/wp-json\/wp\/v2\/new\/4601","targetHints":{"allow":["GET"]}}],"collection":[{"href":"https:\/\/auren.com\/es\/wp-json\/wp\/v2\/new"}],"about":[{"href":"https:\/\/auren.com\/es\/wp-json\/wp\/v2\/types\/new"}],"version-history":[{"count":0,"href":"https:\/\/auren.com\/es\/wp-json\/wp\/v2\/new\/4601\/revisions"}],"wp:featuredmedia":[{"embeddable":true,"href":"https:\/\/auren.com\/es\/wp-json\/wp\/v2\/media\/4602"}],"wp:attachment":[{"href":"https:\/\/auren.com\/es\/wp-json\/wp\/v2\/media?parent=4601"}],"wp:term":[{"taxonomy":"new-category","embeddable":true,"href":"https:\/\/auren.com\/es\/wp-json\/wp\/v2\/new-category?post=4601"}],"curies":[{"name":"wp","href":"https:\/\/api.w.org\/{rel}","templated":true}]}}

Javier Yáñez, presidente de la nueva comisión de Energía y Medio Ambiente del clúster Madrid Capital FinTech

<p>Javier Yáñez se une al clúster Madrid Capital FinTech (MAD FinTech) en calidad de presidente de la nueva Comisión de Energía y Medio Ambiente, que nace para impulsar el ‘<em>EnergyTech</em>’, así como abordar soluciones financieras digitales, propuestas de ideas y alternativas que se puedan poner a disposición de las empresas, administraciones y sociedad para el desarrollo de proyectos sostenibles.</p>
<p>Lee la noticia completa <strong><a href="https://madfintech.es/javier-yanez-presidente-de-la-nueva-comision-de-energia-y-medio-ambiente/">aquí </a></strong></p>
<p><!-- AddThis Advanced Settings generic via filter on the_content --><!-- AddThis Share Buttons generic via filter on the_content --></p>

<p>Javier Yáñez se une al clúster Madrid Capital FinTech (MAD FinTech) en calidad de presidente de la nueva Comisión de Energía y Medio Ambiente, que nace para impulsar el ‘EnergyTech’, [&hellip;]</p>

<!-- This site is optimized with the Yoast SEO plugin v27.4 - https://yoast.com/product/yoast-seo-wordpress/ -->
<title>Javier Yáñez, presidente de la nueva comisión de Energía y Medio Ambiente del clúster Madrid Capital FinTech - Auren España</title>
<meta name="robots" content="index, follow, max-snippet:-1, max-image-preview:large, max-video-preview:-1" />
<link rel="canonical" href="https://auren.com/es/noticias/javier-yanez-presidente-de-la-nueva-comision-de-energia-y-medio-ambiente-del-cluster-madrid-capital-fintech/" />
<meta property="og:locale" content="es_ES" />
<meta property="og:type" content="article" />
<meta property="og:title" content="Javier Yáñez, presidente de la nueva comisión de Energía y Medio Ambiente del clúster Madrid Capital FinTech - Auren España" />
<meta property="og:description" content="Javier Yáñez se une al clúster Madrid Capital FinTech (MAD FinTech) en calidad de presidente de la nueva Comisión de Energía y Medio Ambiente, que nace para impulsar el ‘EnergyTech’, [&hellip;]" />
<meta property="og:url" content="https://auren.com/es/noticias/javier-yanez-presidente-de-la-nueva-comision-de-energia-y-medio-ambiente-del-cluster-madrid-capital-fintech/" />
<meta property="og:site_name" content="Auren" />
<meta property="og:image" content="https://auren.com/es/wp-content/uploads/2021/02/fotoret-e1614072327967.jpg" />
	<meta property="og:image:width" content="757" />
	<meta property="og:image:height" content="683" />
	<meta property="og:image:type" content="image/jpeg" />
<meta name="twitter:card" content="summary_large_image" />
<meta name="twitter:site" content="@auren_spain" />
<script type="application/ld+json" class="yoast-schema-graph">{"@context":"https:\/\/schema.org","@graph":[{"@type":"WebPage","@id":"https:\/\/auren.com\/es\/noticias\/javier-yanez-presidente-de-la-nueva-comision-de-energia-y-medio-ambiente-del-cluster-madrid-capital-fintech\/","url":"https:\/\/auren.com\/es\/noticias\/javier-yanez-presidente-de-la-nueva-comision-de-energia-y-medio-ambiente-del-cluster-madrid-capital-fintech\/","name":"Javier Yáñez, presidente de la nueva comisión de Energía y Medio Ambiente del clúster Madrid Capital FinTech - Auren España","isPartOf":{"@id":"https:\/\/auren.com\/es\/#website"},"primaryImageOfPage":{"@id":"https:\/\/auren.com\/es\/noticias\/javier-yanez-presidente-de-la-nueva-comision-de-energia-y-medio-ambiente-del-cluster-madrid-capital-fintech\/#primaryimage"},"image":{"@id":"https:\/\/auren.com\/es\/noticias\/javier-yanez-presidente-de-la-nueva-comision-de-energia-y-medio-ambiente-del-cluster-madrid-capital-fintech\/#primaryimage"},"thumbnailUrl":"https:\/\/auren.com\/es\/wp-content\/uploads\/2021\/02\/fotoret-e1614072327967.jpg","datePublished":"2021-02-23T09:28:25+00:00","breadcrumb":{"@id":"https:\/\/auren.com\/es\/noticias\/javier-yanez-presidente-de-la-nueva-comision-de-energia-y-medio-ambiente-del-cluster-madrid-capital-fintech\/#breadcrumb"},"inLanguage":"es","potentialAction":[{"@type":"ReadAction","target":["https:\/\/auren.com\/es\/noticias\/javier-yanez-presidente-de-la-nueva-comision-de-energia-y-medio-ambiente-del-cluster-madrid-capital-fintech\/"]}]},{"@type":"ImageObject","inLanguage":"es","@id":"https:\/\/auren.com\/es\/noticias\/javier-yanez-presidente-de-la-nueva-comision-de-energia-y-medio-ambiente-del-cluster-madrid-capital-fintech\/#primaryimage","url":"https:\/\/auren.com\/es\/wp-content\/uploads\/2021\/02\/fotoret-e1614072327967.jpg","contentUrl":"https:\/\/auren.com\/es\/wp-content\/uploads\/2021\/02\/fotoret-e1614072327967.jpg","width":757,"height":683},{"@type":"BreadcrumbList","@id":"https:\/\/auren.com\/es\/noticias\/javier-yanez-presidente-de-la-nueva-comision-de-energia-y-medio-ambiente-del-cluster-madrid-capital-fintech\/#breadcrumb","itemListElement":[{"@type":"ListItem","position":1,"name":"Portada","item":"https:\/\/auren.com\/es\/"},{"@type":"ListItem","position":2,"name":"Javier Yáñez, presidente de la nueva comisión de Energía y Medio Ambiente del clúster Madrid Capital FinTech"}]},{"@type":"WebSite","@id":"https:\/\/auren.com\/es\/#website","url":"https:\/\/auren.com\/es\/","name":"Auren","description":"","publisher":{"@id":"https:\/\/auren.com\/es\/#organization"},"alternateName":"Auren","potentialAction":[{"@type":"SearchAction","target":{"@type":"EntryPoint","urlTemplate":"https:\/\/auren.com\/es\/?s={search_term_string}"},"query-input":{"@type":"PropertyValueSpecification","valueRequired":true,"valueName":"search_term_string"}}],"inLanguage":"es"},{"@type":"Organization","@id":"https:\/\/auren.com\/es\/#organization","name":"Auren","alternateName":"Auren","url":"https:\/\/auren.com\/es\/","logo":{"@type":"ImageObject","inLanguage":"es","@id":"https:\/\/auren.com\/es\/#\/schema\/logo\/image\/","url":"https:\/\/auren.com\/es\/wp-content\/uploads\/2025\/01\/cropped-cropped-favicon-Auren.png","contentUrl":"https:\/\/auren.com\/es\/wp-content\/uploads\/2025\/01\/cropped-cropped-favicon-Auren.png","width":512,"height":512,"caption":"Auren"},"image":{"@id":"https:\/\/auren.com\/es\/#\/schema\/logo\/image\/"},"sameAs":["https:\/\/x.com\/auren_spain","https:\/\/www.linkedin.com\/company\/aurenspainserviciosprofesionales","https:\/\/www.youtube.com\/@AurenEsp","https:\/\/www.instagram.com\/auren_spain"]}]}</script>
<!-- / Yoast SEO plugin. -->

Javier Yáñez, presidente de la nueva comisión de Energía y Medio Ambiente del clúster Madrid Capital FinTech - Auren España

Javier Yáñez se une al clúster Madrid Capital FinTech (MAD FinTech) en calidad de presidente de la nueva Comisión de Energía y Medio Ambiente, que nace para impulsar el ‘EnergyTech’, [&hellip;]
