{"id":4731,"date":"2021-11-15T12:09:39","date_gmt":"2021-11-15T11:09:39","guid":{"rendered":"https:\/\/auren.com\/es\/new\/crisis-de-desabastecimiento-causa-de-fuerza-mayor-en-los-contratos-2\/"},"modified":"2026-03-04T19:32:01","modified_gmt":"2026-03-04T18:32:01","slug":"crisis-de-desabastecimiento-causa-de-fuerza-mayor-en-los-contratos-2","status":"publish","type":"new","link":"https:\/\/auren.com\/es\/noticias\/crisis-de-desabastecimiento-causa-de-fuerza-mayor-en-los-contratos-2\/","title":{"rendered":"Crisis de desabastecimiento, \u00bfcausa de fuerza mayor en los contratos?"},"content":{"rendered":"<p>La crisis de desabastecimiento est\u00e1 afectando a muchas empresas, que ven la imposibilidad de cumplir con las obligaciones de entrega de suministros. Pablo Serrano, socio de Auren Abogados, analiza en un art\u00edculo para Cinco D\u00edas la necesidad de incluir la causa de fuerza mayor en los contratos, igual que pas\u00f3 con la crisis de la Covid 19<\/p>\n<p><!-- AddThis Advanced Settings generic via filter on the_content --><!-- AddThis Share Buttons generic via filter on the_content --><\/p>\n","protected":false},"excerpt":{"rendered":"<p>La crisis de desabastecimiento est\u00e1 afectando a muchas empresas, que ven la imposibilidad de cumplir con las obligaciones de entrega de suministros. Pablo Serrano, socio de Auren Abogados, analiza en [&hellip;]<\/p>\n","protected":false},"featured_media":4732,"template":"","meta":{"_acf_changed":false,"footnotes":""},"new-category":[],"class_list":["post-4731","new","type-new","status-publish","has-post-thumbnail","hentry"],"acf":[],"yoast_head":"<!-- This site is optimized with the Yoast SEO plugin v27.4 - https:\/\/yoast.com\/product\/yoast-seo-wordpress\/ -->\n<title>Crisis de desabastecimiento, \u00bfcausa de fuerza mayor en los contratos? - Auren Espa\u00f1a<\/title>\n<meta name=\"robots\" content=\"index, follow, max-snippet:-1, max-image-preview:large, max-video-preview:-1\" \/>\n<link rel=\"canonical\" href=\"https:\/\/auren.com\/es\/noticias\/crisis-de-desabastecimiento-causa-de-fuerza-mayor-en-los-contratos\/\" \/>\n<meta property=\"og:locale\" content=\"es_ES\" \/>\n<meta property=\"og:type\" content=\"article\" \/>\n<meta property=\"og:title\" content=\"Crisis de desabastecimiento, \u00bfcausa de fuerza mayor en los contratos? - Auren Espa\u00f1a\" \/>\n<meta property=\"og:description\" content=\"La crisis de desabastecimiento est\u00e1 afectando a muchas empresas, que ven la imposibilidad de cumplir con las obligaciones de entrega de suministros. Pablo Serrano, socio de Auren Abogados, analiza en [&hellip;]\" \/>\n<meta property=\"og:url\" content=\"https:\/\/auren.com\/es\/noticias\/crisis-de-desabastecimiento-causa-de-fuerza-mayor-en-los-contratos\/\" \/>\n<meta property=\"og:site_name\" content=\"Auren\" \/>\n<meta property=\"article:modified_time\" content=\"2026-03-04T18:32:01+00:00\" \/>\n<meta property=\"og:image\" content=\"https:\/\/auren.com\/es\/wp-content\/uploads\/2021\/11\/shutterstock_252245797-scaled-2.jpg\" \/>\n\t<meta property=\"og:image:width\" content=\"2560\" \/>\n\t<meta property=\"og:image:height\" content=\"1707\" \/>\n\t<meta property=\"og:image:type\" content=\"image\/jpeg\" \/>\n<meta name=\"twitter:card\" content=\"summary_large_image\" \/>\n<meta name=\"twitter:site\" content=\"@auren_spain\" \/>\n<meta name=\"twitter:label1\" content=\"Tiempo de lectura\" \/>\n\t<meta name=\"twitter:data1\" content=\"1 minuto\" \/>\n<script type=\"application\/ld+json\" class=\"yoast-schema-graph\">{\"@context\":\"https:\\\/\\\/schema.org\",\"@graph\":[{\"@type\":\"WebPage\",\"@id\":\"https:\\\/\\\/auren.com\\\/es\\\/noticias\\\/crisis-de-desabastecimiento-causa-de-fuerza-mayor-en-los-contratos-2\\\/\",\"url\":\"https:\\\/\\\/auren.com\\\/es\\\/noticias\\\/crisis-de-desabastecimiento-causa-de-fuerza-mayor-en-los-contratos\\\/\",\"name\":\"Crisis de desabastecimiento, \u00bfcausa de fuerza mayor en los contratos? - Auren Espa\u00f1a\",\"isPartOf\":{\"@id\":\"https:\\\/\\\/auren.com\\\/es\\\/#website\"},\"primaryImageOfPage\":{\"@id\":\"https:\\\/\\\/auren.com\\\/es\\\/noticias\\\/crisis-de-desabastecimiento-causa-de-fuerza-mayor-en-los-contratos\\\/#primaryimage\"},\"image\":{\"@id\":\"https:\\\/\\\/auren.com\\\/es\\\/noticias\\\/crisis-de-desabastecimiento-causa-de-fuerza-mayor-en-los-contratos\\\/#primaryimage\"},\"thumbnailUrl\":\"https:\\\/\\\/auren.com\\\/es\\\/wp-content\\\/uploads\\\/2021\\\/11\\\/shutterstock_252245797-scaled-2.jpg\",\"datePublished\":\"2021-11-15T11:09:39+00:00\",\"dateModified\":\"2026-03-04T18:32:01+00:00\",\"breadcrumb\":{\"@id\":\"https:\\\/\\\/auren.com\\\/es\\\/noticias\\\/crisis-de-desabastecimiento-causa-de-fuerza-mayor-en-los-contratos\\\/#breadcrumb\"},\"inLanguage\":\"es\",\"potentialAction\":[{\"@type\":\"ReadAction\",\"target\":[\"https:\\\/\\\/auren.com\\\/es\\\/noticias\\\/crisis-de-desabastecimiento-causa-de-fuerza-mayor-en-los-contratos\\\/\"]}]},{\"@type\":\"ImageObject\",\"inLanguage\":\"es\",\"@id\":\"https:\\\/\\\/auren.com\\\/es\\\/noticias\\\/crisis-de-desabastecimiento-causa-de-fuerza-mayor-en-los-contratos\\\/#primaryimage\",\"url\":\"https:\\\/\\\/auren.com\\\/es\\\/wp-content\\\/uploads\\\/2021\\\/11\\\/shutterstock_252245797-scaled-2.jpg\",\"contentUrl\":\"https:\\\/\\\/auren.com\\\/es\\\/wp-content\\\/uploads\\\/2021\\\/11\\\/shutterstock_252245797-scaled-2.jpg\",\"width\":2560,\"height\":1707},{\"@type\":\"BreadcrumbList\",\"@id\":\"https:\\\/\\\/auren.com\\\/es\\\/noticias\\\/crisis-de-desabastecimiento-causa-de-fuerza-mayor-en-los-contratos\\\/#breadcrumb\",\"itemListElement\":[{\"@type\":\"ListItem\",\"position\":1,\"name\":\"Portada\",\"item\":\"https:\\\/\\\/auren.com\\\/es\\\/\"},{\"@type\":\"ListItem\",\"position\":2,\"name\":\"Crisis de desabastecimiento, \u00bfcausa de fuerza mayor en los contratos?\"}]},{\"@type\":\"WebSite\",\"@id\":\"https:\\\/\\\/auren.com\\\/es\\\/#website\",\"url\":\"https:\\\/\\\/auren.com\\\/es\\\/\",\"name\":\"Auren\",\"description\":\"\",\"publisher\":{\"@id\":\"https:\\\/\\\/auren.com\\\/es\\\/#organization\"},\"alternateName\":\"Auren\",\"potentialAction\":[{\"@type\":\"SearchAction\",\"target\":{\"@type\":\"EntryPoint\",\"urlTemplate\":\"https:\\\/\\\/auren.com\\\/es\\\/?s={search_term_string}\"},\"query-input\":{\"@type\":\"PropertyValueSpecification\",\"valueRequired\":true,\"valueName\":\"search_term_string\"}}],\"inLanguage\":\"es\"},{\"@type\":\"Organization\",\"@id\":\"https:\\\/\\\/auren.com\\\/es\\\/#organization\",\"name\":\"Auren\",\"alternateName\":\"Auren\",\"url\":\"https:\\\/\\\/auren.com\\\/es\\\/\",\"logo\":{\"@type\":\"ImageObject\",\"inLanguage\":\"es\",\"@id\":\"https:\\\/\\\/auren.com\\\/es\\\/#\\\/schema\\\/logo\\\/image\\\/\",\"url\":\"https:\\\/\\\/auren.com\\\/es\\\/wp-content\\\/uploads\\\/2025\\\/01\\\/cropped-cropped-favicon-Auren.png\",\"contentUrl\":\"https:\\\/\\\/auren.com\\\/es\\\/wp-content\\\/uploads\\\/2025\\\/01\\\/cropped-cropped-favicon-Auren.png\",\"width\":512,\"height\":512,\"caption\":\"Auren\"},\"image\":{\"@id\":\"https:\\\/\\\/auren.com\\\/es\\\/#\\\/schema\\\/logo\\\/image\\\/\"},\"sameAs\":[\"https:\\\/\\\/x.com\\\/auren_spain\",\"https:\\\/\\\/www.linkedin.com\\\/company\\\/aurenspainserviciosprofesionales\",\"https:\\\/\\\/www.youtube.com\\\/@AurenEsp\",\"https:\\\/\\\/www.instagram.com\\\/auren_spain\"]}]}<\/script>\n<!-- \/ Yoast SEO plugin. -->","yoast_head_json":{"title":"Crisis de desabastecimiento, \u00bfcausa de fuerza mayor en los contratos? - Auren Espa\u00f1a","robots":{"index":"index","follow":"follow","max-snippet":"max-snippet:-1","max-image-preview":"max-image-preview:large","max-video-preview":"max-video-preview:-1"},"canonical":"https:\/\/auren.com\/es\/noticias\/crisis-de-desabastecimiento-causa-de-fuerza-mayor-en-los-contratos\/","og_locale":"es_ES","og_type":"article","og_title":"Crisis de desabastecimiento, \u00bfcausa de fuerza mayor en los contratos? - Auren Espa\u00f1a","og_description":"La crisis de desabastecimiento est\u00e1 afectando a muchas empresas, que ven la imposibilidad de cumplir con las obligaciones de entrega de suministros. Pablo Serrano, socio de Auren Abogados, analiza en [&hellip;]","og_url":"https:\/\/auren.com\/es\/noticias\/crisis-de-desabastecimiento-causa-de-fuerza-mayor-en-los-contratos\/","og_site_name":"Auren","article_modified_time":"2026-03-04T18:32:01+00:00","og_image":[{"width":2560,"height":1707,"url":"https:\/\/auren.com\/es\/wp-content\/uploads\/2021\/11\/shutterstock_252245797-scaled-2.jpg","type":"image\/jpeg"}],"twitter_card":"summary_large_image","twitter_site":"@auren_spain","twitter_misc":{"Tiempo de lectura":"1 minuto"},"schema":{"@context":"https:\/\/schema.org","@graph":[{"@type":"WebPage","@id":"https:\/\/auren.com\/es\/noticias\/crisis-de-desabastecimiento-causa-de-fuerza-mayor-en-los-contratos-2\/","url":"https:\/\/auren.com\/es\/noticias\/crisis-de-desabastecimiento-causa-de-fuerza-mayor-en-los-contratos\/","name":"Crisis de desabastecimiento, \u00bfcausa de fuerza mayor en los contratos? - Auren Espa\u00f1a","isPartOf":{"@id":"https:\/\/auren.com\/es\/#website"},"primaryImageOfPage":{"@id":"https:\/\/auren.com\/es\/noticias\/crisis-de-desabastecimiento-causa-de-fuerza-mayor-en-los-contratos\/#primaryimage"},"image":{"@id":"https:\/\/auren.com\/es\/noticias\/crisis-de-desabastecimiento-causa-de-fuerza-mayor-en-los-contratos\/#primaryimage"},"thumbnailUrl":"https:\/\/auren.com\/es\/wp-content\/uploads\/2021\/11\/shutterstock_252245797-scaled-2.jpg","datePublished":"2021-11-15T11:09:39+00:00","dateModified":"2026-03-04T18:32:01+00:00","breadcrumb":{"@id":"https:\/\/auren.com\/es\/noticias\/crisis-de-desabastecimiento-causa-de-fuerza-mayor-en-los-contratos\/#breadcrumb"},"inLanguage":"es","potentialAction":[{"@type":"ReadAction","target":["https:\/\/auren.com\/es\/noticias\/crisis-de-desabastecimiento-causa-de-fuerza-mayor-en-los-contratos\/"]}]},{"@type":"ImageObject","inLanguage":"es","@id":"https:\/\/auren.com\/es\/noticias\/crisis-de-desabastecimiento-causa-de-fuerza-mayor-en-los-contratos\/#primaryimage","url":"https:\/\/auren.com\/es\/wp-content\/uploads\/2021\/11\/shutterstock_252245797-scaled-2.jpg","contentUrl":"https:\/\/auren.com\/es\/wp-content\/uploads\/2021\/11\/shutterstock_252245797-scaled-2.jpg","width":2560,"height":1707},{"@type":"BreadcrumbList","@id":"https:\/\/auren.com\/es\/noticias\/crisis-de-desabastecimiento-causa-de-fuerza-mayor-en-los-contratos\/#breadcrumb","itemListElement":[{"@type":"ListItem","position":1,"name":"Portada","item":"https:\/\/auren.com\/es\/"},{"@type":"ListItem","position":2,"name":"Crisis de desabastecimiento, \u00bfcausa de fuerza mayor en los contratos?"}]},{"@type":"WebSite","@id":"https:\/\/auren.com\/es\/#website","url":"https:\/\/auren.com\/es\/","name":"Auren","description":"","publisher":{"@id":"https:\/\/auren.com\/es\/#organization"},"alternateName":"Auren","potentialAction":[{"@type":"SearchAction","target":{"@type":"EntryPoint","urlTemplate":"https:\/\/auren.com\/es\/?s={search_term_string}"},"query-input":{"@type":"PropertyValueSpecification","valueRequired":true,"valueName":"search_term_string"}}],"inLanguage":"es"},{"@type":"Organization","@id":"https:\/\/auren.com\/es\/#organization","name":"Auren","alternateName":"Auren","url":"https:\/\/auren.com\/es\/","logo":{"@type":"ImageObject","inLanguage":"es","@id":"https:\/\/auren.com\/es\/#\/schema\/logo\/image\/","url":"https:\/\/auren.com\/es\/wp-content\/uploads\/2025\/01\/cropped-cropped-favicon-Auren.png","contentUrl":"https:\/\/auren.com\/es\/wp-content\/uploads\/2025\/01\/cropped-cropped-favicon-Auren.png","width":512,"height":512,"caption":"Auren"},"image":{"@id":"https:\/\/auren.com\/es\/#\/schema\/logo\/image\/"},"sameAs":["https:\/\/x.com\/auren_spain","https:\/\/www.linkedin.com\/company\/aurenspainserviciosprofesionales","https:\/\/www.youtube.com\/@AurenEsp","https:\/\/www.instagram.com\/auren_spain"]}]}},"_links":{"self":[{"href":"https:\/\/auren.com\/es\/wp-json\/wp\/v2\/new\/4731","targetHints":{"allow":["GET"]}}],"collection":[{"href":"https:\/\/auren.com\/es\/wp-json\/wp\/v2\/new"}],"about":[{"href":"https:\/\/auren.com\/es\/wp-json\/wp\/v2\/types\/new"}],"version-history":[{"count":0,"href":"https:\/\/auren.com\/es\/wp-json\/wp\/v2\/new\/4731\/revisions"}],"wp:featuredmedia":[{"embeddable":true,"href":"https:\/\/auren.com\/es\/wp-json\/wp\/v2\/media\/4732"}],"wp:attachment":[{"href":"https:\/\/auren.com\/es\/wp-json\/wp\/v2\/media?parent=4731"}],"wp:term":[{"taxonomy":"new-category","embeddable":true,"href":"https:\/\/auren.com\/es\/wp-json\/wp\/v2\/new-category?post=4731"}],"curies":[{"name":"wp","href":"https:\/\/api.w.org\/{rel}","templated":true}]}}

<p>La crisis de desabastecimiento está afectando a muchas empresas, que ven la imposibilidad de cumplir con las obligaciones de entrega de suministros. Pablo Serrano, socio de Auren Abogados, analiza en un artículo para Cinco Días la necesidad de incluir la causa de fuerza mayor en los contratos, igual que pasó con la crisis de la Covid 19</p>
<p><!-- AddThis Advanced Settings generic via filter on the_content --><!-- AddThis Share Buttons generic via filter on the_content --></p>

<p>La crisis de desabastecimiento está afectando a muchas empresas, que ven la imposibilidad de cumplir con las obligaciones de entrega de suministros. Pablo Serrano, socio de Auren Abogados, analiza en [&hellip;]</p>

<!-- This site is optimized with the Yoast SEO plugin v27.4 - https://yoast.com/product/yoast-seo-wordpress/ -->
<title>Crisis de desabastecimiento, ¿causa de fuerza mayor en los contratos? - Auren España</title>
<meta name="robots" content="index, follow, max-snippet:-1, max-image-preview:large, max-video-preview:-1" />
<link rel="canonical" href="https://auren.com/es/noticias/crisis-de-desabastecimiento-causa-de-fuerza-mayor-en-los-contratos/" />
<meta property="og:locale" content="es_ES" />
<meta property="og:type" content="article" />
<meta property="og:title" content="Crisis de desabastecimiento, ¿causa de fuerza mayor en los contratos? - Auren España" />
<meta property="og:description" content="La crisis de desabastecimiento está afectando a muchas empresas, que ven la imposibilidad de cumplir con las obligaciones de entrega de suministros. Pablo Serrano, socio de Auren Abogados, analiza en [&hellip;]" />
<meta property="og:url" content="https://auren.com/es/noticias/crisis-de-desabastecimiento-causa-de-fuerza-mayor-en-los-contratos/" />
<meta property="og:site_name" content="Auren" />
<meta property="article:modified_time" content="2026-03-04T18:32:01+00:00" />
<meta property="og:image" content="https://auren.com/es/wp-content/uploads/2021/11/shutterstock_252245797-scaled-2.jpg" />
	<meta property="og:image:width" content="2560" />
	<meta property="og:image:height" content="1707" />
	<meta property="og:image:type" content="image/jpeg" />
<meta name="twitter:card" content="summary_large_image" />
<meta name="twitter:site" content="@auren_spain" />
<meta name="twitter:label1" content="Tiempo de lectura" />
	<meta name="twitter:data1" content="1 minuto" />
<script type="application/ld+json" class="yoast-schema-graph">{"@context":"https:\/\/schema.org","@graph":[{"@type":"WebPage","@id":"https:\/\/auren.com\/es\/noticias\/crisis-de-desabastecimiento-causa-de-fuerza-mayor-en-los-contratos-2\/","url":"https:\/\/auren.com\/es\/noticias\/crisis-de-desabastecimiento-causa-de-fuerza-mayor-en-los-contratos\/","name":"Crisis de desabastecimiento, ¿causa de fuerza mayor en los contratos? - Auren España","isPartOf":{"@id":"https:\/\/auren.com\/es\/#website"},"primaryImageOfPage":{"@id":"https:\/\/auren.com\/es\/noticias\/crisis-de-desabastecimiento-causa-de-fuerza-mayor-en-los-contratos\/#primaryimage"},"image":{"@id":"https:\/\/auren.com\/es\/noticias\/crisis-de-desabastecimiento-causa-de-fuerza-mayor-en-los-contratos\/#primaryimage"},"thumbnailUrl":"https:\/\/auren.com\/es\/wp-content\/uploads\/2021\/11\/shutterstock_252245797-scaled-2.jpg","datePublished":"2021-11-15T11:09:39+00:00","dateModified":"2026-03-04T18:32:01+00:00","breadcrumb":{"@id":"https:\/\/auren.com\/es\/noticias\/crisis-de-desabastecimiento-causa-de-fuerza-mayor-en-los-contratos\/#breadcrumb"},"inLanguage":"es","potentialAction":[{"@type":"ReadAction","target":["https:\/\/auren.com\/es\/noticias\/crisis-de-desabastecimiento-causa-de-fuerza-mayor-en-los-contratos\/"]}]},{"@type":"ImageObject","inLanguage":"es","@id":"https:\/\/auren.com\/es\/noticias\/crisis-de-desabastecimiento-causa-de-fuerza-mayor-en-los-contratos\/#primaryimage","url":"https:\/\/auren.com\/es\/wp-content\/uploads\/2021\/11\/shutterstock_252245797-scaled-2.jpg","contentUrl":"https:\/\/auren.com\/es\/wp-content\/uploads\/2021\/11\/shutterstock_252245797-scaled-2.jpg","width":2560,"height":1707},{"@type":"BreadcrumbList","@id":"https:\/\/auren.com\/es\/noticias\/crisis-de-desabastecimiento-causa-de-fuerza-mayor-en-los-contratos\/#breadcrumb","itemListElement":[{"@type":"ListItem","position":1,"name":"Portada","item":"https:\/\/auren.com\/es\/"},{"@type":"ListItem","position":2,"name":"Crisis de desabastecimiento, ¿causa de fuerza mayor en los contratos?"}]},{"@type":"WebSite","@id":"https:\/\/auren.com\/es\/#website","url":"https:\/\/auren.com\/es\/","name":"Auren","description":"","publisher":{"@id":"https:\/\/auren.com\/es\/#organization"},"alternateName":"Auren","potentialAction":[{"@type":"SearchAction","target":{"@type":"EntryPoint","urlTemplate":"https:\/\/auren.com\/es\/?s={search_term_string}"},"query-input":{"@type":"PropertyValueSpecification","valueRequired":true,"valueName":"search_term_string"}}],"inLanguage":"es"},{"@type":"Organization","@id":"https:\/\/auren.com\/es\/#organization","name":"Auren","alternateName":"Auren","url":"https:\/\/auren.com\/es\/","logo":{"@type":"ImageObject","inLanguage":"es","@id":"https:\/\/auren.com\/es\/#\/schema\/logo\/image\/","url":"https:\/\/auren.com\/es\/wp-content\/uploads\/2025\/01\/cropped-cropped-favicon-Auren.png","contentUrl":"https:\/\/auren.com\/es\/wp-content\/uploads\/2025\/01\/cropped-cropped-favicon-Auren.png","width":512,"height":512,"caption":"Auren"},"image":{"@id":"https:\/\/auren.com\/es\/#\/schema\/logo\/image\/"},"sameAs":["https:\/\/x.com\/auren_spain","https:\/\/www.linkedin.com\/company\/aurenspainserviciosprofesionales","https:\/\/www.youtube.com\/@AurenEsp","https:\/\/www.instagram.com\/auren_spain"]}]}</script>
<!-- / Yoast SEO plugin. -->

Crisis de desabastecimiento, ¿causa de fuerza mayor en los contratos? - Auren España

La crisis de desabastecimiento está afectando a muchas empresas, que ven la imposibilidad de cumplir con las obligaciones de entrega de suministros. Pablo Serrano, socio de Auren Abogados, analiza en [&hellip;]
