{"id":4830,"date":"2021-04-20T13:06:07","date_gmt":"2021-04-20T11:06:07","guid":{"rendered":"https:\/\/auren.com\/es\/new\/ley-5-2021-por-la-que-se-modifica-el-texto-refundido-de-la-ley-de-sociedades-de-capital-2\/"},"modified":"2021-04-20T13:06:07","modified_gmt":"2021-04-20T11:06:07","slug":"ley-5-2021-por-la-que-se-modifica-el-texto-refundido-de-la-ley-de-sociedades-de-capital-2","status":"publish","type":"new","link":"https:\/\/auren.com\/es\/noticias\/ley-5-2021-por-la-que-se-modifica-el-texto-refundido-de-la-ley-de-sociedades-de-capital-2\/","title":{"rendered":"Ley 5\/2021 por la que se modifica el Texto Refundido de la Ley de Sociedades de Capital"},"content":{"rendered":"<p>El 13 de abril de 2021 se public\u00f3 en el Bolet\u00edn Oficial del Estado la Ley 5\/2021, de 12 de abril, por la que se modifica el texto refundido de la Ley de Sociedades de Capital, aprobado por el Real Decreto Legislativo 1\/2010, de 2 de julio (la \u201cLSC\u201d), y otras normas financieras, en lo que respecta al fomento de la implicaci\u00f3n a largo plazo de los accionistas en las sociedades cotizadas y cuyo objeto principal es transponer al ordenamiento jur\u00eddico espa\u00f1ol la Directiva (UE) 2017\/828 del Parlamento Europeo y del Consejo de 17 de mayo de 2017 por la que se modifica la Directiva 2007\/36\/CE en lo que respecta al fomento de la implicaci\u00f3n a largo plazo de los accionistas en las sociedades cotizadas.<br \/><strong><a href=\"https:\/\/auren.com\/es\/wp-content\/uploads\/2021\/04\/LSC.pdf\" target=\"_blank\" rel=\"noreferrer noopener\">Consulta aqu<\/a><a href=\"https:\/\/auren.com\/es\/wp-admin\/upload.php?item=17186\" target=\"_blank\" rel=\"noreferrer noopener\">\u00ed <\/a><\/strong> las principales modificaciones, prestando especial atenci\u00f3n a las principales que afectan a las sociedades de capital no cotizadas, y aquellas cuyas acciones est\u00e1n admitidas a negociaci\u00f3n en Sistemas Multilaterales de Negociaci\u00f3n.<\/p>\n<p><!-- AddThis Advanced Settings generic via filter on the_content --><!-- AddThis Share Buttons generic via filter on the_content --><\/p>\n","protected":false},"excerpt":{"rendered":"<p>El 13 de abril de 2021 se public\u00f3 en el Bolet\u00edn Oficial del Estado la Ley 5\/2021, de 12 de abril, por la que se modifica el texto refundido de [&hellip;]<\/p>\n","protected":false},"featured_media":4831,"template":"","meta":{"_acf_changed":false,"footnotes":""},"new-category":[],"class_list":["post-4830","new","type-new","status-publish","has-post-thumbnail","hentry"],"acf":[],"yoast_head":"<!-- This site is optimized with the Yoast SEO plugin v27.5 - https:\/\/yoast.com\/product\/yoast-seo-wordpress\/ -->\n<title>Ley 5\/2021 por la que se modifica el Texto Refundido de la Ley de Sociedades de Capital - Auren Espa\u00f1a<\/title>\n<meta name=\"robots\" content=\"index, follow, max-snippet:-1, max-image-preview:large, max-video-preview:-1\" \/>\n<link rel=\"canonical\" href=\"https:\/\/auren.com\/es\/noticias\/ley-5-2021-por-la-que-se-modifica-el-texto-refundido-de-la-ley-de-sociedades-de-capital\/\" \/>\n<meta property=\"og:locale\" content=\"es_ES\" \/>\n<meta property=\"og:type\" content=\"article\" \/>\n<meta property=\"og:title\" content=\"Ley 5\/2021 por la que se modifica el Texto Refundido de la Ley de Sociedades de Capital - Auren Espa\u00f1a\" \/>\n<meta property=\"og:description\" content=\"El 13 de abril de 2021 se public\u00f3 en el Bolet\u00edn Oficial del Estado la Ley 5\/2021, de 12 de abril, por la que se modifica el texto refundido de [&hellip;]\" \/>\n<meta property=\"og:url\" content=\"https:\/\/auren.com\/es\/noticias\/ley-5-2021-por-la-que-se-modifica-el-texto-refundido-de-la-ley-de-sociedades-de-capital\/\" \/>\n<meta property=\"og:site_name\" content=\"Auren\" \/>\n<meta property=\"og:image\" content=\"https:\/\/auren.com\/es\/wp-content\/uploads\/2021\/04\/MicrosoftTeams-image-28-1.png\" \/>\n\t<meta property=\"og:image:width\" content=\"1200\" \/>\n\t<meta property=\"og:image:height\" content=\"627\" \/>\n\t<meta property=\"og:image:type\" content=\"image\/png\" \/>\n<meta name=\"twitter:card\" content=\"summary_large_image\" \/>\n<meta name=\"twitter:site\" content=\"@auren_spain\" \/>\n<meta name=\"twitter:label1\" content=\"Tiempo de lectura\" \/>\n\t<meta name=\"twitter:data1\" content=\"1 minuto\" \/>\n<script type=\"application\/ld+json\" class=\"yoast-schema-graph\">{\"@context\":\"https:\\\/\\\/schema.org\",\"@graph\":[{\"@type\":\"WebPage\",\"@id\":\"https:\\\/\\\/auren.com\\\/es\\\/noticias\\\/ley-5-2021-por-la-que-se-modifica-el-texto-refundido-de-la-ley-de-sociedades-de-capital-2\\\/\",\"url\":\"https:\\\/\\\/auren.com\\\/es\\\/noticias\\\/ley-5-2021-por-la-que-se-modifica-el-texto-refundido-de-la-ley-de-sociedades-de-capital\\\/\",\"name\":\"Ley 5\\\/2021 por la que se modifica el Texto Refundido de la Ley de Sociedades de Capital - Auren Espa\u00f1a\",\"isPartOf\":{\"@id\":\"https:\\\/\\\/auren.com\\\/es\\\/#website\"},\"primaryImageOfPage\":{\"@id\":\"https:\\\/\\\/auren.com\\\/es\\\/noticias\\\/ley-5-2021-por-la-que-se-modifica-el-texto-refundido-de-la-ley-de-sociedades-de-capital\\\/#primaryimage\"},\"image\":{\"@id\":\"https:\\\/\\\/auren.com\\\/es\\\/noticias\\\/ley-5-2021-por-la-que-se-modifica-el-texto-refundido-de-la-ley-de-sociedades-de-capital\\\/#primaryimage\"},\"thumbnailUrl\":\"https:\\\/\\\/auren.com\\\/es\\\/wp-content\\\/uploads\\\/2021\\\/04\\\/MicrosoftTeams-image-28-1.png\",\"datePublished\":\"2021-04-20T11:06:07+00:00\",\"breadcrumb\":{\"@id\":\"https:\\\/\\\/auren.com\\\/es\\\/noticias\\\/ley-5-2021-por-la-que-se-modifica-el-texto-refundido-de-la-ley-de-sociedades-de-capital\\\/#breadcrumb\"},\"inLanguage\":\"es\",\"potentialAction\":[{\"@type\":\"ReadAction\",\"target\":[\"https:\\\/\\\/auren.com\\\/es\\\/noticias\\\/ley-5-2021-por-la-que-se-modifica-el-texto-refundido-de-la-ley-de-sociedades-de-capital\\\/\"]}]},{\"@type\":\"ImageObject\",\"inLanguage\":\"es\",\"@id\":\"https:\\\/\\\/auren.com\\\/es\\\/noticias\\\/ley-5-2021-por-la-que-se-modifica-el-texto-refundido-de-la-ley-de-sociedades-de-capital\\\/#primaryimage\",\"url\":\"https:\\\/\\\/auren.com\\\/es\\\/wp-content\\\/uploads\\\/2021\\\/04\\\/MicrosoftTeams-image-28-1.png\",\"contentUrl\":\"https:\\\/\\\/auren.com\\\/es\\\/wp-content\\\/uploads\\\/2021\\\/04\\\/MicrosoftTeams-image-28-1.png\",\"width\":1200,\"height\":627},{\"@type\":\"BreadcrumbList\",\"@id\":\"https:\\\/\\\/auren.com\\\/es\\\/noticias\\\/ley-5-2021-por-la-que-se-modifica-el-texto-refundido-de-la-ley-de-sociedades-de-capital\\\/#breadcrumb\",\"itemListElement\":[{\"@type\":\"ListItem\",\"position\":1,\"name\":\"Portada\",\"item\":\"https:\\\/\\\/auren.com\\\/es\\\/\"},{\"@type\":\"ListItem\",\"position\":2,\"name\":\"Ley 5\\\/2021 por la que se modifica el Texto Refundido de la Ley de Sociedades de Capital\"}]},{\"@type\":\"WebSite\",\"@id\":\"https:\\\/\\\/auren.com\\\/es\\\/#website\",\"url\":\"https:\\\/\\\/auren.com\\\/es\\\/\",\"name\":\"Auren\",\"description\":\"\",\"publisher\":{\"@id\":\"https:\\\/\\\/auren.com\\\/es\\\/#organization\"},\"alternateName\":\"Auren\",\"potentialAction\":[{\"@type\":\"SearchAction\",\"target\":{\"@type\":\"EntryPoint\",\"urlTemplate\":\"https:\\\/\\\/auren.com\\\/es\\\/?s={search_term_string}\"},\"query-input\":{\"@type\":\"PropertyValueSpecification\",\"valueRequired\":true,\"valueName\":\"search_term_string\"}}],\"inLanguage\":\"es\"},{\"@type\":\"Organization\",\"@id\":\"https:\\\/\\\/auren.com\\\/es\\\/#organization\",\"name\":\"Auren\",\"alternateName\":\"Auren\",\"url\":\"https:\\\/\\\/auren.com\\\/es\\\/\",\"logo\":{\"@type\":\"ImageObject\",\"inLanguage\":\"es\",\"@id\":\"https:\\\/\\\/auren.com\\\/es\\\/#\\\/schema\\\/logo\\\/image\\\/\",\"url\":\"https:\\\/\\\/auren.com\\\/es\\\/wp-content\\\/uploads\\\/2025\\\/01\\\/cropped-cropped-favicon-Auren.png\",\"contentUrl\":\"https:\\\/\\\/auren.com\\\/es\\\/wp-content\\\/uploads\\\/2025\\\/01\\\/cropped-cropped-favicon-Auren.png\",\"width\":512,\"height\":512,\"caption\":\"Auren\"},\"image\":{\"@id\":\"https:\\\/\\\/auren.com\\\/es\\\/#\\\/schema\\\/logo\\\/image\\\/\"},\"sameAs\":[\"https:\\\/\\\/x.com\\\/auren_spain\",\"https:\\\/\\\/www.linkedin.com\\\/company\\\/aurenspainserviciosprofesionales\",\"https:\\\/\\\/www.youtube.com\\\/@AurenEsp\",\"https:\\\/\\\/www.instagram.com\\\/auren_spain\"]}]}<\/script>\n<!-- \/ Yoast SEO plugin. -->","yoast_head_json":{"title":"Ley 5\/2021 por la que se modifica el Texto Refundido de la Ley de Sociedades de Capital - Auren Espa\u00f1a","robots":{"index":"index","follow":"follow","max-snippet":"max-snippet:-1","max-image-preview":"max-image-preview:large","max-video-preview":"max-video-preview:-1"},"canonical":"https:\/\/auren.com\/es\/noticias\/ley-5-2021-por-la-que-se-modifica-el-texto-refundido-de-la-ley-de-sociedades-de-capital\/","og_locale":"es_ES","og_type":"article","og_title":"Ley 5\/2021 por la que se modifica el Texto Refundido de la Ley de Sociedades de Capital - Auren Espa\u00f1a","og_description":"El 13 de abril de 2021 se public\u00f3 en el Bolet\u00edn Oficial del Estado la Ley 5\/2021, de 12 de abril, por la que se modifica el texto refundido de [&hellip;]","og_url":"https:\/\/auren.com\/es\/noticias\/ley-5-2021-por-la-que-se-modifica-el-texto-refundido-de-la-ley-de-sociedades-de-capital\/","og_site_name":"Auren","og_image":[{"width":1200,"height":627,"url":"https:\/\/auren.com\/es\/wp-content\/uploads\/2021\/04\/MicrosoftTeams-image-28-1.png","type":"image\/png"}],"twitter_card":"summary_large_image","twitter_site":"@auren_spain","twitter_misc":{"Tiempo de lectura":"1 minuto"},"schema":{"@context":"https:\/\/schema.org","@graph":[{"@type":"WebPage","@id":"https:\/\/auren.com\/es\/noticias\/ley-5-2021-por-la-que-se-modifica-el-texto-refundido-de-la-ley-de-sociedades-de-capital-2\/","url":"https:\/\/auren.com\/es\/noticias\/ley-5-2021-por-la-que-se-modifica-el-texto-refundido-de-la-ley-de-sociedades-de-capital\/","name":"Ley 5\/2021 por la que se modifica el Texto Refundido de la Ley de Sociedades de Capital - Auren Espa\u00f1a","isPartOf":{"@id":"https:\/\/auren.com\/es\/#website"},"primaryImageOfPage":{"@id":"https:\/\/auren.com\/es\/noticias\/ley-5-2021-por-la-que-se-modifica-el-texto-refundido-de-la-ley-de-sociedades-de-capital\/#primaryimage"},"image":{"@id":"https:\/\/auren.com\/es\/noticias\/ley-5-2021-por-la-que-se-modifica-el-texto-refundido-de-la-ley-de-sociedades-de-capital\/#primaryimage"},"thumbnailUrl":"https:\/\/auren.com\/es\/wp-content\/uploads\/2021\/04\/MicrosoftTeams-image-28-1.png","datePublished":"2021-04-20T11:06:07+00:00","breadcrumb":{"@id":"https:\/\/auren.com\/es\/noticias\/ley-5-2021-por-la-que-se-modifica-el-texto-refundido-de-la-ley-de-sociedades-de-capital\/#breadcrumb"},"inLanguage":"es","potentialAction":[{"@type":"ReadAction","target":["https:\/\/auren.com\/es\/noticias\/ley-5-2021-por-la-que-se-modifica-el-texto-refundido-de-la-ley-de-sociedades-de-capital\/"]}]},{"@type":"ImageObject","inLanguage":"es","@id":"https:\/\/auren.com\/es\/noticias\/ley-5-2021-por-la-que-se-modifica-el-texto-refundido-de-la-ley-de-sociedades-de-capital\/#primaryimage","url":"https:\/\/auren.com\/es\/wp-content\/uploads\/2021\/04\/MicrosoftTeams-image-28-1.png","contentUrl":"https:\/\/auren.com\/es\/wp-content\/uploads\/2021\/04\/MicrosoftTeams-image-28-1.png","width":1200,"height":627},{"@type":"BreadcrumbList","@id":"https:\/\/auren.com\/es\/noticias\/ley-5-2021-por-la-que-se-modifica-el-texto-refundido-de-la-ley-de-sociedades-de-capital\/#breadcrumb","itemListElement":[{"@type":"ListItem","position":1,"name":"Portada","item":"https:\/\/auren.com\/es\/"},{"@type":"ListItem","position":2,"name":"Ley 5\/2021 por la que se modifica el Texto Refundido de la Ley de Sociedades de Capital"}]},{"@type":"WebSite","@id":"https:\/\/auren.com\/es\/#website","url":"https:\/\/auren.com\/es\/","name":"Auren","description":"","publisher":{"@id":"https:\/\/auren.com\/es\/#organization"},"alternateName":"Auren","potentialAction":[{"@type":"SearchAction","target":{"@type":"EntryPoint","urlTemplate":"https:\/\/auren.com\/es\/?s={search_term_string}"},"query-input":{"@type":"PropertyValueSpecification","valueRequired":true,"valueName":"search_term_string"}}],"inLanguage":"es"},{"@type":"Organization","@id":"https:\/\/auren.com\/es\/#organization","name":"Auren","alternateName":"Auren","url":"https:\/\/auren.com\/es\/","logo":{"@type":"ImageObject","inLanguage":"es","@id":"https:\/\/auren.com\/es\/#\/schema\/logo\/image\/","url":"https:\/\/auren.com\/es\/wp-content\/uploads\/2025\/01\/cropped-cropped-favicon-Auren.png","contentUrl":"https:\/\/auren.com\/es\/wp-content\/uploads\/2025\/01\/cropped-cropped-favicon-Auren.png","width":512,"height":512,"caption":"Auren"},"image":{"@id":"https:\/\/auren.com\/es\/#\/schema\/logo\/image\/"},"sameAs":["https:\/\/x.com\/auren_spain","https:\/\/www.linkedin.com\/company\/aurenspainserviciosprofesionales","https:\/\/www.youtube.com\/@AurenEsp","https:\/\/www.instagram.com\/auren_spain"]}]}},"_links":{"self":[{"href":"https:\/\/auren.com\/es\/wp-json\/wp\/v2\/new\/4830","targetHints":{"allow":["GET"]}}],"collection":[{"href":"https:\/\/auren.com\/es\/wp-json\/wp\/v2\/new"}],"about":[{"href":"https:\/\/auren.com\/es\/wp-json\/wp\/v2\/types\/new"}],"version-history":[{"count":0,"href":"https:\/\/auren.com\/es\/wp-json\/wp\/v2\/new\/4830\/revisions"}],"wp:featuredmedia":[{"embeddable":true,"href":"https:\/\/auren.com\/es\/wp-json\/wp\/v2\/media\/4831"}],"wp:attachment":[{"href":"https:\/\/auren.com\/es\/wp-json\/wp\/v2\/media?parent=4830"}],"wp:term":[{"taxonomy":"new-category","embeddable":true,"href":"https:\/\/auren.com\/es\/wp-json\/wp\/v2\/new-category?post=4830"}],"curies":[{"name":"wp","href":"https:\/\/api.w.org\/{rel}","templated":true}]}}

<p>El 13 de abril de 2021 se publicó en el Boletín Oficial del Estado la Ley 5/2021, de 12 de abril, por la que se modifica el texto refundido de la Ley de Sociedades de Capital, aprobado por el Real Decreto Legislativo 1/2010, de 2 de julio (la “LSC”), y otras normas financieras, en lo que respecta al fomento de la implicación a largo plazo de los accionistas en las sociedades cotizadas y cuyo objeto principal es transponer al ordenamiento jurídico español la Directiva (UE) 2017/828 del Parlamento Europeo y del Consejo de 17 de mayo de 2017 por la que se modifica la Directiva 2007/36/CE en lo que respecta al fomento de la implicación a largo plazo de los accionistas en las sociedades cotizadas.<br /><strong><a href="https://auren.com/es/wp-content/uploads/2021/04/LSC.pdf" target="_blank" rel="noreferrer noopener">Consulta aqu</a><a href="https://auren.com/es/wp-admin/upload.php?item=17186" target="_blank" rel="noreferrer noopener">í </a></strong> las principales modificaciones, prestando especial atención a las principales que afectan a las sociedades de capital no cotizadas, y aquellas cuyas acciones están admitidas a negociación en Sistemas Multilaterales de Negociación.</p>
<p><!-- AddThis Advanced Settings generic via filter on the_content --><!-- AddThis Share Buttons generic via filter on the_content --></p>

<p>El 13 de abril de 2021 se publicó en el Boletín Oficial del Estado la Ley 5/2021, de 12 de abril, por la que se modifica el texto refundido de [&hellip;]</p>

<!-- This site is optimized with the Yoast SEO plugin v27.5 - https://yoast.com/product/yoast-seo-wordpress/ -->
<title>Ley 5/2021 por la que se modifica el Texto Refundido de la Ley de Sociedades de Capital - Auren España</title>
<meta name="robots" content="index, follow, max-snippet:-1, max-image-preview:large, max-video-preview:-1" />
<link rel="canonical" href="https://auren.com/es/noticias/ley-5-2021-por-la-que-se-modifica-el-texto-refundido-de-la-ley-de-sociedades-de-capital/" />
<meta property="og:locale" content="es_ES" />
<meta property="og:type" content="article" />
<meta property="og:title" content="Ley 5/2021 por la que se modifica el Texto Refundido de la Ley de Sociedades de Capital - Auren España" />
<meta property="og:description" content="El 13 de abril de 2021 se publicó en el Boletín Oficial del Estado la Ley 5/2021, de 12 de abril, por la que se modifica el texto refundido de [&hellip;]" />
<meta property="og:url" content="https://auren.com/es/noticias/ley-5-2021-por-la-que-se-modifica-el-texto-refundido-de-la-ley-de-sociedades-de-capital/" />
<meta property="og:site_name" content="Auren" />
<meta property="og:image" content="https://auren.com/es/wp-content/uploads/2021/04/MicrosoftTeams-image-28-1.png" />
	<meta property="og:image:width" content="1200" />
	<meta property="og:image:height" content="627" />
	<meta property="og:image:type" content="image/png" />
<meta name="twitter:card" content="summary_large_image" />
<meta name="twitter:site" content="@auren_spain" />
<meta name="twitter:label1" content="Tiempo de lectura" />
	<meta name="twitter:data1" content="1 minuto" />
<script type="application/ld+json" class="yoast-schema-graph">{"@context":"https:\/\/schema.org","@graph":[{"@type":"WebPage","@id":"https:\/\/auren.com\/es\/noticias\/ley-5-2021-por-la-que-se-modifica-el-texto-refundido-de-la-ley-de-sociedades-de-capital-2\/","url":"https:\/\/auren.com\/es\/noticias\/ley-5-2021-por-la-que-se-modifica-el-texto-refundido-de-la-ley-de-sociedades-de-capital\/","name":"Ley 5\/2021 por la que se modifica el Texto Refundido de la Ley de Sociedades de Capital - Auren España","isPartOf":{"@id":"https:\/\/auren.com\/es\/#website"},"primaryImageOfPage":{"@id":"https:\/\/auren.com\/es\/noticias\/ley-5-2021-por-la-que-se-modifica-el-texto-refundido-de-la-ley-de-sociedades-de-capital\/#primaryimage"},"image":{"@id":"https:\/\/auren.com\/es\/noticias\/ley-5-2021-por-la-que-se-modifica-el-texto-refundido-de-la-ley-de-sociedades-de-capital\/#primaryimage"},"thumbnailUrl":"https:\/\/auren.com\/es\/wp-content\/uploads\/2021\/04\/MicrosoftTeams-image-28-1.png","datePublished":"2021-04-20T11:06:07+00:00","breadcrumb":{"@id":"https:\/\/auren.com\/es\/noticias\/ley-5-2021-por-la-que-se-modifica-el-texto-refundido-de-la-ley-de-sociedades-de-capital\/#breadcrumb"},"inLanguage":"es","potentialAction":[{"@type":"ReadAction","target":["https:\/\/auren.com\/es\/noticias\/ley-5-2021-por-la-que-se-modifica-el-texto-refundido-de-la-ley-de-sociedades-de-capital\/"]}]},{"@type":"ImageObject","inLanguage":"es","@id":"https:\/\/auren.com\/es\/noticias\/ley-5-2021-por-la-que-se-modifica-el-texto-refundido-de-la-ley-de-sociedades-de-capital\/#primaryimage","url":"https:\/\/auren.com\/es\/wp-content\/uploads\/2021\/04\/MicrosoftTeams-image-28-1.png","contentUrl":"https:\/\/auren.com\/es\/wp-content\/uploads\/2021\/04\/MicrosoftTeams-image-28-1.png","width":1200,"height":627},{"@type":"BreadcrumbList","@id":"https:\/\/auren.com\/es\/noticias\/ley-5-2021-por-la-que-se-modifica-el-texto-refundido-de-la-ley-de-sociedades-de-capital\/#breadcrumb","itemListElement":[{"@type":"ListItem","position":1,"name":"Portada","item":"https:\/\/auren.com\/es\/"},{"@type":"ListItem","position":2,"name":"Ley 5\/2021 por la que se modifica el Texto Refundido de la Ley de Sociedades de Capital"}]},{"@type":"WebSite","@id":"https:\/\/auren.com\/es\/#website","url":"https:\/\/auren.com\/es\/","name":"Auren","description":"","publisher":{"@id":"https:\/\/auren.com\/es\/#organization"},"alternateName":"Auren","potentialAction":[{"@type":"SearchAction","target":{"@type":"EntryPoint","urlTemplate":"https:\/\/auren.com\/es\/?s={search_term_string}"},"query-input":{"@type":"PropertyValueSpecification","valueRequired":true,"valueName":"search_term_string"}}],"inLanguage":"es"},{"@type":"Organization","@id":"https:\/\/auren.com\/es\/#organization","name":"Auren","alternateName":"Auren","url":"https:\/\/auren.com\/es\/","logo":{"@type":"ImageObject","inLanguage":"es","@id":"https:\/\/auren.com\/es\/#\/schema\/logo\/image\/","url":"https:\/\/auren.com\/es\/wp-content\/uploads\/2025\/01\/cropped-cropped-favicon-Auren.png","contentUrl":"https:\/\/auren.com\/es\/wp-content\/uploads\/2025\/01\/cropped-cropped-favicon-Auren.png","width":512,"height":512,"caption":"Auren"},"image":{"@id":"https:\/\/auren.com\/es\/#\/schema\/logo\/image\/"},"sameAs":["https:\/\/x.com\/auren_spain","https:\/\/www.linkedin.com\/company\/aurenspainserviciosprofesionales","https:\/\/www.youtube.com\/@AurenEsp","https:\/\/www.instagram.com\/auren_spain"]}]}</script>
<!-- / Yoast SEO plugin. -->

Ley 5/2021 por la que se modifica el Texto Refundido de la Ley de Sociedades de Capital - Auren España

El 13 de abril de 2021 se publicó en el Boletín Oficial del Estado la Ley 5/2021, de 12 de abril, por la que se modifica el texto refundido de [&hellip;]
