{"id":4874,"date":"2021-03-16T10:07:02","date_gmt":"2021-03-16T09:07:02","guid":{"rendered":"https:\/\/auren.com\/es\/new\/linea-covid-de-ayudas-directas-a-autonomos-y-empresas-2\/"},"modified":"2021-03-16T10:07:02","modified_gmt":"2021-03-16T09:07:02","slug":"linea-covid-de-ayudas-directas-a-autonomos-y-empresas-2","status":"publish","type":"new","link":"https:\/\/auren.com\/es\/noticias\/linea-covid-de-ayudas-directas-a-autonomos-y-empresas-2\/","title":{"rendered":"L\u00ednea Covid de ayudas directas a aut\u00f3nomos y empresas"},"content":{"rendered":"<p>El Real Decreto-Ley 5\/2021, de 12 de marzo, de medidas extraordinarias de apoyo a<br \/>la solvencia empresarial en respuesta a la pandemia de la covid-19 establece, entre<br \/>otras medias, la creaci\u00f3n de una l\u00ednea de ayudas directas a aut\u00f3nomos y empresas<br \/>para el pago de las deudas y compromisos que \u00e9stos tengan asumidos con terceros.<\/p>\n<p><strong><a href=\"https:\/\/auren.com\/es\/wp-content\/uploads\/2021\/03\/Febrero-2021-002.pdf\" target=\"_blank\" rel=\"noreferrer noopener\">L\u00e9elo aqu\u00ed <\/a><\/strong><\/p>\n<p><!-- AddThis Advanced Settings generic via filter on the_content --><!-- AddThis Share Buttons generic via filter on the_content --><\/p>\n","protected":false},"excerpt":{"rendered":"<p>El Real Decreto-Ley 5\/2021, de 12 de marzo, de medidas extraordinarias de apoyo ala solvencia empresarial en respuesta a la pandemia de la covid-19 establece, entreotras medias, la creaci\u00f3n de [&hellip;]<\/p>\n","protected":false},"featured_media":4875,"template":"","meta":{"_acf_changed":false,"footnotes":""},"new-category":[],"class_list":["post-4874","new","type-new","status-publish","has-post-thumbnail","hentry"],"acf":[],"yoast_head":"<!-- This site is optimized with the Yoast SEO plugin v27.5 - https:\/\/yoast.com\/product\/yoast-seo-wordpress\/ -->\n<title>L\u00ednea Covid de ayudas directas a aut\u00f3nomos y empresas - Auren Espa\u00f1a<\/title>\n<meta name=\"robots\" content=\"index, follow, max-snippet:-1, max-image-preview:large, max-video-preview:-1\" \/>\n<link rel=\"canonical\" href=\"https:\/\/auren.com\/es\/noticias\/linea-covid-de-ayudas-directas-a-autonomos-y-empresas\/\" \/>\n<meta property=\"og:locale\" content=\"es_ES\" \/>\n<meta property=\"og:type\" content=\"article\" \/>\n<meta property=\"og:title\" content=\"L\u00ednea Covid de ayudas directas a aut\u00f3nomos y empresas - Auren Espa\u00f1a\" \/>\n<meta property=\"og:description\" content=\"El Real Decreto-Ley 5\/2021, de 12 de marzo, de medidas extraordinarias de apoyo ala solvencia empresarial en respuesta a la pandemia de la covid-19 establece, entreotras medias, la creaci\u00f3n de [&hellip;]\" \/>\n<meta property=\"og:url\" content=\"https:\/\/auren.com\/es\/noticias\/linea-covid-de-ayudas-directas-a-autonomos-y-empresas\/\" \/>\n<meta property=\"og:site_name\" content=\"Auren\" \/>\n<meta property=\"og:image\" content=\"https:\/\/auren.com\/es\/wp-content\/uploads\/2021\/03\/1200x627-linkedin-73-2.png\" \/>\n\t<meta property=\"og:image:width\" content=\"1200\" \/>\n\t<meta property=\"og:image:height\" content=\"627\" \/>\n\t<meta property=\"og:image:type\" content=\"image\/png\" \/>\n<meta name=\"twitter:card\" content=\"summary_large_image\" \/>\n<meta name=\"twitter:site\" content=\"@auren_spain\" \/>\n<script type=\"application\/ld+json\" class=\"yoast-schema-graph\">{\"@context\":\"https:\\\/\\\/schema.org\",\"@graph\":[{\"@type\":\"WebPage\",\"@id\":\"https:\\\/\\\/auren.com\\\/es\\\/noticias\\\/linea-covid-de-ayudas-directas-a-autonomos-y-empresas-2\\\/\",\"url\":\"https:\\\/\\\/auren.com\\\/es\\\/noticias\\\/linea-covid-de-ayudas-directas-a-autonomos-y-empresas\\\/\",\"name\":\"L\u00ednea Covid de ayudas directas a aut\u00f3nomos y empresas - Auren Espa\u00f1a\",\"isPartOf\":{\"@id\":\"https:\\\/\\\/auren.com\\\/es\\\/#website\"},\"primaryImageOfPage\":{\"@id\":\"https:\\\/\\\/auren.com\\\/es\\\/noticias\\\/linea-covid-de-ayudas-directas-a-autonomos-y-empresas\\\/#primaryimage\"},\"image\":{\"@id\":\"https:\\\/\\\/auren.com\\\/es\\\/noticias\\\/linea-covid-de-ayudas-directas-a-autonomos-y-empresas\\\/#primaryimage\"},\"thumbnailUrl\":\"https:\\\/\\\/auren.com\\\/es\\\/wp-content\\\/uploads\\\/2021\\\/03\\\/1200x627-linkedin-73-2.png\",\"datePublished\":\"2021-03-16T09:07:02+00:00\",\"breadcrumb\":{\"@id\":\"https:\\\/\\\/auren.com\\\/es\\\/noticias\\\/linea-covid-de-ayudas-directas-a-autonomos-y-empresas\\\/#breadcrumb\"},\"inLanguage\":\"es\",\"potentialAction\":[{\"@type\":\"ReadAction\",\"target\":[\"https:\\\/\\\/auren.com\\\/es\\\/noticias\\\/linea-covid-de-ayudas-directas-a-autonomos-y-empresas\\\/\"]}]},{\"@type\":\"ImageObject\",\"inLanguage\":\"es\",\"@id\":\"https:\\\/\\\/auren.com\\\/es\\\/noticias\\\/linea-covid-de-ayudas-directas-a-autonomos-y-empresas\\\/#primaryimage\",\"url\":\"https:\\\/\\\/auren.com\\\/es\\\/wp-content\\\/uploads\\\/2021\\\/03\\\/1200x627-linkedin-73-2.png\",\"contentUrl\":\"https:\\\/\\\/auren.com\\\/es\\\/wp-content\\\/uploads\\\/2021\\\/03\\\/1200x627-linkedin-73-2.png\",\"width\":1200,\"height\":627},{\"@type\":\"BreadcrumbList\",\"@id\":\"https:\\\/\\\/auren.com\\\/es\\\/noticias\\\/linea-covid-de-ayudas-directas-a-autonomos-y-empresas\\\/#breadcrumb\",\"itemListElement\":[{\"@type\":\"ListItem\",\"position\":1,\"name\":\"Portada\",\"item\":\"https:\\\/\\\/auren.com\\\/es\\\/\"},{\"@type\":\"ListItem\",\"position\":2,\"name\":\"L\u00ednea Covid de ayudas directas a aut\u00f3nomos y empresas\"}]},{\"@type\":\"WebSite\",\"@id\":\"https:\\\/\\\/auren.com\\\/es\\\/#website\",\"url\":\"https:\\\/\\\/auren.com\\\/es\\\/\",\"name\":\"Auren\",\"description\":\"\",\"publisher\":{\"@id\":\"https:\\\/\\\/auren.com\\\/es\\\/#organization\"},\"alternateName\":\"Auren\",\"potentialAction\":[{\"@type\":\"SearchAction\",\"target\":{\"@type\":\"EntryPoint\",\"urlTemplate\":\"https:\\\/\\\/auren.com\\\/es\\\/?s={search_term_string}\"},\"query-input\":{\"@type\":\"PropertyValueSpecification\",\"valueRequired\":true,\"valueName\":\"search_term_string\"}}],\"inLanguage\":\"es\"},{\"@type\":\"Organization\",\"@id\":\"https:\\\/\\\/auren.com\\\/es\\\/#organization\",\"name\":\"Auren\",\"alternateName\":\"Auren\",\"url\":\"https:\\\/\\\/auren.com\\\/es\\\/\",\"logo\":{\"@type\":\"ImageObject\",\"inLanguage\":\"es\",\"@id\":\"https:\\\/\\\/auren.com\\\/es\\\/#\\\/schema\\\/logo\\\/image\\\/\",\"url\":\"https:\\\/\\\/auren.com\\\/es\\\/wp-content\\\/uploads\\\/2025\\\/01\\\/cropped-cropped-favicon-Auren.png\",\"contentUrl\":\"https:\\\/\\\/auren.com\\\/es\\\/wp-content\\\/uploads\\\/2025\\\/01\\\/cropped-cropped-favicon-Auren.png\",\"width\":512,\"height\":512,\"caption\":\"Auren\"},\"image\":{\"@id\":\"https:\\\/\\\/auren.com\\\/es\\\/#\\\/schema\\\/logo\\\/image\\\/\"},\"sameAs\":[\"https:\\\/\\\/x.com\\\/auren_spain\",\"https:\\\/\\\/www.linkedin.com\\\/company\\\/aurenspainserviciosprofesionales\",\"https:\\\/\\\/www.youtube.com\\\/@AurenEsp\",\"https:\\\/\\\/www.instagram.com\\\/auren_spain\"]}]}<\/script>\n<!-- \/ Yoast SEO plugin. -->","yoast_head_json":{"title":"L\u00ednea Covid de ayudas directas a aut\u00f3nomos y empresas - Auren Espa\u00f1a","robots":{"index":"index","follow":"follow","max-snippet":"max-snippet:-1","max-image-preview":"max-image-preview:large","max-video-preview":"max-video-preview:-1"},"canonical":"https:\/\/auren.com\/es\/noticias\/linea-covid-de-ayudas-directas-a-autonomos-y-empresas\/","og_locale":"es_ES","og_type":"article","og_title":"L\u00ednea Covid de ayudas directas a aut\u00f3nomos y empresas - Auren Espa\u00f1a","og_description":"El Real Decreto-Ley 5\/2021, de 12 de marzo, de medidas extraordinarias de apoyo ala solvencia empresarial en respuesta a la pandemia de la covid-19 establece, entreotras medias, la creaci\u00f3n de [&hellip;]","og_url":"https:\/\/auren.com\/es\/noticias\/linea-covid-de-ayudas-directas-a-autonomos-y-empresas\/","og_site_name":"Auren","og_image":[{"width":1200,"height":627,"url":"https:\/\/auren.com\/es\/wp-content\/uploads\/2021\/03\/1200x627-linkedin-73-2.png","type":"image\/png"}],"twitter_card":"summary_large_image","twitter_site":"@auren_spain","schema":{"@context":"https:\/\/schema.org","@graph":[{"@type":"WebPage","@id":"https:\/\/auren.com\/es\/noticias\/linea-covid-de-ayudas-directas-a-autonomos-y-empresas-2\/","url":"https:\/\/auren.com\/es\/noticias\/linea-covid-de-ayudas-directas-a-autonomos-y-empresas\/","name":"L\u00ednea Covid de ayudas directas a aut\u00f3nomos y empresas - Auren Espa\u00f1a","isPartOf":{"@id":"https:\/\/auren.com\/es\/#website"},"primaryImageOfPage":{"@id":"https:\/\/auren.com\/es\/noticias\/linea-covid-de-ayudas-directas-a-autonomos-y-empresas\/#primaryimage"},"image":{"@id":"https:\/\/auren.com\/es\/noticias\/linea-covid-de-ayudas-directas-a-autonomos-y-empresas\/#primaryimage"},"thumbnailUrl":"https:\/\/auren.com\/es\/wp-content\/uploads\/2021\/03\/1200x627-linkedin-73-2.png","datePublished":"2021-03-16T09:07:02+00:00","breadcrumb":{"@id":"https:\/\/auren.com\/es\/noticias\/linea-covid-de-ayudas-directas-a-autonomos-y-empresas\/#breadcrumb"},"inLanguage":"es","potentialAction":[{"@type":"ReadAction","target":["https:\/\/auren.com\/es\/noticias\/linea-covid-de-ayudas-directas-a-autonomos-y-empresas\/"]}]},{"@type":"ImageObject","inLanguage":"es","@id":"https:\/\/auren.com\/es\/noticias\/linea-covid-de-ayudas-directas-a-autonomos-y-empresas\/#primaryimage","url":"https:\/\/auren.com\/es\/wp-content\/uploads\/2021\/03\/1200x627-linkedin-73-2.png","contentUrl":"https:\/\/auren.com\/es\/wp-content\/uploads\/2021\/03\/1200x627-linkedin-73-2.png","width":1200,"height":627},{"@type":"BreadcrumbList","@id":"https:\/\/auren.com\/es\/noticias\/linea-covid-de-ayudas-directas-a-autonomos-y-empresas\/#breadcrumb","itemListElement":[{"@type":"ListItem","position":1,"name":"Portada","item":"https:\/\/auren.com\/es\/"},{"@type":"ListItem","position":2,"name":"L\u00ednea Covid de ayudas directas a aut\u00f3nomos y empresas"}]},{"@type":"WebSite","@id":"https:\/\/auren.com\/es\/#website","url":"https:\/\/auren.com\/es\/","name":"Auren","description":"","publisher":{"@id":"https:\/\/auren.com\/es\/#organization"},"alternateName":"Auren","potentialAction":[{"@type":"SearchAction","target":{"@type":"EntryPoint","urlTemplate":"https:\/\/auren.com\/es\/?s={search_term_string}"},"query-input":{"@type":"PropertyValueSpecification","valueRequired":true,"valueName":"search_term_string"}}],"inLanguage":"es"},{"@type":"Organization","@id":"https:\/\/auren.com\/es\/#organization","name":"Auren","alternateName":"Auren","url":"https:\/\/auren.com\/es\/","logo":{"@type":"ImageObject","inLanguage":"es","@id":"https:\/\/auren.com\/es\/#\/schema\/logo\/image\/","url":"https:\/\/auren.com\/es\/wp-content\/uploads\/2025\/01\/cropped-cropped-favicon-Auren.png","contentUrl":"https:\/\/auren.com\/es\/wp-content\/uploads\/2025\/01\/cropped-cropped-favicon-Auren.png","width":512,"height":512,"caption":"Auren"},"image":{"@id":"https:\/\/auren.com\/es\/#\/schema\/logo\/image\/"},"sameAs":["https:\/\/x.com\/auren_spain","https:\/\/www.linkedin.com\/company\/aurenspainserviciosprofesionales","https:\/\/www.youtube.com\/@AurenEsp","https:\/\/www.instagram.com\/auren_spain"]}]}},"_links":{"self":[{"href":"https:\/\/auren.com\/es\/wp-json\/wp\/v2\/new\/4874","targetHints":{"allow":["GET"]}}],"collection":[{"href":"https:\/\/auren.com\/es\/wp-json\/wp\/v2\/new"}],"about":[{"href":"https:\/\/auren.com\/es\/wp-json\/wp\/v2\/types\/new"}],"version-history":[{"count":0,"href":"https:\/\/auren.com\/es\/wp-json\/wp\/v2\/new\/4874\/revisions"}],"wp:featuredmedia":[{"embeddable":true,"href":"https:\/\/auren.com\/es\/wp-json\/wp\/v2\/media\/4875"}],"wp:attachment":[{"href":"https:\/\/auren.com\/es\/wp-json\/wp\/v2\/media?parent=4874"}],"wp:term":[{"taxonomy":"new-category","embeddable":true,"href":"https:\/\/auren.com\/es\/wp-json\/wp\/v2\/new-category?post=4874"}],"curies":[{"name":"wp","href":"https:\/\/api.w.org\/{rel}","templated":true}]}}

Línea Covid de ayudas directas a autónomos y empresas

<p>El Real Decreto-Ley 5/2021, de 12 de marzo, de medidas extraordinarias de apoyo a<br />la solvencia empresarial en respuesta a la pandemia de la covid-19 establece, entre<br />otras medias, la creación de una línea de ayudas directas a autónomos y empresas<br />para el pago de las deudas y compromisos que éstos tengan asumidos con terceros.</p>
<p><strong><a href="https://auren.com/es/wp-content/uploads/2021/03/Febrero-2021-002.pdf" target="_blank" rel="noreferrer noopener">Léelo aquí </a></strong></p>
<p><!-- AddThis Advanced Settings generic via filter on the_content --><!-- AddThis Share Buttons generic via filter on the_content --></p>

<p>El Real Decreto-Ley 5/2021, de 12 de marzo, de medidas extraordinarias de apoyo ala solvencia empresarial en respuesta a la pandemia de la covid-19 establece, entreotras medias, la creación de [&hellip;]</p>

<!-- This site is optimized with the Yoast SEO plugin v27.5 - https://yoast.com/product/yoast-seo-wordpress/ -->
<title>Línea Covid de ayudas directas a autónomos y empresas - Auren España</title>
<meta name="robots" content="index, follow, max-snippet:-1, max-image-preview:large, max-video-preview:-1" />
<link rel="canonical" href="https://auren.com/es/noticias/linea-covid-de-ayudas-directas-a-autonomos-y-empresas/" />
<meta property="og:locale" content="es_ES" />
<meta property="og:type" content="article" />
<meta property="og:title" content="Línea Covid de ayudas directas a autónomos y empresas - Auren España" />
<meta property="og:description" content="El Real Decreto-Ley 5/2021, de 12 de marzo, de medidas extraordinarias de apoyo ala solvencia empresarial en respuesta a la pandemia de la covid-19 establece, entreotras medias, la creación de [&hellip;]" />
<meta property="og:url" content="https://auren.com/es/noticias/linea-covid-de-ayudas-directas-a-autonomos-y-empresas/" />
<meta property="og:site_name" content="Auren" />
<meta property="og:image" content="https://auren.com/es/wp-content/uploads/2021/03/1200x627-linkedin-73-2.png" />
	<meta property="og:image:width" content="1200" />
	<meta property="og:image:height" content="627" />
	<meta property="og:image:type" content="image/png" />
<meta name="twitter:card" content="summary_large_image" />
<meta name="twitter:site" content="@auren_spain" />
<script type="application/ld+json" class="yoast-schema-graph">{"@context":"https:\/\/schema.org","@graph":[{"@type":"WebPage","@id":"https:\/\/auren.com\/es\/noticias\/linea-covid-de-ayudas-directas-a-autonomos-y-empresas-2\/","url":"https:\/\/auren.com\/es\/noticias\/linea-covid-de-ayudas-directas-a-autonomos-y-empresas\/","name":"Línea Covid de ayudas directas a autónomos y empresas - Auren España","isPartOf":{"@id":"https:\/\/auren.com\/es\/#website"},"primaryImageOfPage":{"@id":"https:\/\/auren.com\/es\/noticias\/linea-covid-de-ayudas-directas-a-autonomos-y-empresas\/#primaryimage"},"image":{"@id":"https:\/\/auren.com\/es\/noticias\/linea-covid-de-ayudas-directas-a-autonomos-y-empresas\/#primaryimage"},"thumbnailUrl":"https:\/\/auren.com\/es\/wp-content\/uploads\/2021\/03\/1200x627-linkedin-73-2.png","datePublished":"2021-03-16T09:07:02+00:00","breadcrumb":{"@id":"https:\/\/auren.com\/es\/noticias\/linea-covid-de-ayudas-directas-a-autonomos-y-empresas\/#breadcrumb"},"inLanguage":"es","potentialAction":[{"@type":"ReadAction","target":["https:\/\/auren.com\/es\/noticias\/linea-covid-de-ayudas-directas-a-autonomos-y-empresas\/"]}]},{"@type":"ImageObject","inLanguage":"es","@id":"https:\/\/auren.com\/es\/noticias\/linea-covid-de-ayudas-directas-a-autonomos-y-empresas\/#primaryimage","url":"https:\/\/auren.com\/es\/wp-content\/uploads\/2021\/03\/1200x627-linkedin-73-2.png","contentUrl":"https:\/\/auren.com\/es\/wp-content\/uploads\/2021\/03\/1200x627-linkedin-73-2.png","width":1200,"height":627},{"@type":"BreadcrumbList","@id":"https:\/\/auren.com\/es\/noticias\/linea-covid-de-ayudas-directas-a-autonomos-y-empresas\/#breadcrumb","itemListElement":[{"@type":"ListItem","position":1,"name":"Portada","item":"https:\/\/auren.com\/es\/"},{"@type":"ListItem","position":2,"name":"Línea Covid de ayudas directas a autónomos y empresas"}]},{"@type":"WebSite","@id":"https:\/\/auren.com\/es\/#website","url":"https:\/\/auren.com\/es\/","name":"Auren","description":"","publisher":{"@id":"https:\/\/auren.com\/es\/#organization"},"alternateName":"Auren","potentialAction":[{"@type":"SearchAction","target":{"@type":"EntryPoint","urlTemplate":"https:\/\/auren.com\/es\/?s={search_term_string}"},"query-input":{"@type":"PropertyValueSpecification","valueRequired":true,"valueName":"search_term_string"}}],"inLanguage":"es"},{"@type":"Organization","@id":"https:\/\/auren.com\/es\/#organization","name":"Auren","alternateName":"Auren","url":"https:\/\/auren.com\/es\/","logo":{"@type":"ImageObject","inLanguage":"es","@id":"https:\/\/auren.com\/es\/#\/schema\/logo\/image\/","url":"https:\/\/auren.com\/es\/wp-content\/uploads\/2025\/01\/cropped-cropped-favicon-Auren.png","contentUrl":"https:\/\/auren.com\/es\/wp-content\/uploads\/2025\/01\/cropped-cropped-favicon-Auren.png","width":512,"height":512,"caption":"Auren"},"image":{"@id":"https:\/\/auren.com\/es\/#\/schema\/logo\/image\/"},"sameAs":["https:\/\/x.com\/auren_spain","https:\/\/www.linkedin.com\/company\/aurenspainserviciosprofesionales","https:\/\/www.youtube.com\/@AurenEsp","https:\/\/www.instagram.com\/auren_spain"]}]}</script>
<!-- / Yoast SEO plugin. -->

Línea Covid de ayudas directas a autónomos y empresas - Auren España

El Real Decreto-Ley 5/2021, de 12 de marzo, de medidas extraordinarias de apoyo ala solvencia empresarial en respuesta a la pandemia de la covid-19 establece, entreotras medias, la creación de [&hellip;]
