{"id":5227,"date":"2020-01-23T12:28:31","date_gmt":"2020-01-23T11:28:31","guid":{"rendered":"https:\/\/auren.com\/es\/new\/auren-redactara-el-plan-estrategico-de-turismo-de-mallorca\/"},"modified":"2020-01-23T12:28:31","modified_gmt":"2020-01-23T11:28:31","slug":"auren-redactara-el-plan-estrategico-de-turismo-de-mallorca","status":"publish","type":"new","link":"https:\/\/auren.com\/es\/noticias\/auren-redactara-el-plan-estrategico-de-turismo-de-mallorca\/","title":{"rendered":"Auren redactar\u00e1 el plan estrat\u00e9gico de turismo de Mallorca"},"content":{"rendered":"<figure><\/figure>\n<p>Auren,\u00a0ser\u00e1 la encargada de redactar el Plan estrat\u00e9gico de turismo de Mallorca, que tiene como objetivo articular y gestionar, a trav\u00e9s de la priorizaci\u00f3n de actuaciones, la planificaci\u00f3n tur\u00edstica de la isla. De esta forma, la firma profesional ser\u00e1 la encargada de elaborar y redactar el documento y proponer las l\u00edneas de actuaci\u00f3n apuntadas en un proceso abierto de participaci\u00f3n p\u00fablico-privada.<\/p>\n<p>Antonio Viader, director del \u00e1rea de consultor\u00eda en Baleares, explic\u00f3 que \u201cse ha realizado un diagn\u00f3stico para establecer el punto de partida, con otros destinos de referencia y las principales claves aportadas en el proceso participativo por parte de empresas e instituciones p\u00fablicas\u201d.<\/p>\n<p>Desde el inicio del proyecto, a finales de diciembre de 2019, se han realizado un total de siete sesiones en grupo y 10 sesiones individuales con estos principales agentes y colectivos, en las que se han abordado temas como conectividad, estacionalidad, mercados, ciudad de Palma, modelo tur\u00edstico, perfil del visitante, imagen de destino, productos, atenci\u00f3n al visitante, entre otros.<\/p>\n<p>El Plan que redactar\u00e1 Auren ser\u00e1 el primero de promoci\u00f3n dise\u00f1ado e impulsado por el Consell de Mallorca, responsable de la competencia de promoci\u00f3n tur\u00edstica desde marzo de 2018, a trav\u00e9s del Departamento de Turismo y Deportes y de la Fundaci\u00f3n Mallorca Turismo.<\/p>\n<p>Auren cuenta actualmente con cerca de 900 empleados en sus 15 oficinas de Espa\u00f1a y m\u00e1s 2.300 en todo el mundo, adem\u00e1s de la cobertura global en m\u00e1s de 70 pa\u00edses que ofrece gracias a su pertenencia a Antea, la Alianza de Firmas Independientes que Auren impuls\u00f3 en 2008.<\/p>\n<p><!-- AddThis Advanced Settings generic via filter on the_content --><!-- AddThis Share Buttons generic via filter on the_content --><\/p>\n","protected":false},"excerpt":{"rendered":"<p>Auren,&nbsp;ser\u00e1 la encargada de redactar el Plan estrat\u00e9gico de turismo de Mallorca, que tiene como objetivo articular y gestionar, a trav\u00e9s de la priorizaci\u00f3n de actuaciones, la planificaci\u00f3n tur\u00edstica de la isla. De esta forma, la firma profesional ser\u00e1 la encargada de elaborar y redactar el documento y proponer las l\u00edneas de actuaci\u00f3n apuntadas en un proceso abierto de participaci\u00f3n p\u00fablico-privada.<\/p>\n","protected":false},"featured_media":5228,"template":"","meta":{"_acf_changed":false,"footnotes":""},"new-category":[],"class_list":["post-5227","new","type-new","status-publish","has-post-thumbnail","hentry"],"acf":[],"yoast_head":"<!-- This site is optimized with the Yoast SEO plugin v27.4 - https:\/\/yoast.com\/product\/yoast-seo-wordpress\/ -->\n<title>Auren redactar\u00e1 el plan estrat\u00e9gico de turismo de Mallorca - Auren Espa\u00f1a<\/title>\n<meta name=\"robots\" content=\"index, follow, max-snippet:-1, max-image-preview:large, max-video-preview:-1\" \/>\n<link rel=\"canonical\" href=\"https:\/\/auren.com\/es\/noticias\/auren-redactara-el-plan-estrategico-de-turismo-de-mallorca\/\" \/>\n<meta property=\"og:locale\" content=\"es_ES\" \/>\n<meta property=\"og:type\" content=\"article\" \/>\n<meta property=\"og:title\" content=\"Auren redactar\u00e1 el plan estrat\u00e9gico de turismo de Mallorca - Auren Espa\u00f1a\" \/>\n<meta property=\"og:description\" content=\"Auren,&nbsp;ser\u00e1 la encargada de redactar el Plan estrat\u00e9gico de turismo de Mallorca, que tiene como objetivo articular y gestionar, a trav\u00e9s de la priorizaci\u00f3n de actuaciones, la planificaci\u00f3n tur\u00edstica de la isla. De esta forma, la firma profesional ser\u00e1 la encargada de elaborar y redactar el documento y proponer las l\u00edneas de actuaci\u00f3n apuntadas en un proceso abierto de participaci\u00f3n p\u00fablico-privada.\" \/>\n<meta property=\"og:url\" content=\"https:\/\/auren.com\/es\/noticias\/auren-redactara-el-plan-estrategico-de-turismo-de-mallorca\/\" \/>\n<meta property=\"og:site_name\" content=\"Auren\" \/>\n<meta property=\"og:image\" content=\"https:\/\/auren.com\/es\/wp-content\/uploads\/2020\/01\/mallorca-foto.jpg\" \/>\n\t<meta property=\"og:image:width\" content=\"1600\" \/>\n\t<meta property=\"og:image:height\" content=\"900\" \/>\n\t<meta property=\"og:image:type\" content=\"image\/jpeg\" \/>\n<meta name=\"twitter:card\" content=\"summary_large_image\" \/>\n<meta name=\"twitter:site\" content=\"@auren_spain\" \/>\n<meta name=\"twitter:label1\" content=\"Tiempo de lectura\" \/>\n\t<meta name=\"twitter:data1\" content=\"1 minuto\" \/>\n<script type=\"application\/ld+json\" class=\"yoast-schema-graph\">{\"@context\":\"https:\\\/\\\/schema.org\",\"@graph\":[{\"@type\":\"WebPage\",\"@id\":\"https:\\\/\\\/auren.com\\\/es\\\/noticias\\\/auren-redactara-el-plan-estrategico-de-turismo-de-mallorca\\\/\",\"url\":\"https:\\\/\\\/auren.com\\\/es\\\/noticias\\\/auren-redactara-el-plan-estrategico-de-turismo-de-mallorca\\\/\",\"name\":\"Auren redactar\u00e1 el plan estrat\u00e9gico de turismo de Mallorca - Auren Espa\u00f1a\",\"isPartOf\":{\"@id\":\"https:\\\/\\\/auren.com\\\/es\\\/#website\"},\"primaryImageOfPage\":{\"@id\":\"https:\\\/\\\/auren.com\\\/es\\\/noticias\\\/auren-redactara-el-plan-estrategico-de-turismo-de-mallorca\\\/#primaryimage\"},\"image\":{\"@id\":\"https:\\\/\\\/auren.com\\\/es\\\/noticias\\\/auren-redactara-el-plan-estrategico-de-turismo-de-mallorca\\\/#primaryimage\"},\"thumbnailUrl\":\"https:\\\/\\\/auren.com\\\/es\\\/wp-content\\\/uploads\\\/2020\\\/01\\\/mallorca-foto.jpg\",\"datePublished\":\"2020-01-23T11:28:31+00:00\",\"breadcrumb\":{\"@id\":\"https:\\\/\\\/auren.com\\\/es\\\/noticias\\\/auren-redactara-el-plan-estrategico-de-turismo-de-mallorca\\\/#breadcrumb\"},\"inLanguage\":\"es\",\"potentialAction\":[{\"@type\":\"ReadAction\",\"target\":[\"https:\\\/\\\/auren.com\\\/es\\\/noticias\\\/auren-redactara-el-plan-estrategico-de-turismo-de-mallorca\\\/\"]}]},{\"@type\":\"ImageObject\",\"inLanguage\":\"es\",\"@id\":\"https:\\\/\\\/auren.com\\\/es\\\/noticias\\\/auren-redactara-el-plan-estrategico-de-turismo-de-mallorca\\\/#primaryimage\",\"url\":\"https:\\\/\\\/auren.com\\\/es\\\/wp-content\\\/uploads\\\/2020\\\/01\\\/mallorca-foto.jpg\",\"contentUrl\":\"https:\\\/\\\/auren.com\\\/es\\\/wp-content\\\/uploads\\\/2020\\\/01\\\/mallorca-foto.jpg\",\"width\":1600,\"height\":900},{\"@type\":\"BreadcrumbList\",\"@id\":\"https:\\\/\\\/auren.com\\\/es\\\/noticias\\\/auren-redactara-el-plan-estrategico-de-turismo-de-mallorca\\\/#breadcrumb\",\"itemListElement\":[{\"@type\":\"ListItem\",\"position\":1,\"name\":\"Portada\",\"item\":\"https:\\\/\\\/auren.com\\\/es\\\/\"},{\"@type\":\"ListItem\",\"position\":2,\"name\":\"Auren redactar\u00e1 el plan estrat\u00e9gico de turismo de Mallorca\"}]},{\"@type\":\"WebSite\",\"@id\":\"https:\\\/\\\/auren.com\\\/es\\\/#website\",\"url\":\"https:\\\/\\\/auren.com\\\/es\\\/\",\"name\":\"Auren\",\"description\":\"\",\"publisher\":{\"@id\":\"https:\\\/\\\/auren.com\\\/es\\\/#organization\"},\"alternateName\":\"Auren\",\"potentialAction\":[{\"@type\":\"SearchAction\",\"target\":{\"@type\":\"EntryPoint\",\"urlTemplate\":\"https:\\\/\\\/auren.com\\\/es\\\/?s={search_term_string}\"},\"query-input\":{\"@type\":\"PropertyValueSpecification\",\"valueRequired\":true,\"valueName\":\"search_term_string\"}}],\"inLanguage\":\"es\"},{\"@type\":\"Organization\",\"@id\":\"https:\\\/\\\/auren.com\\\/es\\\/#organization\",\"name\":\"Auren\",\"alternateName\":\"Auren\",\"url\":\"https:\\\/\\\/auren.com\\\/es\\\/\",\"logo\":{\"@type\":\"ImageObject\",\"inLanguage\":\"es\",\"@id\":\"https:\\\/\\\/auren.com\\\/es\\\/#\\\/schema\\\/logo\\\/image\\\/\",\"url\":\"https:\\\/\\\/auren.com\\\/es\\\/wp-content\\\/uploads\\\/2025\\\/01\\\/cropped-cropped-favicon-Auren.png\",\"contentUrl\":\"https:\\\/\\\/auren.com\\\/es\\\/wp-content\\\/uploads\\\/2025\\\/01\\\/cropped-cropped-favicon-Auren.png\",\"width\":512,\"height\":512,\"caption\":\"Auren\"},\"image\":{\"@id\":\"https:\\\/\\\/auren.com\\\/es\\\/#\\\/schema\\\/logo\\\/image\\\/\"},\"sameAs\":[\"https:\\\/\\\/x.com\\\/auren_spain\",\"https:\\\/\\\/www.linkedin.com\\\/company\\\/aurenspainserviciosprofesionales\",\"https:\\\/\\\/www.youtube.com\\\/@AurenEsp\",\"https:\\\/\\\/www.instagram.com\\\/auren_spain\"]}]}<\/script>\n<!-- \/ Yoast SEO plugin. -->","yoast_head_json":{"title":"Auren redactar\u00e1 el plan estrat\u00e9gico de turismo de Mallorca - Auren Espa\u00f1a","robots":{"index":"index","follow":"follow","max-snippet":"max-snippet:-1","max-image-preview":"max-image-preview:large","max-video-preview":"max-video-preview:-1"},"canonical":"https:\/\/auren.com\/es\/noticias\/auren-redactara-el-plan-estrategico-de-turismo-de-mallorca\/","og_locale":"es_ES","og_type":"article","og_title":"Auren redactar\u00e1 el plan estrat\u00e9gico de turismo de Mallorca - Auren Espa\u00f1a","og_description":"Auren,&nbsp;ser\u00e1 la encargada de redactar el Plan estrat\u00e9gico de turismo de Mallorca, que tiene como objetivo articular y gestionar, a trav\u00e9s de la priorizaci\u00f3n de actuaciones, la planificaci\u00f3n tur\u00edstica de la isla. De esta forma, la firma profesional ser\u00e1 la encargada de elaborar y redactar el documento y proponer las l\u00edneas de actuaci\u00f3n apuntadas en un proceso abierto de participaci\u00f3n p\u00fablico-privada.","og_url":"https:\/\/auren.com\/es\/noticias\/auren-redactara-el-plan-estrategico-de-turismo-de-mallorca\/","og_site_name":"Auren","og_image":[{"width":1600,"height":900,"url":"https:\/\/auren.com\/es\/wp-content\/uploads\/2020\/01\/mallorca-foto.jpg","type":"image\/jpeg"}],"twitter_card":"summary_large_image","twitter_site":"@auren_spain","twitter_misc":{"Tiempo de lectura":"1 minuto"},"schema":{"@context":"https:\/\/schema.org","@graph":[{"@type":"WebPage","@id":"https:\/\/auren.com\/es\/noticias\/auren-redactara-el-plan-estrategico-de-turismo-de-mallorca\/","url":"https:\/\/auren.com\/es\/noticias\/auren-redactara-el-plan-estrategico-de-turismo-de-mallorca\/","name":"Auren redactar\u00e1 el plan estrat\u00e9gico de turismo de Mallorca - Auren Espa\u00f1a","isPartOf":{"@id":"https:\/\/auren.com\/es\/#website"},"primaryImageOfPage":{"@id":"https:\/\/auren.com\/es\/noticias\/auren-redactara-el-plan-estrategico-de-turismo-de-mallorca\/#primaryimage"},"image":{"@id":"https:\/\/auren.com\/es\/noticias\/auren-redactara-el-plan-estrategico-de-turismo-de-mallorca\/#primaryimage"},"thumbnailUrl":"https:\/\/auren.com\/es\/wp-content\/uploads\/2020\/01\/mallorca-foto.jpg","datePublished":"2020-01-23T11:28:31+00:00","breadcrumb":{"@id":"https:\/\/auren.com\/es\/noticias\/auren-redactara-el-plan-estrategico-de-turismo-de-mallorca\/#breadcrumb"},"inLanguage":"es","potentialAction":[{"@type":"ReadAction","target":["https:\/\/auren.com\/es\/noticias\/auren-redactara-el-plan-estrategico-de-turismo-de-mallorca\/"]}]},{"@type":"ImageObject","inLanguage":"es","@id":"https:\/\/auren.com\/es\/noticias\/auren-redactara-el-plan-estrategico-de-turismo-de-mallorca\/#primaryimage","url":"https:\/\/auren.com\/es\/wp-content\/uploads\/2020\/01\/mallorca-foto.jpg","contentUrl":"https:\/\/auren.com\/es\/wp-content\/uploads\/2020\/01\/mallorca-foto.jpg","width":1600,"height":900},{"@type":"BreadcrumbList","@id":"https:\/\/auren.com\/es\/noticias\/auren-redactara-el-plan-estrategico-de-turismo-de-mallorca\/#breadcrumb","itemListElement":[{"@type":"ListItem","position":1,"name":"Portada","item":"https:\/\/auren.com\/es\/"},{"@type":"ListItem","position":2,"name":"Auren redactar\u00e1 el plan estrat\u00e9gico de turismo de Mallorca"}]},{"@type":"WebSite","@id":"https:\/\/auren.com\/es\/#website","url":"https:\/\/auren.com\/es\/","name":"Auren","description":"","publisher":{"@id":"https:\/\/auren.com\/es\/#organization"},"alternateName":"Auren","potentialAction":[{"@type":"SearchAction","target":{"@type":"EntryPoint","urlTemplate":"https:\/\/auren.com\/es\/?s={search_term_string}"},"query-input":{"@type":"PropertyValueSpecification","valueRequired":true,"valueName":"search_term_string"}}],"inLanguage":"es"},{"@type":"Organization","@id":"https:\/\/auren.com\/es\/#organization","name":"Auren","alternateName":"Auren","url":"https:\/\/auren.com\/es\/","logo":{"@type":"ImageObject","inLanguage":"es","@id":"https:\/\/auren.com\/es\/#\/schema\/logo\/image\/","url":"https:\/\/auren.com\/es\/wp-content\/uploads\/2025\/01\/cropped-cropped-favicon-Auren.png","contentUrl":"https:\/\/auren.com\/es\/wp-content\/uploads\/2025\/01\/cropped-cropped-favicon-Auren.png","width":512,"height":512,"caption":"Auren"},"image":{"@id":"https:\/\/auren.com\/es\/#\/schema\/logo\/image\/"},"sameAs":["https:\/\/x.com\/auren_spain","https:\/\/www.linkedin.com\/company\/aurenspainserviciosprofesionales","https:\/\/www.youtube.com\/@AurenEsp","https:\/\/www.instagram.com\/auren_spain"]}]}},"_links":{"self":[{"href":"https:\/\/auren.com\/es\/wp-json\/wp\/v2\/new\/5227","targetHints":{"allow":["GET"]}}],"collection":[{"href":"https:\/\/auren.com\/es\/wp-json\/wp\/v2\/new"}],"about":[{"href":"https:\/\/auren.com\/es\/wp-json\/wp\/v2\/types\/new"}],"version-history":[{"count":0,"href":"https:\/\/auren.com\/es\/wp-json\/wp\/v2\/new\/5227\/revisions"}],"wp:featuredmedia":[{"embeddable":true,"href":"https:\/\/auren.com\/es\/wp-json\/wp\/v2\/media\/5228"}],"wp:attachment":[{"href":"https:\/\/auren.com\/es\/wp-json\/wp\/v2\/media?parent=5227"}],"wp:term":[{"taxonomy":"new-category","embeddable":true,"href":"https:\/\/auren.com\/es\/wp-json\/wp\/v2\/new-category?post=5227"}],"curies":[{"name":"wp","href":"https:\/\/api.w.org\/{rel}","templated":true}]}}

Auren redactará el plan estratégico de turismo de Mallorca

<figure></figure>
<p>Auren, será la encargada de redactar el Plan estratégico de turismo de Mallorca, que tiene como objetivo articular y gestionar, a través de la priorización de actuaciones, la planificación turística de la isla. De esta forma, la firma profesional será la encargada de elaborar y redactar el documento y proponer las líneas de actuación apuntadas en un proceso abierto de participación público-privada.</p>
<p>Antonio Viader, director del área de consultoría en Baleares, explicó que “se ha realizado un diagnóstico para establecer el punto de partida, con otros destinos de referencia y las principales claves aportadas en el proceso participativo por parte de empresas e instituciones públicas”.</p>
<p>Desde el inicio del proyecto, a finales de diciembre de 2019, se han realizado un total de siete sesiones en grupo y 10 sesiones individuales con estos principales agentes y colectivos, en las que se han abordado temas como conectividad, estacionalidad, mercados, ciudad de Palma, modelo turístico, perfil del visitante, imagen de destino, productos, atención al visitante, entre otros.</p>
<p>El Plan que redactará Auren será el primero de promoción diseñado e impulsado por el Consell de Mallorca, responsable de la competencia de promoción turística desde marzo de 2018, a través del Departamento de Turismo y Deportes y de la Fundación Mallorca Turismo.</p>
<p>Auren cuenta actualmente con cerca de 900 empleados en sus 15 oficinas de España y más 2.300 en todo el mundo, además de la cobertura global en más de 70 países que ofrece gracias a su pertenencia a Antea, la Alianza de Firmas Independientes que Auren impulsó en 2008.</p>
<p><!-- AddThis Advanced Settings generic via filter on the_content --><!-- AddThis Share Buttons generic via filter on the_content --></p>

<p>Auren,&nbsp;será la encargada de redactar el Plan estratégico de turismo de Mallorca, que tiene como objetivo articular y gestionar, a través de la priorización de actuaciones, la planificación turística de la isla. De esta forma, la firma profesional será la encargada de elaborar y redactar el documento y proponer las líneas de actuación apuntadas en un proceso abierto de participación público-privada.</p>

<!-- This site is optimized with the Yoast SEO plugin v27.4 - https://yoast.com/product/yoast-seo-wordpress/ -->
<title>Auren redactará el plan estratégico de turismo de Mallorca - Auren España</title>
<meta name="robots" content="index, follow, max-snippet:-1, max-image-preview:large, max-video-preview:-1" />
<link rel="canonical" href="https://auren.com/es/noticias/auren-redactara-el-plan-estrategico-de-turismo-de-mallorca/" />
<meta property="og:locale" content="es_ES" />
<meta property="og:type" content="article" />
<meta property="og:title" content="Auren redactará el plan estratégico de turismo de Mallorca - Auren España" />
<meta property="og:description" content="Auren,&nbsp;será la encargada de redactar el Plan estratégico de turismo de Mallorca, que tiene como objetivo articular y gestionar, a través de la priorización de actuaciones, la planificación turística de la isla. De esta forma, la firma profesional será la encargada de elaborar y redactar el documento y proponer las líneas de actuación apuntadas en un proceso abierto de participación público-privada." />
<meta property="og:url" content="https://auren.com/es/noticias/auren-redactara-el-plan-estrategico-de-turismo-de-mallorca/" />
<meta property="og:site_name" content="Auren" />
<meta property="og:image" content="https://auren.com/es/wp-content/uploads/2020/01/mallorca-foto.jpg" />
	<meta property="og:image:width" content="1600" />
	<meta property="og:image:height" content="900" />
	<meta property="og:image:type" content="image/jpeg" />
<meta name="twitter:card" content="summary_large_image" />
<meta name="twitter:site" content="@auren_spain" />
<meta name="twitter:label1" content="Tiempo de lectura" />
	<meta name="twitter:data1" content="1 minuto" />
<script type="application/ld+json" class="yoast-schema-graph">{"@context":"https:\/\/schema.org","@graph":[{"@type":"WebPage","@id":"https:\/\/auren.com\/es\/noticias\/auren-redactara-el-plan-estrategico-de-turismo-de-mallorca\/","url":"https:\/\/auren.com\/es\/noticias\/auren-redactara-el-plan-estrategico-de-turismo-de-mallorca\/","name":"Auren redactará el plan estratégico de turismo de Mallorca - Auren España","isPartOf":{"@id":"https:\/\/auren.com\/es\/#website"},"primaryImageOfPage":{"@id":"https:\/\/auren.com\/es\/noticias\/auren-redactara-el-plan-estrategico-de-turismo-de-mallorca\/#primaryimage"},"image":{"@id":"https:\/\/auren.com\/es\/noticias\/auren-redactara-el-plan-estrategico-de-turismo-de-mallorca\/#primaryimage"},"thumbnailUrl":"https:\/\/auren.com\/es\/wp-content\/uploads\/2020\/01\/mallorca-foto.jpg","datePublished":"2020-01-23T11:28:31+00:00","breadcrumb":{"@id":"https:\/\/auren.com\/es\/noticias\/auren-redactara-el-plan-estrategico-de-turismo-de-mallorca\/#breadcrumb"},"inLanguage":"es","potentialAction":[{"@type":"ReadAction","target":["https:\/\/auren.com\/es\/noticias\/auren-redactara-el-plan-estrategico-de-turismo-de-mallorca\/"]}]},{"@type":"ImageObject","inLanguage":"es","@id":"https:\/\/auren.com\/es\/noticias\/auren-redactara-el-plan-estrategico-de-turismo-de-mallorca\/#primaryimage","url":"https:\/\/auren.com\/es\/wp-content\/uploads\/2020\/01\/mallorca-foto.jpg","contentUrl":"https:\/\/auren.com\/es\/wp-content\/uploads\/2020\/01\/mallorca-foto.jpg","width":1600,"height":900},{"@type":"BreadcrumbList","@id":"https:\/\/auren.com\/es\/noticias\/auren-redactara-el-plan-estrategico-de-turismo-de-mallorca\/#breadcrumb","itemListElement":[{"@type":"ListItem","position":1,"name":"Portada","item":"https:\/\/auren.com\/es\/"},{"@type":"ListItem","position":2,"name":"Auren redactará el plan estratégico de turismo de Mallorca"}]},{"@type":"WebSite","@id":"https:\/\/auren.com\/es\/#website","url":"https:\/\/auren.com\/es\/","name":"Auren","description":"","publisher":{"@id":"https:\/\/auren.com\/es\/#organization"},"alternateName":"Auren","potentialAction":[{"@type":"SearchAction","target":{"@type":"EntryPoint","urlTemplate":"https:\/\/auren.com\/es\/?s={search_term_string}"},"query-input":{"@type":"PropertyValueSpecification","valueRequired":true,"valueName":"search_term_string"}}],"inLanguage":"es"},{"@type":"Organization","@id":"https:\/\/auren.com\/es\/#organization","name":"Auren","alternateName":"Auren","url":"https:\/\/auren.com\/es\/","logo":{"@type":"ImageObject","inLanguage":"es","@id":"https:\/\/auren.com\/es\/#\/schema\/logo\/image\/","url":"https:\/\/auren.com\/es\/wp-content\/uploads\/2025\/01\/cropped-cropped-favicon-Auren.png","contentUrl":"https:\/\/auren.com\/es\/wp-content\/uploads\/2025\/01\/cropped-cropped-favicon-Auren.png","width":512,"height":512,"caption":"Auren"},"image":{"@id":"https:\/\/auren.com\/es\/#\/schema\/logo\/image\/"},"sameAs":["https:\/\/x.com\/auren_spain","https:\/\/www.linkedin.com\/company\/aurenspainserviciosprofesionales","https:\/\/www.youtube.com\/@AurenEsp","https:\/\/www.instagram.com\/auren_spain"]}]}</script>
<!-- / Yoast SEO plugin. -->

Auren redactará el plan estratégico de turismo de Mallorca - Auren España

Auren,&nbsp;será la encargada de redactar el Plan estratégico de turismo de Mallorca, que tiene como objetivo articular y gestionar, a través de la priorización de actuaciones, la planificación turística de la isla. De esta forma, la firma profesional será la encargada de elaborar y redactar el documento y proponer las líneas de actuación apuntadas en un proceso abierto de participación público-privada.
