{"id":5233,"date":"2020-01-14T09:50:33","date_gmt":"2020-01-14T08:50:33","guid":{"rendered":"https:\/\/auren.com\/es\/new\/auren-defiende-la-pericial-de-ccs-en-el-juicio-del-cartel-de-camiones\/"},"modified":"2020-01-14T09:50:33","modified_gmt":"2020-01-14T08:50:33","slug":"auren-defiende-la-pericial-de-ccs-en-el-juicio-del-cartel-de-camiones","status":"publish","type":"new","link":"https:\/\/auren.com\/es\/noticias\/auren-defiende-la-pericial-de-ccs-en-el-juicio-del-cartel-de-camiones\/","title":{"rendered":"Auren defiende la pericial de CCS en el juicio del c\u00e1rtel de camiones"},"content":{"rendered":"<figure><\/figure>\n<p class=\"text-justify\">El pasado 30 de diciembre, el Juzgado de lo Mercantil n\u00ba3 de Valencia dict\u00f3 una sentencia condenatoria contra el c\u00e1rtel de camiones, que estima \u00edntegramente la demanda. La sentencia dictada es la primera en Espa\u00f1a y en Europa que valida un informe pericial de estas caracter\u00edsticas. El modelo de prueba pericial presentada permite cuantificar con gran precisi\u00f3n el da\u00f1o causado por el c\u00e1rtel de fabricantes de camiones a sus clientes. Auren forma parte del equipo de peritos y, Ana Jim\u00e9nez, socia responsable del \u00e1rea de Forensia de Auren, fue la perito encargada de defender la pericial en el juicio celebrado en dicho Juzgado. El procedimiento se enmarca en el macro proceso contra el c\u00e1rtel europeo de fabricantes de camiones de mas de 35.000 camiones y 4.000 demandas.<\/p>\n<p><!-- AddThis Advanced Settings generic via filter on the_content --><!-- AddThis Share Buttons generic via filter on the_content --><\/p>\n","protected":false},"excerpt":{"rendered":"<p>El pasado 30 de diciembre, el Juzgado de lo Mercantil n\u00ba3 de Valencia dict\u00f3 una sentencia condenatoria contra el c\u00e1rtel de camiones, que estima \u00edntegramente la demanda. La sentencia dictada es la primera en Espa\u00f1a y en Europa que valida un informe pericial de estas caracter\u00edsticas.<\/p>\n","protected":false},"featured_media":5234,"template":"","meta":{"_acf_changed":false,"footnotes":""},"new-category":[],"class_list":["post-5233","new","type-new","status-publish","has-post-thumbnail","hentry"],"acf":[],"yoast_head":"<!-- This site is optimized with the Yoast SEO plugin v27.4 - https:\/\/yoast.com\/product\/yoast-seo-wordpress\/ -->\n<title>Auren defiende la pericial de CCS en el juicio del c\u00e1rtel de camiones - Auren Espa\u00f1a<\/title>\n<meta name=\"robots\" content=\"index, follow, max-snippet:-1, max-image-preview:large, max-video-preview:-1\" \/>\n<link rel=\"canonical\" href=\"https:\/\/auren.com\/es\/noticias\/auren-defiende-la-pericial-de-ccs-en-el-juicio-del-cartel-de-camiones\/\" \/>\n<meta property=\"og:locale\" content=\"es_ES\" \/>\n<meta property=\"og:type\" content=\"article\" \/>\n<meta property=\"og:title\" content=\"Auren defiende la pericial de CCS en el juicio del c\u00e1rtel de camiones - Auren Espa\u00f1a\" \/>\n<meta property=\"og:description\" content=\"El pasado 30 de diciembre, el Juzgado de lo Mercantil n\u00ba3 de Valencia dict\u00f3 una sentencia condenatoria contra el c\u00e1rtel de camiones, que estima \u00edntegramente la demanda. La sentencia dictada es la primera en Espa\u00f1a y en Europa que valida un informe pericial de estas caracter\u00edsticas.\" \/>\n<meta property=\"og:url\" content=\"https:\/\/auren.com\/es\/noticias\/auren-defiende-la-pericial-de-ccs-en-el-juicio-del-cartel-de-camiones\/\" \/>\n<meta property=\"og:site_name\" content=\"Auren\" \/>\n<meta property=\"og:image\" content=\"https:\/\/auren.com\/es\/wp-content\/uploads\/2020\/01\/camiones-scaled-1.jpg\" \/>\n\t<meta property=\"og:image:width\" content=\"2560\" \/>\n\t<meta property=\"og:image:height\" content=\"1408\" \/>\n\t<meta property=\"og:image:type\" content=\"image\/jpeg\" \/>\n<meta name=\"twitter:card\" content=\"summary_large_image\" \/>\n<meta name=\"twitter:site\" content=\"@auren_spain\" \/>\n<meta name=\"twitter:label1\" content=\"Tiempo de lectura\" \/>\n\t<meta name=\"twitter:data1\" content=\"1 minuto\" \/>\n<script type=\"application\/ld+json\" class=\"yoast-schema-graph\">{\"@context\":\"https:\\\/\\\/schema.org\",\"@graph\":[{\"@type\":\"WebPage\",\"@id\":\"https:\\\/\\\/auren.com\\\/es\\\/noticias\\\/auren-defiende-la-pericial-de-ccs-en-el-juicio-del-cartel-de-camiones\\\/\",\"url\":\"https:\\\/\\\/auren.com\\\/es\\\/noticias\\\/auren-defiende-la-pericial-de-ccs-en-el-juicio-del-cartel-de-camiones\\\/\",\"name\":\"Auren defiende la pericial de CCS en el juicio del c\u00e1rtel de camiones - Auren Espa\u00f1a\",\"isPartOf\":{\"@id\":\"https:\\\/\\\/auren.com\\\/es\\\/#website\"},\"primaryImageOfPage\":{\"@id\":\"https:\\\/\\\/auren.com\\\/es\\\/noticias\\\/auren-defiende-la-pericial-de-ccs-en-el-juicio-del-cartel-de-camiones\\\/#primaryimage\"},\"image\":{\"@id\":\"https:\\\/\\\/auren.com\\\/es\\\/noticias\\\/auren-defiende-la-pericial-de-ccs-en-el-juicio-del-cartel-de-camiones\\\/#primaryimage\"},\"thumbnailUrl\":\"https:\\\/\\\/auren.com\\\/es\\\/wp-content\\\/uploads\\\/2020\\\/01\\\/camiones-scaled-1.jpg\",\"datePublished\":\"2020-01-14T08:50:33+00:00\",\"breadcrumb\":{\"@id\":\"https:\\\/\\\/auren.com\\\/es\\\/noticias\\\/auren-defiende-la-pericial-de-ccs-en-el-juicio-del-cartel-de-camiones\\\/#breadcrumb\"},\"inLanguage\":\"es\",\"potentialAction\":[{\"@type\":\"ReadAction\",\"target\":[\"https:\\\/\\\/auren.com\\\/es\\\/noticias\\\/auren-defiende-la-pericial-de-ccs-en-el-juicio-del-cartel-de-camiones\\\/\"]}]},{\"@type\":\"ImageObject\",\"inLanguage\":\"es\",\"@id\":\"https:\\\/\\\/auren.com\\\/es\\\/noticias\\\/auren-defiende-la-pericial-de-ccs-en-el-juicio-del-cartel-de-camiones\\\/#primaryimage\",\"url\":\"https:\\\/\\\/auren.com\\\/es\\\/wp-content\\\/uploads\\\/2020\\\/01\\\/camiones-scaled-1.jpg\",\"contentUrl\":\"https:\\\/\\\/auren.com\\\/es\\\/wp-content\\\/uploads\\\/2020\\\/01\\\/camiones-scaled-1.jpg\",\"width\":2560,\"height\":1408},{\"@type\":\"BreadcrumbList\",\"@id\":\"https:\\\/\\\/auren.com\\\/es\\\/noticias\\\/auren-defiende-la-pericial-de-ccs-en-el-juicio-del-cartel-de-camiones\\\/#breadcrumb\",\"itemListElement\":[{\"@type\":\"ListItem\",\"position\":1,\"name\":\"Portada\",\"item\":\"https:\\\/\\\/auren.com\\\/es\\\/\"},{\"@type\":\"ListItem\",\"position\":2,\"name\":\"Auren defiende la pericial de CCS en el juicio del c\u00e1rtel de camiones\"}]},{\"@type\":\"WebSite\",\"@id\":\"https:\\\/\\\/auren.com\\\/es\\\/#website\",\"url\":\"https:\\\/\\\/auren.com\\\/es\\\/\",\"name\":\"Auren\",\"description\":\"\",\"publisher\":{\"@id\":\"https:\\\/\\\/auren.com\\\/es\\\/#organization\"},\"alternateName\":\"Auren\",\"potentialAction\":[{\"@type\":\"SearchAction\",\"target\":{\"@type\":\"EntryPoint\",\"urlTemplate\":\"https:\\\/\\\/auren.com\\\/es\\\/?s={search_term_string}\"},\"query-input\":{\"@type\":\"PropertyValueSpecification\",\"valueRequired\":true,\"valueName\":\"search_term_string\"}}],\"inLanguage\":\"es\"},{\"@type\":\"Organization\",\"@id\":\"https:\\\/\\\/auren.com\\\/es\\\/#organization\",\"name\":\"Auren\",\"alternateName\":\"Auren\",\"url\":\"https:\\\/\\\/auren.com\\\/es\\\/\",\"logo\":{\"@type\":\"ImageObject\",\"inLanguage\":\"es\",\"@id\":\"https:\\\/\\\/auren.com\\\/es\\\/#\\\/schema\\\/logo\\\/image\\\/\",\"url\":\"https:\\\/\\\/auren.com\\\/es\\\/wp-content\\\/uploads\\\/2025\\\/01\\\/cropped-cropped-favicon-Auren.png\",\"contentUrl\":\"https:\\\/\\\/auren.com\\\/es\\\/wp-content\\\/uploads\\\/2025\\\/01\\\/cropped-cropped-favicon-Auren.png\",\"width\":512,\"height\":512,\"caption\":\"Auren\"},\"image\":{\"@id\":\"https:\\\/\\\/auren.com\\\/es\\\/#\\\/schema\\\/logo\\\/image\\\/\"},\"sameAs\":[\"https:\\\/\\\/x.com\\\/auren_spain\",\"https:\\\/\\\/www.linkedin.com\\\/company\\\/aurenspainserviciosprofesionales\",\"https:\\\/\\\/www.youtube.com\\\/@AurenEsp\",\"https:\\\/\\\/www.instagram.com\\\/auren_spain\"]}]}<\/script>\n<!-- \/ Yoast SEO plugin. -->","yoast_head_json":{"title":"Auren defiende la pericial de CCS en el juicio del c\u00e1rtel de camiones - Auren Espa\u00f1a","robots":{"index":"index","follow":"follow","max-snippet":"max-snippet:-1","max-image-preview":"max-image-preview:large","max-video-preview":"max-video-preview:-1"},"canonical":"https:\/\/auren.com\/es\/noticias\/auren-defiende-la-pericial-de-ccs-en-el-juicio-del-cartel-de-camiones\/","og_locale":"es_ES","og_type":"article","og_title":"Auren defiende la pericial de CCS en el juicio del c\u00e1rtel de camiones - Auren Espa\u00f1a","og_description":"El pasado 30 de diciembre, el Juzgado de lo Mercantil n\u00ba3 de Valencia dict\u00f3 una sentencia condenatoria contra el c\u00e1rtel de camiones, que estima \u00edntegramente la demanda. La sentencia dictada es la primera en Espa\u00f1a y en Europa que valida un informe pericial de estas caracter\u00edsticas.","og_url":"https:\/\/auren.com\/es\/noticias\/auren-defiende-la-pericial-de-ccs-en-el-juicio-del-cartel-de-camiones\/","og_site_name":"Auren","og_image":[{"width":2560,"height":1408,"url":"https:\/\/auren.com\/es\/wp-content\/uploads\/2020\/01\/camiones-scaled-1.jpg","type":"image\/jpeg"}],"twitter_card":"summary_large_image","twitter_site":"@auren_spain","twitter_misc":{"Tiempo de lectura":"1 minuto"},"schema":{"@context":"https:\/\/schema.org","@graph":[{"@type":"WebPage","@id":"https:\/\/auren.com\/es\/noticias\/auren-defiende-la-pericial-de-ccs-en-el-juicio-del-cartel-de-camiones\/","url":"https:\/\/auren.com\/es\/noticias\/auren-defiende-la-pericial-de-ccs-en-el-juicio-del-cartel-de-camiones\/","name":"Auren defiende la pericial de CCS en el juicio del c\u00e1rtel de camiones - Auren Espa\u00f1a","isPartOf":{"@id":"https:\/\/auren.com\/es\/#website"},"primaryImageOfPage":{"@id":"https:\/\/auren.com\/es\/noticias\/auren-defiende-la-pericial-de-ccs-en-el-juicio-del-cartel-de-camiones\/#primaryimage"},"image":{"@id":"https:\/\/auren.com\/es\/noticias\/auren-defiende-la-pericial-de-ccs-en-el-juicio-del-cartel-de-camiones\/#primaryimage"},"thumbnailUrl":"https:\/\/auren.com\/es\/wp-content\/uploads\/2020\/01\/camiones-scaled-1.jpg","datePublished":"2020-01-14T08:50:33+00:00","breadcrumb":{"@id":"https:\/\/auren.com\/es\/noticias\/auren-defiende-la-pericial-de-ccs-en-el-juicio-del-cartel-de-camiones\/#breadcrumb"},"inLanguage":"es","potentialAction":[{"@type":"ReadAction","target":["https:\/\/auren.com\/es\/noticias\/auren-defiende-la-pericial-de-ccs-en-el-juicio-del-cartel-de-camiones\/"]}]},{"@type":"ImageObject","inLanguage":"es","@id":"https:\/\/auren.com\/es\/noticias\/auren-defiende-la-pericial-de-ccs-en-el-juicio-del-cartel-de-camiones\/#primaryimage","url":"https:\/\/auren.com\/es\/wp-content\/uploads\/2020\/01\/camiones-scaled-1.jpg","contentUrl":"https:\/\/auren.com\/es\/wp-content\/uploads\/2020\/01\/camiones-scaled-1.jpg","width":2560,"height":1408},{"@type":"BreadcrumbList","@id":"https:\/\/auren.com\/es\/noticias\/auren-defiende-la-pericial-de-ccs-en-el-juicio-del-cartel-de-camiones\/#breadcrumb","itemListElement":[{"@type":"ListItem","position":1,"name":"Portada","item":"https:\/\/auren.com\/es\/"},{"@type":"ListItem","position":2,"name":"Auren defiende la pericial de CCS en el juicio del c\u00e1rtel de camiones"}]},{"@type":"WebSite","@id":"https:\/\/auren.com\/es\/#website","url":"https:\/\/auren.com\/es\/","name":"Auren","description":"","publisher":{"@id":"https:\/\/auren.com\/es\/#organization"},"alternateName":"Auren","potentialAction":[{"@type":"SearchAction","target":{"@type":"EntryPoint","urlTemplate":"https:\/\/auren.com\/es\/?s={search_term_string}"},"query-input":{"@type":"PropertyValueSpecification","valueRequired":true,"valueName":"search_term_string"}}],"inLanguage":"es"},{"@type":"Organization","@id":"https:\/\/auren.com\/es\/#organization","name":"Auren","alternateName":"Auren","url":"https:\/\/auren.com\/es\/","logo":{"@type":"ImageObject","inLanguage":"es","@id":"https:\/\/auren.com\/es\/#\/schema\/logo\/image\/","url":"https:\/\/auren.com\/es\/wp-content\/uploads\/2025\/01\/cropped-cropped-favicon-Auren.png","contentUrl":"https:\/\/auren.com\/es\/wp-content\/uploads\/2025\/01\/cropped-cropped-favicon-Auren.png","width":512,"height":512,"caption":"Auren"},"image":{"@id":"https:\/\/auren.com\/es\/#\/schema\/logo\/image\/"},"sameAs":["https:\/\/x.com\/auren_spain","https:\/\/www.linkedin.com\/company\/aurenspainserviciosprofesionales","https:\/\/www.youtube.com\/@AurenEsp","https:\/\/www.instagram.com\/auren_spain"]}]}},"_links":{"self":[{"href":"https:\/\/auren.com\/es\/wp-json\/wp\/v2\/new\/5233","targetHints":{"allow":["GET"]}}],"collection":[{"href":"https:\/\/auren.com\/es\/wp-json\/wp\/v2\/new"}],"about":[{"href":"https:\/\/auren.com\/es\/wp-json\/wp\/v2\/types\/new"}],"version-history":[{"count":0,"href":"https:\/\/auren.com\/es\/wp-json\/wp\/v2\/new\/5233\/revisions"}],"wp:featuredmedia":[{"embeddable":true,"href":"https:\/\/auren.com\/es\/wp-json\/wp\/v2\/media\/5234"}],"wp:attachment":[{"href":"https:\/\/auren.com\/es\/wp-json\/wp\/v2\/media?parent=5233"}],"wp:term":[{"taxonomy":"new-category","embeddable":true,"href":"https:\/\/auren.com\/es\/wp-json\/wp\/v2\/new-category?post=5233"}],"curies":[{"name":"wp","href":"https:\/\/api.w.org\/{rel}","templated":true}]}}

Auren defiende la pericial de CCS en el juicio del cártel de camiones

<figure></figure>
<p class="text-justify">El pasado 30 de diciembre, el Juzgado de lo Mercantil nº3 de Valencia dictó una sentencia condenatoria contra el cártel de camiones, que estima íntegramente la demanda. La sentencia dictada es la primera en España y en Europa que valida un informe pericial de estas características. El modelo de prueba pericial presentada permite cuantificar con gran precisión el daño causado por el cártel de fabricantes de camiones a sus clientes. Auren forma parte del equipo de peritos y, Ana Jiménez, socia responsable del área de Forensia de Auren, fue la perito encargada de defender la pericial en el juicio celebrado en dicho Juzgado. El procedimiento se enmarca en el macro proceso contra el cártel europeo de fabricantes de camiones de mas de 35.000 camiones y 4.000 demandas.</p>
<p><!-- AddThis Advanced Settings generic via filter on the_content --><!-- AddThis Share Buttons generic via filter on the_content --></p>

<p>El pasado 30 de diciembre, el Juzgado de lo Mercantil nº3 de Valencia dictó una sentencia condenatoria contra el cártel de camiones, que estima íntegramente la demanda. La sentencia dictada es la primera en España y en Europa que valida un informe pericial de estas características.</p>

<!-- This site is optimized with the Yoast SEO plugin v27.4 - https://yoast.com/product/yoast-seo-wordpress/ -->
<title>Auren defiende la pericial de CCS en el juicio del cártel de camiones - Auren España</title>
<meta name="robots" content="index, follow, max-snippet:-1, max-image-preview:large, max-video-preview:-1" />
<link rel="canonical" href="https://auren.com/es/noticias/auren-defiende-la-pericial-de-ccs-en-el-juicio-del-cartel-de-camiones/" />
<meta property="og:locale" content="es_ES" />
<meta property="og:type" content="article" />
<meta property="og:title" content="Auren defiende la pericial de CCS en el juicio del cártel de camiones - Auren España" />
<meta property="og:description" content="El pasado 30 de diciembre, el Juzgado de lo Mercantil nº3 de Valencia dictó una sentencia condenatoria contra el cártel de camiones, que estima íntegramente la demanda. La sentencia dictada es la primera en España y en Europa que valida un informe pericial de estas características." />
<meta property="og:url" content="https://auren.com/es/noticias/auren-defiende-la-pericial-de-ccs-en-el-juicio-del-cartel-de-camiones/" />
<meta property="og:site_name" content="Auren" />
<meta property="og:image" content="https://auren.com/es/wp-content/uploads/2020/01/camiones-scaled-1.jpg" />
	<meta property="og:image:width" content="2560" />
	<meta property="og:image:height" content="1408" />
	<meta property="og:image:type" content="image/jpeg" />
<meta name="twitter:card" content="summary_large_image" />
<meta name="twitter:site" content="@auren_spain" />
<meta name="twitter:label1" content="Tiempo de lectura" />
	<meta name="twitter:data1" content="1 minuto" />
<script type="application/ld+json" class="yoast-schema-graph">{"@context":"https:\/\/schema.org","@graph":[{"@type":"WebPage","@id":"https:\/\/auren.com\/es\/noticias\/auren-defiende-la-pericial-de-ccs-en-el-juicio-del-cartel-de-camiones\/","url":"https:\/\/auren.com\/es\/noticias\/auren-defiende-la-pericial-de-ccs-en-el-juicio-del-cartel-de-camiones\/","name":"Auren defiende la pericial de CCS en el juicio del cártel de camiones - Auren España","isPartOf":{"@id":"https:\/\/auren.com\/es\/#website"},"primaryImageOfPage":{"@id":"https:\/\/auren.com\/es\/noticias\/auren-defiende-la-pericial-de-ccs-en-el-juicio-del-cartel-de-camiones\/#primaryimage"},"image":{"@id":"https:\/\/auren.com\/es\/noticias\/auren-defiende-la-pericial-de-ccs-en-el-juicio-del-cartel-de-camiones\/#primaryimage"},"thumbnailUrl":"https:\/\/auren.com\/es\/wp-content\/uploads\/2020\/01\/camiones-scaled-1.jpg","datePublished":"2020-01-14T08:50:33+00:00","breadcrumb":{"@id":"https:\/\/auren.com\/es\/noticias\/auren-defiende-la-pericial-de-ccs-en-el-juicio-del-cartel-de-camiones\/#breadcrumb"},"inLanguage":"es","potentialAction":[{"@type":"ReadAction","target":["https:\/\/auren.com\/es\/noticias\/auren-defiende-la-pericial-de-ccs-en-el-juicio-del-cartel-de-camiones\/"]}]},{"@type":"ImageObject","inLanguage":"es","@id":"https:\/\/auren.com\/es\/noticias\/auren-defiende-la-pericial-de-ccs-en-el-juicio-del-cartel-de-camiones\/#primaryimage","url":"https:\/\/auren.com\/es\/wp-content\/uploads\/2020\/01\/camiones-scaled-1.jpg","contentUrl":"https:\/\/auren.com\/es\/wp-content\/uploads\/2020\/01\/camiones-scaled-1.jpg","width":2560,"height":1408},{"@type":"BreadcrumbList","@id":"https:\/\/auren.com\/es\/noticias\/auren-defiende-la-pericial-de-ccs-en-el-juicio-del-cartel-de-camiones\/#breadcrumb","itemListElement":[{"@type":"ListItem","position":1,"name":"Portada","item":"https:\/\/auren.com\/es\/"},{"@type":"ListItem","position":2,"name":"Auren defiende la pericial de CCS en el juicio del cártel de camiones"}]},{"@type":"WebSite","@id":"https:\/\/auren.com\/es\/#website","url":"https:\/\/auren.com\/es\/","name":"Auren","description":"","publisher":{"@id":"https:\/\/auren.com\/es\/#organization"},"alternateName":"Auren","potentialAction":[{"@type":"SearchAction","target":{"@type":"EntryPoint","urlTemplate":"https:\/\/auren.com\/es\/?s={search_term_string}"},"query-input":{"@type":"PropertyValueSpecification","valueRequired":true,"valueName":"search_term_string"}}],"inLanguage":"es"},{"@type":"Organization","@id":"https:\/\/auren.com\/es\/#organization","name":"Auren","alternateName":"Auren","url":"https:\/\/auren.com\/es\/","logo":{"@type":"ImageObject","inLanguage":"es","@id":"https:\/\/auren.com\/es\/#\/schema\/logo\/image\/","url":"https:\/\/auren.com\/es\/wp-content\/uploads\/2025\/01\/cropped-cropped-favicon-Auren.png","contentUrl":"https:\/\/auren.com\/es\/wp-content\/uploads\/2025\/01\/cropped-cropped-favicon-Auren.png","width":512,"height":512,"caption":"Auren"},"image":{"@id":"https:\/\/auren.com\/es\/#\/schema\/logo\/image\/"},"sameAs":["https:\/\/x.com\/auren_spain","https:\/\/www.linkedin.com\/company\/aurenspainserviciosprofesionales","https:\/\/www.youtube.com\/@AurenEsp","https:\/\/www.instagram.com\/auren_spain"]}]}</script>
<!-- / Yoast SEO plugin. -->

Auren defiende la pericial de CCS en el juicio del cártel de camiones - Auren España

El pasado 30 de diciembre, el Juzgado de lo Mercantil nº3 de Valencia dictó una sentencia condenatoria contra el cártel de camiones, que estima íntegramente la demanda. La sentencia dictada es la primera en España y en Europa que valida un informe pericial de estas características.
