{"id":5257,"date":"2019-11-19T11:58:18","date_gmt":"2019-11-19T10:58:18","guid":{"rendered":"https:\/\/auren.com\/es\/new\/daniel-aroca-nuevo-socio-del-area-fiscal-de-auren-abogados\/"},"modified":"2019-11-19T11:58:18","modified_gmt":"2019-11-19T10:58:18","slug":"daniel-aroca-nuevo-socio-del-area-fiscal-de-auren-abogados","status":"publish","type":"new","link":"https:\/\/auren.com\/es\/noticias\/daniel-aroca-nuevo-socio-del-area-fiscal-de-auren-abogados\/","title":{"rendered":"Daniel Aroca, nuevo socio del \u00e1rea fiscal de Auren Abogados"},"content":{"rendered":"<figure><img decoding=\"async\" data-src=\"https:\/\/d33c2a5xmvj7uh.cloudfront.net\/images\/originals\/foto-daniel-aroca-horizontal.jpg?v=1574164504\" data-image=\"9995582\" style=\"--smush-placeholder-width: 518px; --smush-placeholder-aspect-ratio: 518\/277;width: 518px; height: 277.781px;\" width=\"518\" height=\"277.781\" src=\"data:image\/svg+xml;base64,PHN2ZyB3aWR0aD0iMSIgaGVpZ2h0PSIxIiB4bWxucz0iaHR0cDovL3d3dy53My5vcmcvMjAwMC9zdmciPjwvc3ZnPg==\" class=\"lazyload\"><\/figure>\n<p>Auren&nbsp;ha incorporado a Daniel Aroca como nuevo socio para reforzar el \u00e1rea fiscal de la divisi\u00f3n de Auren Abogados.<\/p>\n<p>Daniel Aroca ha desarrollado gran parte de su carrera profesional en el \u00e1rea fiscal de Cuatrecasas. Tambi\u00e9n fue director de la divisi\u00f3n fiscal en BDO Barcelona y miembro del Grupo de Fiscalidad de Patrimonios Internacionales Privados, representando a BDO Espa\u00f1a en Europa. En los \u00faltimos a\u00f1os lleg\u00f3 a fundar su propio despacho, Dheis Abogados, en Barcelona.     <\/p>\n<p>M\u00e1ster en Derecho de Empresa por la Universidad Pompeu Fabra, doctorando en Derecho Tributario por la Universidad de Barcelona y Postgrado en IESE, Aroca desarrollar\u00e1 en Auren proyectos ligados al \u00e1rea de Tributaci\u00f3n de Empresas y, en particular, al asesoramiento en el dise\u00f1o de estrategias en materia de fiscalidad internacional, en donde cuenta con una amplia experiencia. Tambi\u00e9n es experto en procesos de inversi\u00f3n y reorganizaciones societarias y en el asesoramiento a la mediana y peque\u00f1a empresa.   <\/p>\n<p>De esta manera, la firma refuerza sus servicios de asesoramiento fiscal, en consonancia con las demandas del mercado y de los clientes y en una s\u00f3lida apuesta por impulsar el crecimiento de Auren en esta pr\u00e1ctica. \u201cEsta incorporaci\u00f3n nos permite reforzar el \u00e1rea de asesoramiento fiscal internacional, que est\u00e1 experimentando un gran crecimiento, gracias a nuestra posici\u00f3n en el mercado global\u201d, afirm\u00f3 Mario Alonso, presidente de Auren. <\/p>\n<p><!-- AddThis Advanced Settings generic via filter on the_content --><!-- AddThis Share Buttons generic via filter on the_content --><\/p>\n","protected":false},"excerpt":{"rendered":"<p>&nbsp;Auren&nbsp;ha incorporado a Daniel Aroca como nuevo socio para reforzar el \u00e1rea fiscal de la divisi\u00f3n de Auren Abogados.&nbsp;<\/p>\n","protected":false},"featured_media":5258,"template":"","meta":{"_acf_changed":false,"footnotes":""},"new-category":[],"class_list":["post-5257","new","type-new","status-publish","has-post-thumbnail","hentry"],"acf":[],"yoast_head":"<!-- This site is optimized with the Yoast SEO plugin v27.4 - https:\/\/yoast.com\/product\/yoast-seo-wordpress\/ -->\n<title>Daniel Aroca, nuevo socio del \u00e1rea fiscal de Auren Abogados - Auren Espa\u00f1a<\/title>\n<meta name=\"robots\" content=\"index, follow, max-snippet:-1, max-image-preview:large, max-video-preview:-1\" \/>\n<link rel=\"canonical\" href=\"https:\/\/auren.com\/es\/noticias\/daniel-aroca-nuevo-socio-del-area-fiscal-de-auren-abogados\/\" \/>\n<meta property=\"og:locale\" content=\"es_ES\" \/>\n<meta property=\"og:type\" content=\"article\" \/>\n<meta property=\"og:title\" content=\"Daniel Aroca, nuevo socio del \u00e1rea fiscal de Auren Abogados - Auren Espa\u00f1a\" \/>\n<meta property=\"og:description\" content=\"&nbsp;Auren&nbsp;ha incorporado a Daniel Aroca como nuevo socio para reforzar el \u00e1rea fiscal de la divisi\u00f3n de Auren Abogados.&nbsp;\" \/>\n<meta property=\"og:url\" content=\"https:\/\/auren.com\/es\/noticias\/daniel-aroca-nuevo-socio-del-area-fiscal-de-auren-abogados\/\" \/>\n<meta property=\"og:site_name\" content=\"Auren\" \/>\n<meta property=\"og:image\" content=\"https:\/\/auren.com\/es\/wp-content\/uploads\/2019\/11\/foto-daniel-aroca-horizontal-scaled-1.jpg\" \/>\n\t<meta property=\"og:image:width\" content=\"2560\" \/>\n\t<meta property=\"og:image:height\" content=\"1374\" \/>\n\t<meta property=\"og:image:type\" content=\"image\/jpeg\" \/>\n<meta name=\"twitter:card\" content=\"summary_large_image\" \/>\n<meta name=\"twitter:site\" content=\"@auren_spain\" \/>\n<meta name=\"twitter:label1\" content=\"Tiempo de lectura\" \/>\n\t<meta name=\"twitter:data1\" content=\"1 minuto\" \/>\n<script type=\"application\/ld+json\" class=\"yoast-schema-graph\">{\"@context\":\"https:\\\/\\\/schema.org\",\"@graph\":[{\"@type\":\"WebPage\",\"@id\":\"https:\\\/\\\/auren.com\\\/es\\\/noticias\\\/daniel-aroca-nuevo-socio-del-area-fiscal-de-auren-abogados\\\/\",\"url\":\"https:\\\/\\\/auren.com\\\/es\\\/noticias\\\/daniel-aroca-nuevo-socio-del-area-fiscal-de-auren-abogados\\\/\",\"name\":\"Daniel Aroca, nuevo socio del \u00e1rea fiscal de Auren Abogados - Auren Espa\u00f1a\",\"isPartOf\":{\"@id\":\"https:\\\/\\\/auren.com\\\/es\\\/#website\"},\"primaryImageOfPage\":{\"@id\":\"https:\\\/\\\/auren.com\\\/es\\\/noticias\\\/daniel-aroca-nuevo-socio-del-area-fiscal-de-auren-abogados\\\/#primaryimage\"},\"image\":{\"@id\":\"https:\\\/\\\/auren.com\\\/es\\\/noticias\\\/daniel-aroca-nuevo-socio-del-area-fiscal-de-auren-abogados\\\/#primaryimage\"},\"thumbnailUrl\":\"https:\\\/\\\/auren.com\\\/es\\\/wp-content\\\/uploads\\\/2019\\\/11\\\/foto-daniel-aroca-horizontal-scaled-1.jpg\",\"datePublished\":\"2019-11-19T10:58:18+00:00\",\"breadcrumb\":{\"@id\":\"https:\\\/\\\/auren.com\\\/es\\\/noticias\\\/daniel-aroca-nuevo-socio-del-area-fiscal-de-auren-abogados\\\/#breadcrumb\"},\"inLanguage\":\"es\",\"potentialAction\":[{\"@type\":\"ReadAction\",\"target\":[\"https:\\\/\\\/auren.com\\\/es\\\/noticias\\\/daniel-aroca-nuevo-socio-del-area-fiscal-de-auren-abogados\\\/\"]}]},{\"@type\":\"ImageObject\",\"inLanguage\":\"es\",\"@id\":\"https:\\\/\\\/auren.com\\\/es\\\/noticias\\\/daniel-aroca-nuevo-socio-del-area-fiscal-de-auren-abogados\\\/#primaryimage\",\"url\":\"https:\\\/\\\/auren.com\\\/es\\\/wp-content\\\/uploads\\\/2019\\\/11\\\/foto-daniel-aroca-horizontal-scaled-1.jpg\",\"contentUrl\":\"https:\\\/\\\/auren.com\\\/es\\\/wp-content\\\/uploads\\\/2019\\\/11\\\/foto-daniel-aroca-horizontal-scaled-1.jpg\",\"width\":2560,\"height\":1374},{\"@type\":\"BreadcrumbList\",\"@id\":\"https:\\\/\\\/auren.com\\\/es\\\/noticias\\\/daniel-aroca-nuevo-socio-del-area-fiscal-de-auren-abogados\\\/#breadcrumb\",\"itemListElement\":[{\"@type\":\"ListItem\",\"position\":1,\"name\":\"Portada\",\"item\":\"https:\\\/\\\/auren.com\\\/es\\\/\"},{\"@type\":\"ListItem\",\"position\":2,\"name\":\"Daniel Aroca, nuevo socio del \u00e1rea fiscal de Auren Abogados\"}]},{\"@type\":\"WebSite\",\"@id\":\"https:\\\/\\\/auren.com\\\/es\\\/#website\",\"url\":\"https:\\\/\\\/auren.com\\\/es\\\/\",\"name\":\"Auren\",\"description\":\"\",\"publisher\":{\"@id\":\"https:\\\/\\\/auren.com\\\/es\\\/#organization\"},\"alternateName\":\"Auren\",\"potentialAction\":[{\"@type\":\"SearchAction\",\"target\":{\"@type\":\"EntryPoint\",\"urlTemplate\":\"https:\\\/\\\/auren.com\\\/es\\\/?s={search_term_string}\"},\"query-input\":{\"@type\":\"PropertyValueSpecification\",\"valueRequired\":true,\"valueName\":\"search_term_string\"}}],\"inLanguage\":\"es\"},{\"@type\":\"Organization\",\"@id\":\"https:\\\/\\\/auren.com\\\/es\\\/#organization\",\"name\":\"Auren\",\"alternateName\":\"Auren\",\"url\":\"https:\\\/\\\/auren.com\\\/es\\\/\",\"logo\":{\"@type\":\"ImageObject\",\"inLanguage\":\"es\",\"@id\":\"https:\\\/\\\/auren.com\\\/es\\\/#\\\/schema\\\/logo\\\/image\\\/\",\"url\":\"https:\\\/\\\/auren.com\\\/es\\\/wp-content\\\/uploads\\\/2025\\\/01\\\/cropped-cropped-favicon-Auren.png\",\"contentUrl\":\"https:\\\/\\\/auren.com\\\/es\\\/wp-content\\\/uploads\\\/2025\\\/01\\\/cropped-cropped-favicon-Auren.png\",\"width\":512,\"height\":512,\"caption\":\"Auren\"},\"image\":{\"@id\":\"https:\\\/\\\/auren.com\\\/es\\\/#\\\/schema\\\/logo\\\/image\\\/\"},\"sameAs\":[\"https:\\\/\\\/x.com\\\/auren_spain\",\"https:\\\/\\\/www.linkedin.com\\\/company\\\/aurenspainserviciosprofesionales\",\"https:\\\/\\\/www.youtube.com\\\/@AurenEsp\",\"https:\\\/\\\/www.instagram.com\\\/auren_spain\"]}]}<\/script>\n<!-- \/ Yoast SEO plugin. -->","yoast_head_json":{"title":"Daniel Aroca, nuevo socio del \u00e1rea fiscal de Auren Abogados - Auren Espa\u00f1a","robots":{"index":"index","follow":"follow","max-snippet":"max-snippet:-1","max-image-preview":"max-image-preview:large","max-video-preview":"max-video-preview:-1"},"canonical":"https:\/\/auren.com\/es\/noticias\/daniel-aroca-nuevo-socio-del-area-fiscal-de-auren-abogados\/","og_locale":"es_ES","og_type":"article","og_title":"Daniel Aroca, nuevo socio del \u00e1rea fiscal de Auren Abogados - Auren Espa\u00f1a","og_description":"&nbsp;Auren&nbsp;ha incorporado a Daniel Aroca como nuevo socio para reforzar el \u00e1rea fiscal de la divisi\u00f3n de Auren Abogados.&nbsp;","og_url":"https:\/\/auren.com\/es\/noticias\/daniel-aroca-nuevo-socio-del-area-fiscal-de-auren-abogados\/","og_site_name":"Auren","og_image":[{"width":2560,"height":1374,"url":"https:\/\/auren.com\/es\/wp-content\/uploads\/2019\/11\/foto-daniel-aroca-horizontal-scaled-1.jpg","type":"image\/jpeg"}],"twitter_card":"summary_large_image","twitter_site":"@auren_spain","twitter_misc":{"Tiempo de lectura":"1 minuto"},"schema":{"@context":"https:\/\/schema.org","@graph":[{"@type":"WebPage","@id":"https:\/\/auren.com\/es\/noticias\/daniel-aroca-nuevo-socio-del-area-fiscal-de-auren-abogados\/","url":"https:\/\/auren.com\/es\/noticias\/daniel-aroca-nuevo-socio-del-area-fiscal-de-auren-abogados\/","name":"Daniel Aroca, nuevo socio del \u00e1rea fiscal de Auren Abogados - Auren Espa\u00f1a","isPartOf":{"@id":"https:\/\/auren.com\/es\/#website"},"primaryImageOfPage":{"@id":"https:\/\/auren.com\/es\/noticias\/daniel-aroca-nuevo-socio-del-area-fiscal-de-auren-abogados\/#primaryimage"},"image":{"@id":"https:\/\/auren.com\/es\/noticias\/daniel-aroca-nuevo-socio-del-area-fiscal-de-auren-abogados\/#primaryimage"},"thumbnailUrl":"https:\/\/auren.com\/es\/wp-content\/uploads\/2019\/11\/foto-daniel-aroca-horizontal-scaled-1.jpg","datePublished":"2019-11-19T10:58:18+00:00","breadcrumb":{"@id":"https:\/\/auren.com\/es\/noticias\/daniel-aroca-nuevo-socio-del-area-fiscal-de-auren-abogados\/#breadcrumb"},"inLanguage":"es","potentialAction":[{"@type":"ReadAction","target":["https:\/\/auren.com\/es\/noticias\/daniel-aroca-nuevo-socio-del-area-fiscal-de-auren-abogados\/"]}]},{"@type":"ImageObject","inLanguage":"es","@id":"https:\/\/auren.com\/es\/noticias\/daniel-aroca-nuevo-socio-del-area-fiscal-de-auren-abogados\/#primaryimage","url":"https:\/\/auren.com\/es\/wp-content\/uploads\/2019\/11\/foto-daniel-aroca-horizontal-scaled-1.jpg","contentUrl":"https:\/\/auren.com\/es\/wp-content\/uploads\/2019\/11\/foto-daniel-aroca-horizontal-scaled-1.jpg","width":2560,"height":1374},{"@type":"BreadcrumbList","@id":"https:\/\/auren.com\/es\/noticias\/daniel-aroca-nuevo-socio-del-area-fiscal-de-auren-abogados\/#breadcrumb","itemListElement":[{"@type":"ListItem","position":1,"name":"Portada","item":"https:\/\/auren.com\/es\/"},{"@type":"ListItem","position":2,"name":"Daniel Aroca, nuevo socio del \u00e1rea fiscal de Auren Abogados"}]},{"@type":"WebSite","@id":"https:\/\/auren.com\/es\/#website","url":"https:\/\/auren.com\/es\/","name":"Auren","description":"","publisher":{"@id":"https:\/\/auren.com\/es\/#organization"},"alternateName":"Auren","potentialAction":[{"@type":"SearchAction","target":{"@type":"EntryPoint","urlTemplate":"https:\/\/auren.com\/es\/?s={search_term_string}"},"query-input":{"@type":"PropertyValueSpecification","valueRequired":true,"valueName":"search_term_string"}}],"inLanguage":"es"},{"@type":"Organization","@id":"https:\/\/auren.com\/es\/#organization","name":"Auren","alternateName":"Auren","url":"https:\/\/auren.com\/es\/","logo":{"@type":"ImageObject","inLanguage":"es","@id":"https:\/\/auren.com\/es\/#\/schema\/logo\/image\/","url":"https:\/\/auren.com\/es\/wp-content\/uploads\/2025\/01\/cropped-cropped-favicon-Auren.png","contentUrl":"https:\/\/auren.com\/es\/wp-content\/uploads\/2025\/01\/cropped-cropped-favicon-Auren.png","width":512,"height":512,"caption":"Auren"},"image":{"@id":"https:\/\/auren.com\/es\/#\/schema\/logo\/image\/"},"sameAs":["https:\/\/x.com\/auren_spain","https:\/\/www.linkedin.com\/company\/aurenspainserviciosprofesionales","https:\/\/www.youtube.com\/@AurenEsp","https:\/\/www.instagram.com\/auren_spain"]}]}},"_links":{"self":[{"href":"https:\/\/auren.com\/es\/wp-json\/wp\/v2\/new\/5257","targetHints":{"allow":["GET"]}}],"collection":[{"href":"https:\/\/auren.com\/es\/wp-json\/wp\/v2\/new"}],"about":[{"href":"https:\/\/auren.com\/es\/wp-json\/wp\/v2\/types\/new"}],"version-history":[{"count":0,"href":"https:\/\/auren.com\/es\/wp-json\/wp\/v2\/new\/5257\/revisions"}],"wp:featuredmedia":[{"embeddable":true,"href":"https:\/\/auren.com\/es\/wp-json\/wp\/v2\/media\/5258"}],"wp:attachment":[{"href":"https:\/\/auren.com\/es\/wp-json\/wp\/v2\/media?parent=5257"}],"wp:term":[{"taxonomy":"new-category","embeddable":true,"href":"https:\/\/auren.com\/es\/wp-json\/wp\/v2\/new-category?post=5257"}],"curies":[{"name":"wp","href":"https:\/\/api.w.org\/{rel}","templated":true}]}}

Daniel Aroca, nuevo socio del área fiscal de Auren Abogados

<figure><img decoding="async" data-src="https://d33c2a5xmvj7uh.cloudfront.net/images/originals/foto-daniel-aroca-horizontal.jpg?v=1574164504" data-image="9995582" style="--smush-placeholder-width: 518px; --smush-placeholder-aspect-ratio: 518/277;width: 518px; height: 277.781px;" width="518" height="277.781" src="data:image/svg+xml;base64,PHN2ZyB3aWR0aD0iMSIgaGVpZ2h0PSIxIiB4bWxucz0iaHR0cDovL3d3dy53My5vcmcvMjAwMC9zdmciPjwvc3ZnPg==" class="lazyload"></figure>
<p>Auren&nbsp;ha incorporado a Daniel Aroca como nuevo socio para reforzar el área fiscal de la división de Auren Abogados.</p>
<p>Daniel Aroca ha desarrollado gran parte de su carrera profesional en el área fiscal de Cuatrecasas. También fue director de la división fiscal en BDO Barcelona y miembro del Grupo de Fiscalidad de Patrimonios Internacionales Privados, representando a BDO España en Europa. En los últimos años llegó a fundar su propio despacho, Dheis Abogados, en Barcelona.     </p>
<p>Máster en Derecho de Empresa por la Universidad Pompeu Fabra, doctorando en Derecho Tributario por la Universidad de Barcelona y Postgrado en IESE, Aroca desarrollará en Auren proyectos ligados al área de Tributación de Empresas y, en particular, al asesoramiento en el diseño de estrategias en materia de fiscalidad internacional, en donde cuenta con una amplia experiencia. También es experto en procesos de inversión y reorganizaciones societarias y en el asesoramiento a la mediana y pequeña empresa.   </p>
<p>De esta manera, la firma refuerza sus servicios de asesoramiento fiscal, en consonancia con las demandas del mercado y de los clientes y en una sólida apuesta por impulsar el crecimiento de Auren en esta práctica. “Esta incorporación nos permite reforzar el área de asesoramiento fiscal internacional, que está experimentando un gran crecimiento, gracias a nuestra posición en el mercado global”, afirmó Mario Alonso, presidente de Auren. </p>
<p><!-- AddThis Advanced Settings generic via filter on the_content --><!-- AddThis Share Buttons generic via filter on the_content --></p>

<p>&nbsp;Auren&nbsp;ha incorporado a Daniel Aroca como nuevo socio para reforzar el área fiscal de la división de Auren Abogados.&nbsp;</p>

<!-- This site is optimized with the Yoast SEO plugin v27.4 - https://yoast.com/product/yoast-seo-wordpress/ -->
<title>Daniel Aroca, nuevo socio del área fiscal de Auren Abogados - Auren España</title>
<meta name="robots" content="index, follow, max-snippet:-1, max-image-preview:large, max-video-preview:-1" />
<link rel="canonical" href="https://auren.com/es/noticias/daniel-aroca-nuevo-socio-del-area-fiscal-de-auren-abogados/" />
<meta property="og:locale" content="es_ES" />
<meta property="og:type" content="article" />
<meta property="og:title" content="Daniel Aroca, nuevo socio del área fiscal de Auren Abogados - Auren España" />
<meta property="og:description" content="&nbsp;Auren&nbsp;ha incorporado a Daniel Aroca como nuevo socio para reforzar el área fiscal de la división de Auren Abogados.&nbsp;" />
<meta property="og:url" content="https://auren.com/es/noticias/daniel-aroca-nuevo-socio-del-area-fiscal-de-auren-abogados/" />
<meta property="og:site_name" content="Auren" />
<meta property="og:image" content="https://auren.com/es/wp-content/uploads/2019/11/foto-daniel-aroca-horizontal-scaled-1.jpg" />
	<meta property="og:image:width" content="2560" />
	<meta property="og:image:height" content="1374" />
	<meta property="og:image:type" content="image/jpeg" />
<meta name="twitter:card" content="summary_large_image" />
<meta name="twitter:site" content="@auren_spain" />
<meta name="twitter:label1" content="Tiempo de lectura" />
	<meta name="twitter:data1" content="1 minuto" />
<script type="application/ld+json" class="yoast-schema-graph">{"@context":"https:\/\/schema.org","@graph":[{"@type":"WebPage","@id":"https:\/\/auren.com\/es\/noticias\/daniel-aroca-nuevo-socio-del-area-fiscal-de-auren-abogados\/","url":"https:\/\/auren.com\/es\/noticias\/daniel-aroca-nuevo-socio-del-area-fiscal-de-auren-abogados\/","name":"Daniel Aroca, nuevo socio del área fiscal de Auren Abogados - Auren España","isPartOf":{"@id":"https:\/\/auren.com\/es\/#website"},"primaryImageOfPage":{"@id":"https:\/\/auren.com\/es\/noticias\/daniel-aroca-nuevo-socio-del-area-fiscal-de-auren-abogados\/#primaryimage"},"image":{"@id":"https:\/\/auren.com\/es\/noticias\/daniel-aroca-nuevo-socio-del-area-fiscal-de-auren-abogados\/#primaryimage"},"thumbnailUrl":"https:\/\/auren.com\/es\/wp-content\/uploads\/2019\/11\/foto-daniel-aroca-horizontal-scaled-1.jpg","datePublished":"2019-11-19T10:58:18+00:00","breadcrumb":{"@id":"https:\/\/auren.com\/es\/noticias\/daniel-aroca-nuevo-socio-del-area-fiscal-de-auren-abogados\/#breadcrumb"},"inLanguage":"es","potentialAction":[{"@type":"ReadAction","target":["https:\/\/auren.com\/es\/noticias\/daniel-aroca-nuevo-socio-del-area-fiscal-de-auren-abogados\/"]}]},{"@type":"ImageObject","inLanguage":"es","@id":"https:\/\/auren.com\/es\/noticias\/daniel-aroca-nuevo-socio-del-area-fiscal-de-auren-abogados\/#primaryimage","url":"https:\/\/auren.com\/es\/wp-content\/uploads\/2019\/11\/foto-daniel-aroca-horizontal-scaled-1.jpg","contentUrl":"https:\/\/auren.com\/es\/wp-content\/uploads\/2019\/11\/foto-daniel-aroca-horizontal-scaled-1.jpg","width":2560,"height":1374},{"@type":"BreadcrumbList","@id":"https:\/\/auren.com\/es\/noticias\/daniel-aroca-nuevo-socio-del-area-fiscal-de-auren-abogados\/#breadcrumb","itemListElement":[{"@type":"ListItem","position":1,"name":"Portada","item":"https:\/\/auren.com\/es\/"},{"@type":"ListItem","position":2,"name":"Daniel Aroca, nuevo socio del área fiscal de Auren Abogados"}]},{"@type":"WebSite","@id":"https:\/\/auren.com\/es\/#website","url":"https:\/\/auren.com\/es\/","name":"Auren","description":"","publisher":{"@id":"https:\/\/auren.com\/es\/#organization"},"alternateName":"Auren","potentialAction":[{"@type":"SearchAction","target":{"@type":"EntryPoint","urlTemplate":"https:\/\/auren.com\/es\/?s={search_term_string}"},"query-input":{"@type":"PropertyValueSpecification","valueRequired":true,"valueName":"search_term_string"}}],"inLanguage":"es"},{"@type":"Organization","@id":"https:\/\/auren.com\/es\/#organization","name":"Auren","alternateName":"Auren","url":"https:\/\/auren.com\/es\/","logo":{"@type":"ImageObject","inLanguage":"es","@id":"https:\/\/auren.com\/es\/#\/schema\/logo\/image\/","url":"https:\/\/auren.com\/es\/wp-content\/uploads\/2025\/01\/cropped-cropped-favicon-Auren.png","contentUrl":"https:\/\/auren.com\/es\/wp-content\/uploads\/2025\/01\/cropped-cropped-favicon-Auren.png","width":512,"height":512,"caption":"Auren"},"image":{"@id":"https:\/\/auren.com\/es\/#\/schema\/logo\/image\/"},"sameAs":["https:\/\/x.com\/auren_spain","https:\/\/www.linkedin.com\/company\/aurenspainserviciosprofesionales","https:\/\/www.youtube.com\/@AurenEsp","https:\/\/www.instagram.com\/auren_spain"]}]}</script>
<!-- / Yoast SEO plugin. -->

Daniel Aroca, nuevo socio del área fiscal de Auren Abogados - Auren España

&nbsp;Auren&nbsp;ha incorporado a Daniel Aroca como nuevo socio para reforzar el área fiscal de la división de Auren Abogados.&nbsp;
