{"id":5503,"date":"2018-09-14T07:41:25","date_gmt":"2018-09-14T05:41:25","guid":{"rendered":"https:\/\/auren.com\/es\/new\/auren-patrocina-la-quinta-edicion-del-legal-management-forum-2018-que-tendra-lugar-el-proximo-16-de-octubre-de-2018\/"},"modified":"2018-09-14T07:41:25","modified_gmt":"2018-09-14T05:41:25","slug":"auren-patrocina-la-quinta-edicion-del-legal-management-forum-2018-que-tendra-lugar-el-proximo-16-de-octubre-de-2018","status":"publish","type":"new","link":"https:\/\/auren.com\/es\/noticias\/auren-patrocina-la-quinta-edicion-del-legal-management-forum-2018-que-tendra-lugar-el-proximo-16-de-octubre-de-2018\/","title":{"rendered":"Auren patrocina la quinta edici\u00f3n del Legal Management Forum 2018 que tendr\u00e1 lugar el pr\u00f3ximo 16 de octubre de 2018"},"content":{"rendered":"<p>Auren patrocina la quinta edici\u00f3n del Legal Management Forum 2018 que tendr\u00e1 lugar el pr\u00f3ximo 16 de octubre en el Auditorio de la Mutua Madrile\u00f1a en el Paseo Eduardo Dato, n\u00ba 20 de Madrid.<\/p>\n<p>M\u00e1s informaci\u00f3n pulsa&nbsp;<a href=\"https:\/\/legalmanagementforum.es\/#sede\" target=\"_blank\" rel=\"noopener noreferrer\">AQU\u00cd<\/a><\/p>\n<p><!-- AddThis Advanced Settings generic via filter on the_content --><!-- AddThis Share Buttons generic via filter on the_content --><\/p>\n","protected":false},"excerpt":{"rendered":"<p>Auren patrocina la quinta edici\u00f3n del Legal Management Forum 2018 que tendr\u00e1 lugar el pr\u00f3ximo 16 de octubre en el Auditorio de la Mutua Madrile\u00f1a en el Paseo Eduardo Dato, [&hellip;]<\/p>\n","protected":false},"featured_media":5504,"template":"","meta":{"_acf_changed":false,"footnotes":""},"new-category":[],"class_list":["post-5503","new","type-new","status-publish","has-post-thumbnail","hentry"],"acf":[],"yoast_head":"<!-- This site is optimized with the Yoast SEO plugin v27.5 - https:\/\/yoast.com\/product\/yoast-seo-wordpress\/ -->\n<title>Auren patrocina la quinta edici\u00f3n del Legal Management Forum 2018 que tendr\u00e1 lugar el pr\u00f3ximo 16 de octubre de 2018 - Auren Espa\u00f1a<\/title>\n<meta name=\"robots\" content=\"index, follow, max-snippet:-1, max-image-preview:large, max-video-preview:-1\" \/>\n<link rel=\"canonical\" href=\"https:\/\/auren.com\/es\/noticias\/auren-patrocina-la-quinta-edicion-del-legal-management-forum-2018-que-tendra-lugar-el-proximo-16-de-octubre-de-2018\/\" \/>\n<meta property=\"og:locale\" content=\"es_ES\" \/>\n<meta property=\"og:type\" content=\"article\" \/>\n<meta property=\"og:title\" content=\"Auren patrocina la quinta edici\u00f3n del Legal Management Forum 2018 que tendr\u00e1 lugar el pr\u00f3ximo 16 de octubre de 2018 - Auren Espa\u00f1a\" \/>\n<meta property=\"og:description\" content=\"Auren patrocina la quinta edici\u00f3n del Legal Management Forum 2018 que tendr\u00e1 lugar el pr\u00f3ximo 16 de octubre en el Auditorio de la Mutua Madrile\u00f1a en el Paseo Eduardo Dato, [&hellip;]\" \/>\n<meta property=\"og:url\" content=\"https:\/\/auren.com\/es\/noticias\/auren-patrocina-la-quinta-edicion-del-legal-management-forum-2018-que-tendra-lugar-el-proximo-16-de-octubre-de-2018\/\" \/>\n<meta property=\"og:site_name\" content=\"Auren\" \/>\n<meta property=\"og:image\" content=\"https:\/\/auren.com\/es\/wp-content\/uploads\/2018\/09\/900x520_15.jpg\" \/>\n\t<meta property=\"og:image:width\" content=\"900\" \/>\n\t<meta property=\"og:image:height\" content=\"520\" \/>\n\t<meta property=\"og:image:type\" content=\"image\/jpeg\" \/>\n<meta name=\"twitter:card\" content=\"summary_large_image\" \/>\n<meta name=\"twitter:site\" content=\"@auren_spain\" \/>\n<script type=\"application\/ld+json\" class=\"yoast-schema-graph\">{\"@context\":\"https:\\\/\\\/schema.org\",\"@graph\":[{\"@type\":\"WebPage\",\"@id\":\"https:\\\/\\\/auren.com\\\/es\\\/noticias\\\/auren-patrocina-la-quinta-edicion-del-legal-management-forum-2018-que-tendra-lugar-el-proximo-16-de-octubre-de-2018\\\/\",\"url\":\"https:\\\/\\\/auren.com\\\/es\\\/noticias\\\/auren-patrocina-la-quinta-edicion-del-legal-management-forum-2018-que-tendra-lugar-el-proximo-16-de-octubre-de-2018\\\/\",\"name\":\"Auren patrocina la quinta edici\u00f3n del Legal Management Forum 2018 que tendr\u00e1 lugar el pr\u00f3ximo 16 de octubre de 2018 - Auren Espa\u00f1a\",\"isPartOf\":{\"@id\":\"https:\\\/\\\/auren.com\\\/es\\\/#website\"},\"primaryImageOfPage\":{\"@id\":\"https:\\\/\\\/auren.com\\\/es\\\/noticias\\\/auren-patrocina-la-quinta-edicion-del-legal-management-forum-2018-que-tendra-lugar-el-proximo-16-de-octubre-de-2018\\\/#primaryimage\"},\"image\":{\"@id\":\"https:\\\/\\\/auren.com\\\/es\\\/noticias\\\/auren-patrocina-la-quinta-edicion-del-legal-management-forum-2018-que-tendra-lugar-el-proximo-16-de-octubre-de-2018\\\/#primaryimage\"},\"thumbnailUrl\":\"https:\\\/\\\/auren.com\\\/es\\\/wp-content\\\/uploads\\\/2018\\\/09\\\/900x520_15.jpg\",\"datePublished\":\"2018-09-14T05:41:25+00:00\",\"breadcrumb\":{\"@id\":\"https:\\\/\\\/auren.com\\\/es\\\/noticias\\\/auren-patrocina-la-quinta-edicion-del-legal-management-forum-2018-que-tendra-lugar-el-proximo-16-de-octubre-de-2018\\\/#breadcrumb\"},\"inLanguage\":\"es\",\"potentialAction\":[{\"@type\":\"ReadAction\",\"target\":[\"https:\\\/\\\/auren.com\\\/es\\\/noticias\\\/auren-patrocina-la-quinta-edicion-del-legal-management-forum-2018-que-tendra-lugar-el-proximo-16-de-octubre-de-2018\\\/\"]}]},{\"@type\":\"ImageObject\",\"inLanguage\":\"es\",\"@id\":\"https:\\\/\\\/auren.com\\\/es\\\/noticias\\\/auren-patrocina-la-quinta-edicion-del-legal-management-forum-2018-que-tendra-lugar-el-proximo-16-de-octubre-de-2018\\\/#primaryimage\",\"url\":\"https:\\\/\\\/auren.com\\\/es\\\/wp-content\\\/uploads\\\/2018\\\/09\\\/900x520_15.jpg\",\"contentUrl\":\"https:\\\/\\\/auren.com\\\/es\\\/wp-content\\\/uploads\\\/2018\\\/09\\\/900x520_15.jpg\",\"width\":900,\"height\":520},{\"@type\":\"BreadcrumbList\",\"@id\":\"https:\\\/\\\/auren.com\\\/es\\\/noticias\\\/auren-patrocina-la-quinta-edicion-del-legal-management-forum-2018-que-tendra-lugar-el-proximo-16-de-octubre-de-2018\\\/#breadcrumb\",\"itemListElement\":[{\"@type\":\"ListItem\",\"position\":1,\"name\":\"Portada\",\"item\":\"https:\\\/\\\/auren.com\\\/es\\\/\"},{\"@type\":\"ListItem\",\"position\":2,\"name\":\"Auren patrocina la quinta edici\u00f3n del Legal Management Forum 2018 que tendr\u00e1 lugar el pr\u00f3ximo 16 de octubre de 2018\"}]},{\"@type\":\"WebSite\",\"@id\":\"https:\\\/\\\/auren.com\\\/es\\\/#website\",\"url\":\"https:\\\/\\\/auren.com\\\/es\\\/\",\"name\":\"Auren\",\"description\":\"\",\"publisher\":{\"@id\":\"https:\\\/\\\/auren.com\\\/es\\\/#organization\"},\"alternateName\":\"Auren\",\"potentialAction\":[{\"@type\":\"SearchAction\",\"target\":{\"@type\":\"EntryPoint\",\"urlTemplate\":\"https:\\\/\\\/auren.com\\\/es\\\/?s={search_term_string}\"},\"query-input\":{\"@type\":\"PropertyValueSpecification\",\"valueRequired\":true,\"valueName\":\"search_term_string\"}}],\"inLanguage\":\"es\"},{\"@type\":\"Organization\",\"@id\":\"https:\\\/\\\/auren.com\\\/es\\\/#organization\",\"name\":\"Auren\",\"alternateName\":\"Auren\",\"url\":\"https:\\\/\\\/auren.com\\\/es\\\/\",\"logo\":{\"@type\":\"ImageObject\",\"inLanguage\":\"es\",\"@id\":\"https:\\\/\\\/auren.com\\\/es\\\/#\\\/schema\\\/logo\\\/image\\\/\",\"url\":\"https:\\\/\\\/auren.com\\\/es\\\/wp-content\\\/uploads\\\/2025\\\/01\\\/cropped-cropped-favicon-Auren.png\",\"contentUrl\":\"https:\\\/\\\/auren.com\\\/es\\\/wp-content\\\/uploads\\\/2025\\\/01\\\/cropped-cropped-favicon-Auren.png\",\"width\":512,\"height\":512,\"caption\":\"Auren\"},\"image\":{\"@id\":\"https:\\\/\\\/auren.com\\\/es\\\/#\\\/schema\\\/logo\\\/image\\\/\"},\"sameAs\":[\"https:\\\/\\\/x.com\\\/auren_spain\",\"https:\\\/\\\/www.linkedin.com\\\/company\\\/aurenspainserviciosprofesionales\",\"https:\\\/\\\/www.youtube.com\\\/@AurenEsp\",\"https:\\\/\\\/www.instagram.com\\\/auren_spain\"]}]}<\/script>\n<!-- \/ Yoast SEO plugin. -->","yoast_head_json":{"title":"Auren patrocina la quinta edici\u00f3n del Legal Management Forum 2018 que tendr\u00e1 lugar el pr\u00f3ximo 16 de octubre de 2018 - Auren Espa\u00f1a","robots":{"index":"index","follow":"follow","max-snippet":"max-snippet:-1","max-image-preview":"max-image-preview:large","max-video-preview":"max-video-preview:-1"},"canonical":"https:\/\/auren.com\/es\/noticias\/auren-patrocina-la-quinta-edicion-del-legal-management-forum-2018-que-tendra-lugar-el-proximo-16-de-octubre-de-2018\/","og_locale":"es_ES","og_type":"article","og_title":"Auren patrocina la quinta edici\u00f3n del Legal Management Forum 2018 que tendr\u00e1 lugar el pr\u00f3ximo 16 de octubre de 2018 - Auren Espa\u00f1a","og_description":"Auren patrocina la quinta edici\u00f3n del Legal Management Forum 2018 que tendr\u00e1 lugar el pr\u00f3ximo 16 de octubre en el Auditorio de la Mutua Madrile\u00f1a en el Paseo Eduardo Dato, [&hellip;]","og_url":"https:\/\/auren.com\/es\/noticias\/auren-patrocina-la-quinta-edicion-del-legal-management-forum-2018-que-tendra-lugar-el-proximo-16-de-octubre-de-2018\/","og_site_name":"Auren","og_image":[{"width":900,"height":520,"url":"https:\/\/auren.com\/es\/wp-content\/uploads\/2018\/09\/900x520_15.jpg","type":"image\/jpeg"}],"twitter_card":"summary_large_image","twitter_site":"@auren_spain","schema":{"@context":"https:\/\/schema.org","@graph":[{"@type":"WebPage","@id":"https:\/\/auren.com\/es\/noticias\/auren-patrocina-la-quinta-edicion-del-legal-management-forum-2018-que-tendra-lugar-el-proximo-16-de-octubre-de-2018\/","url":"https:\/\/auren.com\/es\/noticias\/auren-patrocina-la-quinta-edicion-del-legal-management-forum-2018-que-tendra-lugar-el-proximo-16-de-octubre-de-2018\/","name":"Auren patrocina la quinta edici\u00f3n del Legal Management Forum 2018 que tendr\u00e1 lugar el pr\u00f3ximo 16 de octubre de 2018 - Auren Espa\u00f1a","isPartOf":{"@id":"https:\/\/auren.com\/es\/#website"},"primaryImageOfPage":{"@id":"https:\/\/auren.com\/es\/noticias\/auren-patrocina-la-quinta-edicion-del-legal-management-forum-2018-que-tendra-lugar-el-proximo-16-de-octubre-de-2018\/#primaryimage"},"image":{"@id":"https:\/\/auren.com\/es\/noticias\/auren-patrocina-la-quinta-edicion-del-legal-management-forum-2018-que-tendra-lugar-el-proximo-16-de-octubre-de-2018\/#primaryimage"},"thumbnailUrl":"https:\/\/auren.com\/es\/wp-content\/uploads\/2018\/09\/900x520_15.jpg","datePublished":"2018-09-14T05:41:25+00:00","breadcrumb":{"@id":"https:\/\/auren.com\/es\/noticias\/auren-patrocina-la-quinta-edicion-del-legal-management-forum-2018-que-tendra-lugar-el-proximo-16-de-octubre-de-2018\/#breadcrumb"},"inLanguage":"es","potentialAction":[{"@type":"ReadAction","target":["https:\/\/auren.com\/es\/noticias\/auren-patrocina-la-quinta-edicion-del-legal-management-forum-2018-que-tendra-lugar-el-proximo-16-de-octubre-de-2018\/"]}]},{"@type":"ImageObject","inLanguage":"es","@id":"https:\/\/auren.com\/es\/noticias\/auren-patrocina-la-quinta-edicion-del-legal-management-forum-2018-que-tendra-lugar-el-proximo-16-de-octubre-de-2018\/#primaryimage","url":"https:\/\/auren.com\/es\/wp-content\/uploads\/2018\/09\/900x520_15.jpg","contentUrl":"https:\/\/auren.com\/es\/wp-content\/uploads\/2018\/09\/900x520_15.jpg","width":900,"height":520},{"@type":"BreadcrumbList","@id":"https:\/\/auren.com\/es\/noticias\/auren-patrocina-la-quinta-edicion-del-legal-management-forum-2018-que-tendra-lugar-el-proximo-16-de-octubre-de-2018\/#breadcrumb","itemListElement":[{"@type":"ListItem","position":1,"name":"Portada","item":"https:\/\/auren.com\/es\/"},{"@type":"ListItem","position":2,"name":"Auren patrocina la quinta edici\u00f3n del Legal Management Forum 2018 que tendr\u00e1 lugar el pr\u00f3ximo 16 de octubre de 2018"}]},{"@type":"WebSite","@id":"https:\/\/auren.com\/es\/#website","url":"https:\/\/auren.com\/es\/","name":"Auren","description":"","publisher":{"@id":"https:\/\/auren.com\/es\/#organization"},"alternateName":"Auren","potentialAction":[{"@type":"SearchAction","target":{"@type":"EntryPoint","urlTemplate":"https:\/\/auren.com\/es\/?s={search_term_string}"},"query-input":{"@type":"PropertyValueSpecification","valueRequired":true,"valueName":"search_term_string"}}],"inLanguage":"es"},{"@type":"Organization","@id":"https:\/\/auren.com\/es\/#organization","name":"Auren","alternateName":"Auren","url":"https:\/\/auren.com\/es\/","logo":{"@type":"ImageObject","inLanguage":"es","@id":"https:\/\/auren.com\/es\/#\/schema\/logo\/image\/","url":"https:\/\/auren.com\/es\/wp-content\/uploads\/2025\/01\/cropped-cropped-favicon-Auren.png","contentUrl":"https:\/\/auren.com\/es\/wp-content\/uploads\/2025\/01\/cropped-cropped-favicon-Auren.png","width":512,"height":512,"caption":"Auren"},"image":{"@id":"https:\/\/auren.com\/es\/#\/schema\/logo\/image\/"},"sameAs":["https:\/\/x.com\/auren_spain","https:\/\/www.linkedin.com\/company\/aurenspainserviciosprofesionales","https:\/\/www.youtube.com\/@AurenEsp","https:\/\/www.instagram.com\/auren_spain"]}]}},"_links":{"self":[{"href":"https:\/\/auren.com\/es\/wp-json\/wp\/v2\/new\/5503","targetHints":{"allow":["GET"]}}],"collection":[{"href":"https:\/\/auren.com\/es\/wp-json\/wp\/v2\/new"}],"about":[{"href":"https:\/\/auren.com\/es\/wp-json\/wp\/v2\/types\/new"}],"version-history":[{"count":0,"href":"https:\/\/auren.com\/es\/wp-json\/wp\/v2\/new\/5503\/revisions"}],"wp:featuredmedia":[{"embeddable":true,"href":"https:\/\/auren.com\/es\/wp-json\/wp\/v2\/media\/5504"}],"wp:attachment":[{"href":"https:\/\/auren.com\/es\/wp-json\/wp\/v2\/media?parent=5503"}],"wp:term":[{"taxonomy":"new-category","embeddable":true,"href":"https:\/\/auren.com\/es\/wp-json\/wp\/v2\/new-category?post=5503"}],"curies":[{"name":"wp","href":"https:\/\/api.w.org\/{rel}","templated":true}]}}

Auren patrocina la quinta edición del Legal Management Forum 2018 que tendrá lugar el próximo 16 de octubre de 2018

<p>Auren patrocina la quinta edición del Legal Management Forum 2018 que tendrá lugar el próximo 16 de octubre en el Auditorio de la Mutua Madrileña en el Paseo Eduardo Dato, nº 20 de Madrid.</p>
<p>Más información pulsa&nbsp;<a href="https://legalmanagementforum.es/#sede" target="_blank" rel="noopener noreferrer">AQUÍ</a></p>
<p><!-- AddThis Advanced Settings generic via filter on the_content --><!-- AddThis Share Buttons generic via filter on the_content --></p>

<p>Auren patrocina la quinta edición del Legal Management Forum 2018 que tendrá lugar el próximo 16 de octubre en el Auditorio de la Mutua Madrileña en el Paseo Eduardo Dato, [&hellip;]</p>

<!-- This site is optimized with the Yoast SEO plugin v27.5 - https://yoast.com/product/yoast-seo-wordpress/ -->
<title>Auren patrocina la quinta edición del Legal Management Forum 2018 que tendrá lugar el próximo 16 de octubre de 2018 - Auren España</title>
<meta name="robots" content="index, follow, max-snippet:-1, max-image-preview:large, max-video-preview:-1" />
<link rel="canonical" href="https://auren.com/es/noticias/auren-patrocina-la-quinta-edicion-del-legal-management-forum-2018-que-tendra-lugar-el-proximo-16-de-octubre-de-2018/" />
<meta property="og:locale" content="es_ES" />
<meta property="og:type" content="article" />
<meta property="og:title" content="Auren patrocina la quinta edición del Legal Management Forum 2018 que tendrá lugar el próximo 16 de octubre de 2018 - Auren España" />
<meta property="og:description" content="Auren patrocina la quinta edición del Legal Management Forum 2018 que tendrá lugar el próximo 16 de octubre en el Auditorio de la Mutua Madrileña en el Paseo Eduardo Dato, [&hellip;]" />
<meta property="og:url" content="https://auren.com/es/noticias/auren-patrocina-la-quinta-edicion-del-legal-management-forum-2018-que-tendra-lugar-el-proximo-16-de-octubre-de-2018/" />
<meta property="og:site_name" content="Auren" />
<meta property="og:image" content="https://auren.com/es/wp-content/uploads/2018/09/900x520_15.jpg" />
	<meta property="og:image:width" content="900" />
	<meta property="og:image:height" content="520" />
	<meta property="og:image:type" content="image/jpeg" />
<meta name="twitter:card" content="summary_large_image" />
<meta name="twitter:site" content="@auren_spain" />
<script type="application/ld+json" class="yoast-schema-graph">{"@context":"https:\/\/schema.org","@graph":[{"@type":"WebPage","@id":"https:\/\/auren.com\/es\/noticias\/auren-patrocina-la-quinta-edicion-del-legal-management-forum-2018-que-tendra-lugar-el-proximo-16-de-octubre-de-2018\/","url":"https:\/\/auren.com\/es\/noticias\/auren-patrocina-la-quinta-edicion-del-legal-management-forum-2018-que-tendra-lugar-el-proximo-16-de-octubre-de-2018\/","name":"Auren patrocina la quinta edición del Legal Management Forum 2018 que tendrá lugar el próximo 16 de octubre de 2018 - Auren España","isPartOf":{"@id":"https:\/\/auren.com\/es\/#website"},"primaryImageOfPage":{"@id":"https:\/\/auren.com\/es\/noticias\/auren-patrocina-la-quinta-edicion-del-legal-management-forum-2018-que-tendra-lugar-el-proximo-16-de-octubre-de-2018\/#primaryimage"},"image":{"@id":"https:\/\/auren.com\/es\/noticias\/auren-patrocina-la-quinta-edicion-del-legal-management-forum-2018-que-tendra-lugar-el-proximo-16-de-octubre-de-2018\/#primaryimage"},"thumbnailUrl":"https:\/\/auren.com\/es\/wp-content\/uploads\/2018\/09\/900x520_15.jpg","datePublished":"2018-09-14T05:41:25+00:00","breadcrumb":{"@id":"https:\/\/auren.com\/es\/noticias\/auren-patrocina-la-quinta-edicion-del-legal-management-forum-2018-que-tendra-lugar-el-proximo-16-de-octubre-de-2018\/#breadcrumb"},"inLanguage":"es","potentialAction":[{"@type":"ReadAction","target":["https:\/\/auren.com\/es\/noticias\/auren-patrocina-la-quinta-edicion-del-legal-management-forum-2018-que-tendra-lugar-el-proximo-16-de-octubre-de-2018\/"]}]},{"@type":"ImageObject","inLanguage":"es","@id":"https:\/\/auren.com\/es\/noticias\/auren-patrocina-la-quinta-edicion-del-legal-management-forum-2018-que-tendra-lugar-el-proximo-16-de-octubre-de-2018\/#primaryimage","url":"https:\/\/auren.com\/es\/wp-content\/uploads\/2018\/09\/900x520_15.jpg","contentUrl":"https:\/\/auren.com\/es\/wp-content\/uploads\/2018\/09\/900x520_15.jpg","width":900,"height":520},{"@type":"BreadcrumbList","@id":"https:\/\/auren.com\/es\/noticias\/auren-patrocina-la-quinta-edicion-del-legal-management-forum-2018-que-tendra-lugar-el-proximo-16-de-octubre-de-2018\/#breadcrumb","itemListElement":[{"@type":"ListItem","position":1,"name":"Portada","item":"https:\/\/auren.com\/es\/"},{"@type":"ListItem","position":2,"name":"Auren patrocina la quinta edición del Legal Management Forum 2018 que tendrá lugar el próximo 16 de octubre de 2018"}]},{"@type":"WebSite","@id":"https:\/\/auren.com\/es\/#website","url":"https:\/\/auren.com\/es\/","name":"Auren","description":"","publisher":{"@id":"https:\/\/auren.com\/es\/#organization"},"alternateName":"Auren","potentialAction":[{"@type":"SearchAction","target":{"@type":"EntryPoint","urlTemplate":"https:\/\/auren.com\/es\/?s={search_term_string}"},"query-input":{"@type":"PropertyValueSpecification","valueRequired":true,"valueName":"search_term_string"}}],"inLanguage":"es"},{"@type":"Organization","@id":"https:\/\/auren.com\/es\/#organization","name":"Auren","alternateName":"Auren","url":"https:\/\/auren.com\/es\/","logo":{"@type":"ImageObject","inLanguage":"es","@id":"https:\/\/auren.com\/es\/#\/schema\/logo\/image\/","url":"https:\/\/auren.com\/es\/wp-content\/uploads\/2025\/01\/cropped-cropped-favicon-Auren.png","contentUrl":"https:\/\/auren.com\/es\/wp-content\/uploads\/2025\/01\/cropped-cropped-favicon-Auren.png","width":512,"height":512,"caption":"Auren"},"image":{"@id":"https:\/\/auren.com\/es\/#\/schema\/logo\/image\/"},"sameAs":["https:\/\/x.com\/auren_spain","https:\/\/www.linkedin.com\/company\/aurenspainserviciosprofesionales","https:\/\/www.youtube.com\/@AurenEsp","https:\/\/www.instagram.com\/auren_spain"]}]}</script>
<!-- / Yoast SEO plugin. -->

Auren patrocina la quinta edición del Legal Management Forum 2018 que tendrá lugar el próximo 16 de octubre de 2018 - Auren España

Auren patrocina la quinta edición del Legal Management Forum 2018 que tendrá lugar el próximo 16 de octubre en el Auditorio de la Mutua Madrileña en el Paseo Eduardo Dato, [&hellip;]
