{"id":5527,"date":"2018-07-13T09:36:42","date_gmt":"2018-07-13T07:36:42","guid":{"rendered":"https:\/\/auren.com\/es\/new\/auren-disena-la-red-de-la-dreamhack-valencia-2018\/"},"modified":"2018-07-13T09:36:42","modified_gmt":"2018-07-13T07:36:42","slug":"auren-disena-la-red-de-la-dreamhack-valencia-2018","status":"publish","type":"new","link":"https:\/\/auren.com\/es\/noticias\/auren-disena-la-red-de-la-dreamhack-valencia-2018\/","title":{"rendered":"Auren dise\u00f1a la red de la DreamHack Valencia 2018"},"content":{"rendered":"<p class=\"text-justify\">Auren ha sido otro a\u00f1o m\u00e1s la encargada de dise\u00f1ar, configurar y mantener la red de la DreamHack Valencia, uno de los mayores encuentros de entretenimiento digital y videojuegos del mundo, que arranc\u00f3 ayer, hasta el 15 de julio en Feria Valencia.<\/p>\n<p class=\"text-justify\">Por sexto a\u00f1o consecutivo, el equipo de Infraestructuras y Sistemas TI de Auren ha sido el proveedor tecnol\u00f3gico del evento, encarg\u00e1ndose de gestionar una de las redes m\u00e1s exigentes del mundo, tanto por el tama\u00f1o, como por la velocidad y latencia.<\/p>\n<p>Para conseguir un rendimiento \u00f3ptimo, Auren ha instalado una tecnolog\u00eda puntera que permitir\u00e1 a los m\u00e1s de 3.000 jugadores y 40.000 asistentes disfrutar de una mayor calidad en la interacci\u00f3n y mejor experiencia de usuario. Para ello, se han desplegado m\u00e1s de 50 kil\u00f3metros de cableado de red y cinco kil\u00f3metros de fibra \u00f3ptica, que permite alcanzar los 20 Gbps, y que reduce al m\u00ednimo el retardo en los juegos. <\/p>\n<p class=\"text-justify\">La adjudicaci\u00f3n de este proyecto a Auren se basa en la dilatada experiencia de la firma en redes para este tipo de eventos. Desde hace m\u00e1s de 15 a\u00f1os, Auren ha sido la encargada de dise\u00f1ar e implantar la red de la Campus Party en todas las ediciones en las que se realiz\u00f3 en Espa\u00f1a. Desde entonces, la DreamHack ocup\u00f3 su lugar y Auren sigue siendo el proveedor elegido cada a\u00f1o para dise\u00f1ar, configurar y mantener la infraestructura de red del evento.<\/p>\n<p class=\"text-justify\">&nbsp; <\/p>\n<p><!-- AddThis Advanced Settings generic via filter on the_content --><!-- AddThis Share Buttons generic via filter on the_content --><\/p>\n","protected":false},"excerpt":{"rendered":"<p>Auren ha sido otro a\u00f1o m\u00e1s la encargada de dise\u00f1ar, configurar y mantener la red de la DreamHack Valencia, uno de los mayores encuentros de entretenimiento digital y videojuegos del mundo, que arranc\u00f3 ayer, hasta el 15 de julio en Feria Valencia. Por sexto a\u00f1o consecutivo, el equipo de Infraestructuras y Sistemas TI de Auren [&hellip;]<\/p>\n","protected":false},"featured_media":5528,"template":"","meta":{"_acf_changed":false,"footnotes":""},"new-category":[],"class_list":["post-5527","new","type-new","status-publish","has-post-thumbnail","hentry"],"acf":[],"yoast_head":"<!-- This site is optimized with the Yoast SEO plugin v27.5 - https:\/\/yoast.com\/product\/yoast-seo-wordpress\/ -->\n<title>Auren dise\u00f1a la red de la DreamHack Valencia 2018 - Auren Espa\u00f1a<\/title>\n<meta name=\"robots\" content=\"index, follow, max-snippet:-1, max-image-preview:large, max-video-preview:-1\" \/>\n<link rel=\"canonical\" href=\"https:\/\/auren.com\/es\/noticias\/auren-disena-la-red-de-la-dreamhack-valencia-2018\/\" \/>\n<meta property=\"og:locale\" content=\"es_ES\" \/>\n<meta property=\"og:type\" content=\"article\" \/>\n<meta property=\"og:title\" content=\"Auren dise\u00f1a la red de la DreamHack Valencia 2018 - Auren Espa\u00f1a\" \/>\n<meta property=\"og:description\" content=\"Auren ha sido otro a\u00f1o m\u00e1s la encargada de dise\u00f1ar, configurar y mantener la red de la DreamHack Valencia, uno de los mayores encuentros de entretenimiento digital y videojuegos del mundo, que arranc\u00f3 ayer, hasta el 15 de julio en Feria Valencia. Por sexto a\u00f1o consecutivo, el equipo de Infraestructuras y Sistemas TI de Auren [&hellip;]\" \/>\n<meta property=\"og:url\" content=\"https:\/\/auren.com\/es\/noticias\/auren-disena-la-red-de-la-dreamhack-valencia-2018\/\" \/>\n<meta property=\"og:site_name\" content=\"Auren\" \/>\n<meta property=\"og:image\" content=\"https:\/\/auren.com\/es\/wp-content\/uploads\/2018\/07\/900x520_11.jpg\" \/>\n\t<meta property=\"og:image:width\" content=\"900\" \/>\n\t<meta property=\"og:image:height\" content=\"520\" \/>\n\t<meta property=\"og:image:type\" content=\"image\/jpeg\" \/>\n<meta name=\"twitter:card\" content=\"summary_large_image\" \/>\n<meta name=\"twitter:site\" content=\"@auren_spain\" \/>\n<meta name=\"twitter:label1\" content=\"Tiempo de lectura\" \/>\n\t<meta name=\"twitter:data1\" content=\"1 minuto\" \/>\n<script type=\"application\/ld+json\" class=\"yoast-schema-graph\">{\"@context\":\"https:\\\/\\\/schema.org\",\"@graph\":[{\"@type\":\"WebPage\",\"@id\":\"https:\\\/\\\/auren.com\\\/es\\\/noticias\\\/auren-disena-la-red-de-la-dreamhack-valencia-2018\\\/\",\"url\":\"https:\\\/\\\/auren.com\\\/es\\\/noticias\\\/auren-disena-la-red-de-la-dreamhack-valencia-2018\\\/\",\"name\":\"Auren dise\u00f1a la red de la DreamHack Valencia 2018 - Auren Espa\u00f1a\",\"isPartOf\":{\"@id\":\"https:\\\/\\\/auren.com\\\/es\\\/#website\"},\"primaryImageOfPage\":{\"@id\":\"https:\\\/\\\/auren.com\\\/es\\\/noticias\\\/auren-disena-la-red-de-la-dreamhack-valencia-2018\\\/#primaryimage\"},\"image\":{\"@id\":\"https:\\\/\\\/auren.com\\\/es\\\/noticias\\\/auren-disena-la-red-de-la-dreamhack-valencia-2018\\\/#primaryimage\"},\"thumbnailUrl\":\"https:\\\/\\\/auren.com\\\/es\\\/wp-content\\\/uploads\\\/2018\\\/07\\\/900x520_11.jpg\",\"datePublished\":\"2018-07-13T07:36:42+00:00\",\"breadcrumb\":{\"@id\":\"https:\\\/\\\/auren.com\\\/es\\\/noticias\\\/auren-disena-la-red-de-la-dreamhack-valencia-2018\\\/#breadcrumb\"},\"inLanguage\":\"es\",\"potentialAction\":[{\"@type\":\"ReadAction\",\"target\":[\"https:\\\/\\\/auren.com\\\/es\\\/noticias\\\/auren-disena-la-red-de-la-dreamhack-valencia-2018\\\/\"]}]},{\"@type\":\"ImageObject\",\"inLanguage\":\"es\",\"@id\":\"https:\\\/\\\/auren.com\\\/es\\\/noticias\\\/auren-disena-la-red-de-la-dreamhack-valencia-2018\\\/#primaryimage\",\"url\":\"https:\\\/\\\/auren.com\\\/es\\\/wp-content\\\/uploads\\\/2018\\\/07\\\/900x520_11.jpg\",\"contentUrl\":\"https:\\\/\\\/auren.com\\\/es\\\/wp-content\\\/uploads\\\/2018\\\/07\\\/900x520_11.jpg\",\"width\":900,\"height\":520},{\"@type\":\"BreadcrumbList\",\"@id\":\"https:\\\/\\\/auren.com\\\/es\\\/noticias\\\/auren-disena-la-red-de-la-dreamhack-valencia-2018\\\/#breadcrumb\",\"itemListElement\":[{\"@type\":\"ListItem\",\"position\":1,\"name\":\"Portada\",\"item\":\"https:\\\/\\\/auren.com\\\/es\\\/\"},{\"@type\":\"ListItem\",\"position\":2,\"name\":\"Auren dise\u00f1a la red de la DreamHack Valencia 2018\"}]},{\"@type\":\"WebSite\",\"@id\":\"https:\\\/\\\/auren.com\\\/es\\\/#website\",\"url\":\"https:\\\/\\\/auren.com\\\/es\\\/\",\"name\":\"Auren\",\"description\":\"\",\"publisher\":{\"@id\":\"https:\\\/\\\/auren.com\\\/es\\\/#organization\"},\"alternateName\":\"Auren\",\"potentialAction\":[{\"@type\":\"SearchAction\",\"target\":{\"@type\":\"EntryPoint\",\"urlTemplate\":\"https:\\\/\\\/auren.com\\\/es\\\/?s={search_term_string}\"},\"query-input\":{\"@type\":\"PropertyValueSpecification\",\"valueRequired\":true,\"valueName\":\"search_term_string\"}}],\"inLanguage\":\"es\"},{\"@type\":\"Organization\",\"@id\":\"https:\\\/\\\/auren.com\\\/es\\\/#organization\",\"name\":\"Auren\",\"alternateName\":\"Auren\",\"url\":\"https:\\\/\\\/auren.com\\\/es\\\/\",\"logo\":{\"@type\":\"ImageObject\",\"inLanguage\":\"es\",\"@id\":\"https:\\\/\\\/auren.com\\\/es\\\/#\\\/schema\\\/logo\\\/image\\\/\",\"url\":\"https:\\\/\\\/auren.com\\\/es\\\/wp-content\\\/uploads\\\/2025\\\/01\\\/cropped-cropped-favicon-Auren.png\",\"contentUrl\":\"https:\\\/\\\/auren.com\\\/es\\\/wp-content\\\/uploads\\\/2025\\\/01\\\/cropped-cropped-favicon-Auren.png\",\"width\":512,\"height\":512,\"caption\":\"Auren\"},\"image\":{\"@id\":\"https:\\\/\\\/auren.com\\\/es\\\/#\\\/schema\\\/logo\\\/image\\\/\"},\"sameAs\":[\"https:\\\/\\\/x.com\\\/auren_spain\",\"https:\\\/\\\/www.linkedin.com\\\/company\\\/aurenspainserviciosprofesionales\",\"https:\\\/\\\/www.youtube.com\\\/@AurenEsp\",\"https:\\\/\\\/www.instagram.com\\\/auren_spain\"]}]}<\/script>\n<!-- \/ Yoast SEO plugin. -->","yoast_head_json":{"title":"Auren dise\u00f1a la red de la DreamHack Valencia 2018 - Auren Espa\u00f1a","robots":{"index":"index","follow":"follow","max-snippet":"max-snippet:-1","max-image-preview":"max-image-preview:large","max-video-preview":"max-video-preview:-1"},"canonical":"https:\/\/auren.com\/es\/noticias\/auren-disena-la-red-de-la-dreamhack-valencia-2018\/","og_locale":"es_ES","og_type":"article","og_title":"Auren dise\u00f1a la red de la DreamHack Valencia 2018 - Auren Espa\u00f1a","og_description":"Auren ha sido otro a\u00f1o m\u00e1s la encargada de dise\u00f1ar, configurar y mantener la red de la DreamHack Valencia, uno de los mayores encuentros de entretenimiento digital y videojuegos del mundo, que arranc\u00f3 ayer, hasta el 15 de julio en Feria Valencia. Por sexto a\u00f1o consecutivo, el equipo de Infraestructuras y Sistemas TI de Auren [&hellip;]","og_url":"https:\/\/auren.com\/es\/noticias\/auren-disena-la-red-de-la-dreamhack-valencia-2018\/","og_site_name":"Auren","og_image":[{"width":900,"height":520,"url":"https:\/\/auren.com\/es\/wp-content\/uploads\/2018\/07\/900x520_11.jpg","type":"image\/jpeg"}],"twitter_card":"summary_large_image","twitter_site":"@auren_spain","twitter_misc":{"Tiempo de lectura":"1 minuto"},"schema":{"@context":"https:\/\/schema.org","@graph":[{"@type":"WebPage","@id":"https:\/\/auren.com\/es\/noticias\/auren-disena-la-red-de-la-dreamhack-valencia-2018\/","url":"https:\/\/auren.com\/es\/noticias\/auren-disena-la-red-de-la-dreamhack-valencia-2018\/","name":"Auren dise\u00f1a la red de la DreamHack Valencia 2018 - Auren Espa\u00f1a","isPartOf":{"@id":"https:\/\/auren.com\/es\/#website"},"primaryImageOfPage":{"@id":"https:\/\/auren.com\/es\/noticias\/auren-disena-la-red-de-la-dreamhack-valencia-2018\/#primaryimage"},"image":{"@id":"https:\/\/auren.com\/es\/noticias\/auren-disena-la-red-de-la-dreamhack-valencia-2018\/#primaryimage"},"thumbnailUrl":"https:\/\/auren.com\/es\/wp-content\/uploads\/2018\/07\/900x520_11.jpg","datePublished":"2018-07-13T07:36:42+00:00","breadcrumb":{"@id":"https:\/\/auren.com\/es\/noticias\/auren-disena-la-red-de-la-dreamhack-valencia-2018\/#breadcrumb"},"inLanguage":"es","potentialAction":[{"@type":"ReadAction","target":["https:\/\/auren.com\/es\/noticias\/auren-disena-la-red-de-la-dreamhack-valencia-2018\/"]}]},{"@type":"ImageObject","inLanguage":"es","@id":"https:\/\/auren.com\/es\/noticias\/auren-disena-la-red-de-la-dreamhack-valencia-2018\/#primaryimage","url":"https:\/\/auren.com\/es\/wp-content\/uploads\/2018\/07\/900x520_11.jpg","contentUrl":"https:\/\/auren.com\/es\/wp-content\/uploads\/2018\/07\/900x520_11.jpg","width":900,"height":520},{"@type":"BreadcrumbList","@id":"https:\/\/auren.com\/es\/noticias\/auren-disena-la-red-de-la-dreamhack-valencia-2018\/#breadcrumb","itemListElement":[{"@type":"ListItem","position":1,"name":"Portada","item":"https:\/\/auren.com\/es\/"},{"@type":"ListItem","position":2,"name":"Auren dise\u00f1a la red de la DreamHack Valencia 2018"}]},{"@type":"WebSite","@id":"https:\/\/auren.com\/es\/#website","url":"https:\/\/auren.com\/es\/","name":"Auren","description":"","publisher":{"@id":"https:\/\/auren.com\/es\/#organization"},"alternateName":"Auren","potentialAction":[{"@type":"SearchAction","target":{"@type":"EntryPoint","urlTemplate":"https:\/\/auren.com\/es\/?s={search_term_string}"},"query-input":{"@type":"PropertyValueSpecification","valueRequired":true,"valueName":"search_term_string"}}],"inLanguage":"es"},{"@type":"Organization","@id":"https:\/\/auren.com\/es\/#organization","name":"Auren","alternateName":"Auren","url":"https:\/\/auren.com\/es\/","logo":{"@type":"ImageObject","inLanguage":"es","@id":"https:\/\/auren.com\/es\/#\/schema\/logo\/image\/","url":"https:\/\/auren.com\/es\/wp-content\/uploads\/2025\/01\/cropped-cropped-favicon-Auren.png","contentUrl":"https:\/\/auren.com\/es\/wp-content\/uploads\/2025\/01\/cropped-cropped-favicon-Auren.png","width":512,"height":512,"caption":"Auren"},"image":{"@id":"https:\/\/auren.com\/es\/#\/schema\/logo\/image\/"},"sameAs":["https:\/\/x.com\/auren_spain","https:\/\/www.linkedin.com\/company\/aurenspainserviciosprofesionales","https:\/\/www.youtube.com\/@AurenEsp","https:\/\/www.instagram.com\/auren_spain"]}]}},"_links":{"self":[{"href":"https:\/\/auren.com\/es\/wp-json\/wp\/v2\/new\/5527","targetHints":{"allow":["GET"]}}],"collection":[{"href":"https:\/\/auren.com\/es\/wp-json\/wp\/v2\/new"}],"about":[{"href":"https:\/\/auren.com\/es\/wp-json\/wp\/v2\/types\/new"}],"version-history":[{"count":0,"href":"https:\/\/auren.com\/es\/wp-json\/wp\/v2\/new\/5527\/revisions"}],"wp:featuredmedia":[{"embeddable":true,"href":"https:\/\/auren.com\/es\/wp-json\/wp\/v2\/media\/5528"}],"wp:attachment":[{"href":"https:\/\/auren.com\/es\/wp-json\/wp\/v2\/media?parent=5527"}],"wp:term":[{"taxonomy":"new-category","embeddable":true,"href":"https:\/\/auren.com\/es\/wp-json\/wp\/v2\/new-category?post=5527"}],"curies":[{"name":"wp","href":"https:\/\/api.w.org\/{rel}","templated":true}]}}

Auren diseña la red de la DreamHack Valencia 2018

<p class="text-justify">Auren ha sido otro año más la encargada de diseñar, configurar y mantener la red de la DreamHack Valencia, uno de los mayores encuentros de entretenimiento digital y videojuegos del mundo, que arrancó ayer, hasta el 15 de julio en Feria Valencia.</p>
<p class="text-justify">Por sexto año consecutivo, el equipo de Infraestructuras y Sistemas TI de Auren ha sido el proveedor tecnológico del evento, encargándose de gestionar una de las redes más exigentes del mundo, tanto por el tamaño, como por la velocidad y latencia.</p>
<p>Para conseguir un rendimiento óptimo, Auren ha instalado una tecnología puntera que permitirá a los más de 3.000 jugadores y 40.000 asistentes disfrutar de una mayor calidad en la interacción y mejor experiencia de usuario. Para ello, se han desplegado más de 50 kilómetros de cableado de red y cinco kilómetros de fibra óptica, que permite alcanzar los 20 Gbps, y que reduce al mínimo el retardo en los juegos. </p>
<p class="text-justify">La adjudicación de este proyecto a Auren se basa en la dilatada experiencia de la firma en redes para este tipo de eventos. Desde hace más de 15 años, Auren ha sido la encargada de diseñar e implantar la red de la Campus Party en todas las ediciones en las que se realizó en España. Desde entonces, la DreamHack ocupó su lugar y Auren sigue siendo el proveedor elegido cada año para diseñar, configurar y mantener la infraestructura de red del evento.</p>
<p class="text-justify">&nbsp; </p>
<p><!-- AddThis Advanced Settings generic via filter on the_content --><!-- AddThis Share Buttons generic via filter on the_content --></p>

<p>Auren ha sido otro año más la encargada de diseñar, configurar y mantener la red de la DreamHack Valencia, uno de los mayores encuentros de entretenimiento digital y videojuegos del mundo, que arrancó ayer, hasta el 15 de julio en Feria Valencia. Por sexto año consecutivo, el equipo de Infraestructuras y Sistemas TI de Auren [&hellip;]</p>

<!-- This site is optimized with the Yoast SEO plugin v27.5 - https://yoast.com/product/yoast-seo-wordpress/ -->
<title>Auren diseña la red de la DreamHack Valencia 2018 - Auren España</title>
<meta name="robots" content="index, follow, max-snippet:-1, max-image-preview:large, max-video-preview:-1" />
<link rel="canonical" href="https://auren.com/es/noticias/auren-disena-la-red-de-la-dreamhack-valencia-2018/" />
<meta property="og:locale" content="es_ES" />
<meta property="og:type" content="article" />
<meta property="og:title" content="Auren diseña la red de la DreamHack Valencia 2018 - Auren España" />
<meta property="og:description" content="Auren ha sido otro año más la encargada de diseñar, configurar y mantener la red de la DreamHack Valencia, uno de los mayores encuentros de entretenimiento digital y videojuegos del mundo, que arrancó ayer, hasta el 15 de julio en Feria Valencia. Por sexto año consecutivo, el equipo de Infraestructuras y Sistemas TI de Auren [&hellip;]" />
<meta property="og:url" content="https://auren.com/es/noticias/auren-disena-la-red-de-la-dreamhack-valencia-2018/" />
<meta property="og:site_name" content="Auren" />
<meta property="og:image" content="https://auren.com/es/wp-content/uploads/2018/07/900x520_11.jpg" />
	<meta property="og:image:width" content="900" />
	<meta property="og:image:height" content="520" />
	<meta property="og:image:type" content="image/jpeg" />
<meta name="twitter:card" content="summary_large_image" />
<meta name="twitter:site" content="@auren_spain" />
<meta name="twitter:label1" content="Tiempo de lectura" />
	<meta name="twitter:data1" content="1 minuto" />
<script type="application/ld+json" class="yoast-schema-graph">{"@context":"https:\/\/schema.org","@graph":[{"@type":"WebPage","@id":"https:\/\/auren.com\/es\/noticias\/auren-disena-la-red-de-la-dreamhack-valencia-2018\/","url":"https:\/\/auren.com\/es\/noticias\/auren-disena-la-red-de-la-dreamhack-valencia-2018\/","name":"Auren diseña la red de la DreamHack Valencia 2018 - Auren España","isPartOf":{"@id":"https:\/\/auren.com\/es\/#website"},"primaryImageOfPage":{"@id":"https:\/\/auren.com\/es\/noticias\/auren-disena-la-red-de-la-dreamhack-valencia-2018\/#primaryimage"},"image":{"@id":"https:\/\/auren.com\/es\/noticias\/auren-disena-la-red-de-la-dreamhack-valencia-2018\/#primaryimage"},"thumbnailUrl":"https:\/\/auren.com\/es\/wp-content\/uploads\/2018\/07\/900x520_11.jpg","datePublished":"2018-07-13T07:36:42+00:00","breadcrumb":{"@id":"https:\/\/auren.com\/es\/noticias\/auren-disena-la-red-de-la-dreamhack-valencia-2018\/#breadcrumb"},"inLanguage":"es","potentialAction":[{"@type":"ReadAction","target":["https:\/\/auren.com\/es\/noticias\/auren-disena-la-red-de-la-dreamhack-valencia-2018\/"]}]},{"@type":"ImageObject","inLanguage":"es","@id":"https:\/\/auren.com\/es\/noticias\/auren-disena-la-red-de-la-dreamhack-valencia-2018\/#primaryimage","url":"https:\/\/auren.com\/es\/wp-content\/uploads\/2018\/07\/900x520_11.jpg","contentUrl":"https:\/\/auren.com\/es\/wp-content\/uploads\/2018\/07\/900x520_11.jpg","width":900,"height":520},{"@type":"BreadcrumbList","@id":"https:\/\/auren.com\/es\/noticias\/auren-disena-la-red-de-la-dreamhack-valencia-2018\/#breadcrumb","itemListElement":[{"@type":"ListItem","position":1,"name":"Portada","item":"https:\/\/auren.com\/es\/"},{"@type":"ListItem","position":2,"name":"Auren diseña la red de la DreamHack Valencia 2018"}]},{"@type":"WebSite","@id":"https:\/\/auren.com\/es\/#website","url":"https:\/\/auren.com\/es\/","name":"Auren","description":"","publisher":{"@id":"https:\/\/auren.com\/es\/#organization"},"alternateName":"Auren","potentialAction":[{"@type":"SearchAction","target":{"@type":"EntryPoint","urlTemplate":"https:\/\/auren.com\/es\/?s={search_term_string}"},"query-input":{"@type":"PropertyValueSpecification","valueRequired":true,"valueName":"search_term_string"}}],"inLanguage":"es"},{"@type":"Organization","@id":"https:\/\/auren.com\/es\/#organization","name":"Auren","alternateName":"Auren","url":"https:\/\/auren.com\/es\/","logo":{"@type":"ImageObject","inLanguage":"es","@id":"https:\/\/auren.com\/es\/#\/schema\/logo\/image\/","url":"https:\/\/auren.com\/es\/wp-content\/uploads\/2025\/01\/cropped-cropped-favicon-Auren.png","contentUrl":"https:\/\/auren.com\/es\/wp-content\/uploads\/2025\/01\/cropped-cropped-favicon-Auren.png","width":512,"height":512,"caption":"Auren"},"image":{"@id":"https:\/\/auren.com\/es\/#\/schema\/logo\/image\/"},"sameAs":["https:\/\/x.com\/auren_spain","https:\/\/www.linkedin.com\/company\/aurenspainserviciosprofesionales","https:\/\/www.youtube.com\/@AurenEsp","https:\/\/www.instagram.com\/auren_spain"]}]}</script>
<!-- / Yoast SEO plugin. -->

Auren diseña la red de la DreamHack Valencia 2018 - Auren España

Auren ha sido otro año más la encargada de diseñar, configurar y mantener la red de la DreamHack Valencia, uno de los mayores encuentros de entretenimiento digital y videojuegos del mundo, que arrancó ayer, hasta el 15 de julio en Feria Valencia. Por sexto año consecutivo, el equipo de Infraestructuras y Sistemas TI de Auren [&hellip;]
