{"id":5533,"date":"2018-06-27T14:03:59","date_gmt":"2018-06-27T12:03:59","guid":{"rendered":"https:\/\/auren.com\/es\/new\/auren-participa-en-las-jornadas-de-economia-responsable-de-canarias\/"},"modified":"2018-06-27T14:03:59","modified_gmt":"2018-06-27T12:03:59","slug":"auren-participa-en-las-jornadas-de-economia-responsable-de-canarias","status":"publish","type":"new","link":"https:\/\/auren.com\/es\/noticias\/auren-participa-en-las-jornadas-de-economia-responsable-de-canarias\/","title":{"rendered":"Auren participa en las jornadas de econom\u00eda responsable de Canarias"},"content":{"rendered":"<p>Auren participar\u00e1 en las jornadas de econom\u00eda responsable de Canarias el pr\u00f3ximo 4 de julio, para hablar del proyecto de Auren ODS y RSC. Adem\u00e1s del libro de entrevista sobre los 17 Objetivos de Desarrollo Sostenible \u201cAltavoz 17\u201d, Auren tiene un marcha el proyecto \u201cAuren ODS\u201d, en el que se llevan a cabo acciones relacionadas con la consecuci\u00f3n de los Objetivos mes a mes. Para nosotros, la RSC tiene una importancia vital y creemos firmemente en que las empresas deben involucrarse en este tipo de proyectos. El acto contar\u00e1, por parte de Auren, con la participaci\u00f3n de Joan Perona, socio de consultor\u00eda. Adem\u00e1s, participar\u00e1n empresas como GRUPO CAPISA o LOPESAN HOTEL GROUP. La apertura del acto correr\u00e1 a cargo del Gobierno de Canarias y de la Confederaci\u00f3n Canaria de Empresarios.&nbsp;<\/p>\n<p>M\u00e1s informaci\u00f3n y programa pulsa <a href=\"https:\/\/d33c2a5xmvj7uh.cloudfront.net\/files\/d-jornadas-rse-entidades.pdf?v=1530108184\" data-file=\"9993858\" style=\"background-color: rgb(255, 255, 255);\">AQU\u00cd<\/a><\/p>\n<p><!-- AddThis Advanced Settings generic via filter on the_content --><!-- AddThis Share Buttons generic via filter on the_content --><\/p>\n","protected":false},"excerpt":{"rendered":"<p>Auren participar\u00e1 en las jornadas de econom\u00eda responsable de Canarias el pr\u00f3ximo 4 de julio, para hablar del proyecto de Auren ODS y RSC. Adem\u00e1s del libro de entrevista sobre [&hellip;]<\/p>\n","protected":false},"featured_media":5534,"template":"","meta":{"_acf_changed":false,"footnotes":""},"new-category":[],"class_list":["post-5533","new","type-new","status-publish","has-post-thumbnail","hentry"],"acf":[],"yoast_head":"<!-- This site is optimized with the Yoast SEO plugin v27.5 - https:\/\/yoast.com\/product\/yoast-seo-wordpress\/ -->\n<title>Auren participa en las jornadas de econom\u00eda responsable de Canarias - Auren Espa\u00f1a<\/title>\n<meta name=\"robots\" content=\"index, follow, max-snippet:-1, max-image-preview:large, max-video-preview:-1\" \/>\n<link rel=\"canonical\" href=\"https:\/\/auren.com\/es\/noticias\/auren-participa-en-las-jornadas-de-economia-responsable-de-canarias\/\" \/>\n<meta property=\"og:locale\" content=\"es_ES\" \/>\n<meta property=\"og:type\" content=\"article\" \/>\n<meta property=\"og:title\" content=\"Auren participa en las jornadas de econom\u00eda responsable de Canarias - Auren Espa\u00f1a\" \/>\n<meta property=\"og:description\" content=\"Auren participar\u00e1 en las jornadas de econom\u00eda responsable de Canarias el pr\u00f3ximo 4 de julio, para hablar del proyecto de Auren ODS y RSC. Adem\u00e1s del libro de entrevista sobre [&hellip;]\" \/>\n<meta property=\"og:url\" content=\"https:\/\/auren.com\/es\/noticias\/auren-participa-en-las-jornadas-de-economia-responsable-de-canarias\/\" \/>\n<meta property=\"og:site_name\" content=\"Auren\" \/>\n<meta property=\"og:image\" content=\"https:\/\/auren.com\/es\/wp-content\/uploads\/2018\/06\/900x520_18.jpg\" \/>\n\t<meta property=\"og:image:width\" content=\"900\" \/>\n\t<meta property=\"og:image:height\" content=\"520\" \/>\n\t<meta property=\"og:image:type\" content=\"image\/jpeg\" \/>\n<meta name=\"twitter:card\" content=\"summary_large_image\" \/>\n<meta name=\"twitter:site\" content=\"@auren_spain\" \/>\n<meta name=\"twitter:label1\" content=\"Tiempo de lectura\" \/>\n\t<meta name=\"twitter:data1\" content=\"1 minuto\" \/>\n<script type=\"application\/ld+json\" class=\"yoast-schema-graph\">{\"@context\":\"https:\\\/\\\/schema.org\",\"@graph\":[{\"@type\":\"WebPage\",\"@id\":\"https:\\\/\\\/auren.com\\\/es\\\/noticias\\\/auren-participa-en-las-jornadas-de-economia-responsable-de-canarias\\\/\",\"url\":\"https:\\\/\\\/auren.com\\\/es\\\/noticias\\\/auren-participa-en-las-jornadas-de-economia-responsable-de-canarias\\\/\",\"name\":\"Auren participa en las jornadas de econom\u00eda responsable de Canarias - Auren Espa\u00f1a\",\"isPartOf\":{\"@id\":\"https:\\\/\\\/auren.com\\\/es\\\/#website\"},\"primaryImageOfPage\":{\"@id\":\"https:\\\/\\\/auren.com\\\/es\\\/noticias\\\/auren-participa-en-las-jornadas-de-economia-responsable-de-canarias\\\/#primaryimage\"},\"image\":{\"@id\":\"https:\\\/\\\/auren.com\\\/es\\\/noticias\\\/auren-participa-en-las-jornadas-de-economia-responsable-de-canarias\\\/#primaryimage\"},\"thumbnailUrl\":\"https:\\\/\\\/auren.com\\\/es\\\/wp-content\\\/uploads\\\/2018\\\/06\\\/900x520_18.jpg\",\"datePublished\":\"2018-06-27T12:03:59+00:00\",\"breadcrumb\":{\"@id\":\"https:\\\/\\\/auren.com\\\/es\\\/noticias\\\/auren-participa-en-las-jornadas-de-economia-responsable-de-canarias\\\/#breadcrumb\"},\"inLanguage\":\"es\",\"potentialAction\":[{\"@type\":\"ReadAction\",\"target\":[\"https:\\\/\\\/auren.com\\\/es\\\/noticias\\\/auren-participa-en-las-jornadas-de-economia-responsable-de-canarias\\\/\"]}]},{\"@type\":\"ImageObject\",\"inLanguage\":\"es\",\"@id\":\"https:\\\/\\\/auren.com\\\/es\\\/noticias\\\/auren-participa-en-las-jornadas-de-economia-responsable-de-canarias\\\/#primaryimage\",\"url\":\"https:\\\/\\\/auren.com\\\/es\\\/wp-content\\\/uploads\\\/2018\\\/06\\\/900x520_18.jpg\",\"contentUrl\":\"https:\\\/\\\/auren.com\\\/es\\\/wp-content\\\/uploads\\\/2018\\\/06\\\/900x520_18.jpg\",\"width\":900,\"height\":520},{\"@type\":\"BreadcrumbList\",\"@id\":\"https:\\\/\\\/auren.com\\\/es\\\/noticias\\\/auren-participa-en-las-jornadas-de-economia-responsable-de-canarias\\\/#breadcrumb\",\"itemListElement\":[{\"@type\":\"ListItem\",\"position\":1,\"name\":\"Portada\",\"item\":\"https:\\\/\\\/auren.com\\\/es\\\/\"},{\"@type\":\"ListItem\",\"position\":2,\"name\":\"Auren participa en las jornadas de econom\u00eda responsable de Canarias\"}]},{\"@type\":\"WebSite\",\"@id\":\"https:\\\/\\\/auren.com\\\/es\\\/#website\",\"url\":\"https:\\\/\\\/auren.com\\\/es\\\/\",\"name\":\"Auren\",\"description\":\"\",\"publisher\":{\"@id\":\"https:\\\/\\\/auren.com\\\/es\\\/#organization\"},\"alternateName\":\"Auren\",\"potentialAction\":[{\"@type\":\"SearchAction\",\"target\":{\"@type\":\"EntryPoint\",\"urlTemplate\":\"https:\\\/\\\/auren.com\\\/es\\\/?s={search_term_string}\"},\"query-input\":{\"@type\":\"PropertyValueSpecification\",\"valueRequired\":true,\"valueName\":\"search_term_string\"}}],\"inLanguage\":\"es\"},{\"@type\":\"Organization\",\"@id\":\"https:\\\/\\\/auren.com\\\/es\\\/#organization\",\"name\":\"Auren\",\"alternateName\":\"Auren\",\"url\":\"https:\\\/\\\/auren.com\\\/es\\\/\",\"logo\":{\"@type\":\"ImageObject\",\"inLanguage\":\"es\",\"@id\":\"https:\\\/\\\/auren.com\\\/es\\\/#\\\/schema\\\/logo\\\/image\\\/\",\"url\":\"https:\\\/\\\/auren.com\\\/es\\\/wp-content\\\/uploads\\\/2025\\\/01\\\/cropped-cropped-favicon-Auren.png\",\"contentUrl\":\"https:\\\/\\\/auren.com\\\/es\\\/wp-content\\\/uploads\\\/2025\\\/01\\\/cropped-cropped-favicon-Auren.png\",\"width\":512,\"height\":512,\"caption\":\"Auren\"},\"image\":{\"@id\":\"https:\\\/\\\/auren.com\\\/es\\\/#\\\/schema\\\/logo\\\/image\\\/\"},\"sameAs\":[\"https:\\\/\\\/x.com\\\/auren_spain\",\"https:\\\/\\\/www.linkedin.com\\\/company\\\/aurenspainserviciosprofesionales\",\"https:\\\/\\\/www.youtube.com\\\/@AurenEsp\",\"https:\\\/\\\/www.instagram.com\\\/auren_spain\"]}]}<\/script>\n<!-- \/ Yoast SEO plugin. -->","yoast_head_json":{"title":"Auren participa en las jornadas de econom\u00eda responsable de Canarias - Auren Espa\u00f1a","robots":{"index":"index","follow":"follow","max-snippet":"max-snippet:-1","max-image-preview":"max-image-preview:large","max-video-preview":"max-video-preview:-1"},"canonical":"https:\/\/auren.com\/es\/noticias\/auren-participa-en-las-jornadas-de-economia-responsable-de-canarias\/","og_locale":"es_ES","og_type":"article","og_title":"Auren participa en las jornadas de econom\u00eda responsable de Canarias - Auren Espa\u00f1a","og_description":"Auren participar\u00e1 en las jornadas de econom\u00eda responsable de Canarias el pr\u00f3ximo 4 de julio, para hablar del proyecto de Auren ODS y RSC. Adem\u00e1s del libro de entrevista sobre [&hellip;]","og_url":"https:\/\/auren.com\/es\/noticias\/auren-participa-en-las-jornadas-de-economia-responsable-de-canarias\/","og_site_name":"Auren","og_image":[{"width":900,"height":520,"url":"https:\/\/auren.com\/es\/wp-content\/uploads\/2018\/06\/900x520_18.jpg","type":"image\/jpeg"}],"twitter_card":"summary_large_image","twitter_site":"@auren_spain","twitter_misc":{"Tiempo de lectura":"1 minuto"},"schema":{"@context":"https:\/\/schema.org","@graph":[{"@type":"WebPage","@id":"https:\/\/auren.com\/es\/noticias\/auren-participa-en-las-jornadas-de-economia-responsable-de-canarias\/","url":"https:\/\/auren.com\/es\/noticias\/auren-participa-en-las-jornadas-de-economia-responsable-de-canarias\/","name":"Auren participa en las jornadas de econom\u00eda responsable de Canarias - Auren Espa\u00f1a","isPartOf":{"@id":"https:\/\/auren.com\/es\/#website"},"primaryImageOfPage":{"@id":"https:\/\/auren.com\/es\/noticias\/auren-participa-en-las-jornadas-de-economia-responsable-de-canarias\/#primaryimage"},"image":{"@id":"https:\/\/auren.com\/es\/noticias\/auren-participa-en-las-jornadas-de-economia-responsable-de-canarias\/#primaryimage"},"thumbnailUrl":"https:\/\/auren.com\/es\/wp-content\/uploads\/2018\/06\/900x520_18.jpg","datePublished":"2018-06-27T12:03:59+00:00","breadcrumb":{"@id":"https:\/\/auren.com\/es\/noticias\/auren-participa-en-las-jornadas-de-economia-responsable-de-canarias\/#breadcrumb"},"inLanguage":"es","potentialAction":[{"@type":"ReadAction","target":["https:\/\/auren.com\/es\/noticias\/auren-participa-en-las-jornadas-de-economia-responsable-de-canarias\/"]}]},{"@type":"ImageObject","inLanguage":"es","@id":"https:\/\/auren.com\/es\/noticias\/auren-participa-en-las-jornadas-de-economia-responsable-de-canarias\/#primaryimage","url":"https:\/\/auren.com\/es\/wp-content\/uploads\/2018\/06\/900x520_18.jpg","contentUrl":"https:\/\/auren.com\/es\/wp-content\/uploads\/2018\/06\/900x520_18.jpg","width":900,"height":520},{"@type":"BreadcrumbList","@id":"https:\/\/auren.com\/es\/noticias\/auren-participa-en-las-jornadas-de-economia-responsable-de-canarias\/#breadcrumb","itemListElement":[{"@type":"ListItem","position":1,"name":"Portada","item":"https:\/\/auren.com\/es\/"},{"@type":"ListItem","position":2,"name":"Auren participa en las jornadas de econom\u00eda responsable de Canarias"}]},{"@type":"WebSite","@id":"https:\/\/auren.com\/es\/#website","url":"https:\/\/auren.com\/es\/","name":"Auren","description":"","publisher":{"@id":"https:\/\/auren.com\/es\/#organization"},"alternateName":"Auren","potentialAction":[{"@type":"SearchAction","target":{"@type":"EntryPoint","urlTemplate":"https:\/\/auren.com\/es\/?s={search_term_string}"},"query-input":{"@type":"PropertyValueSpecification","valueRequired":true,"valueName":"search_term_string"}}],"inLanguage":"es"},{"@type":"Organization","@id":"https:\/\/auren.com\/es\/#organization","name":"Auren","alternateName":"Auren","url":"https:\/\/auren.com\/es\/","logo":{"@type":"ImageObject","inLanguage":"es","@id":"https:\/\/auren.com\/es\/#\/schema\/logo\/image\/","url":"https:\/\/auren.com\/es\/wp-content\/uploads\/2025\/01\/cropped-cropped-favicon-Auren.png","contentUrl":"https:\/\/auren.com\/es\/wp-content\/uploads\/2025\/01\/cropped-cropped-favicon-Auren.png","width":512,"height":512,"caption":"Auren"},"image":{"@id":"https:\/\/auren.com\/es\/#\/schema\/logo\/image\/"},"sameAs":["https:\/\/x.com\/auren_spain","https:\/\/www.linkedin.com\/company\/aurenspainserviciosprofesionales","https:\/\/www.youtube.com\/@AurenEsp","https:\/\/www.instagram.com\/auren_spain"]}]}},"_links":{"self":[{"href":"https:\/\/auren.com\/es\/wp-json\/wp\/v2\/new\/5533","targetHints":{"allow":["GET"]}}],"collection":[{"href":"https:\/\/auren.com\/es\/wp-json\/wp\/v2\/new"}],"about":[{"href":"https:\/\/auren.com\/es\/wp-json\/wp\/v2\/types\/new"}],"version-history":[{"count":0,"href":"https:\/\/auren.com\/es\/wp-json\/wp\/v2\/new\/5533\/revisions"}],"wp:featuredmedia":[{"embeddable":true,"href":"https:\/\/auren.com\/es\/wp-json\/wp\/v2\/media\/5534"}],"wp:attachment":[{"href":"https:\/\/auren.com\/es\/wp-json\/wp\/v2\/media?parent=5533"}],"wp:term":[{"taxonomy":"new-category","embeddable":true,"href":"https:\/\/auren.com\/es\/wp-json\/wp\/v2\/new-category?post=5533"}],"curies":[{"name":"wp","href":"https:\/\/api.w.org\/{rel}","templated":true}]}}

Auren participa en las jornadas de economía responsable de Canarias

<p>Auren participará en las jornadas de economía responsable de Canarias el próximo 4 de julio, para hablar del proyecto de Auren ODS y RSC. Además del libro de entrevista sobre los 17 Objetivos de Desarrollo Sostenible “Altavoz 17”, Auren tiene un marcha el proyecto “Auren ODS”, en el que se llevan a cabo acciones relacionadas con la consecución de los Objetivos mes a mes. Para nosotros, la RSC tiene una importancia vital y creemos firmemente en que las empresas deben involucrarse en este tipo de proyectos. El acto contará, por parte de Auren, con la participación de Joan Perona, socio de consultoría. Además, participarán empresas como GRUPO CAPISA o LOPESAN HOTEL GROUP. La apertura del acto correrá a cargo del Gobierno de Canarias y de la Confederación Canaria de Empresarios.&nbsp;</p>
<p>Más información y programa pulsa <a href="https://d33c2a5xmvj7uh.cloudfront.net/files/d-jornadas-rse-entidades.pdf?v=1530108184" data-file="9993858" style="background-color: rgb(255, 255, 255);">AQUÍ</a></p>
<p><!-- AddThis Advanced Settings generic via filter on the_content --><!-- AddThis Share Buttons generic via filter on the_content --></p>

<p>Auren participará en las jornadas de economía responsable de Canarias el próximo 4 de julio, para hablar del proyecto de Auren ODS y RSC. Además del libro de entrevista sobre [&hellip;]</p>

<!-- This site is optimized with the Yoast SEO plugin v27.5 - https://yoast.com/product/yoast-seo-wordpress/ -->
<title>Auren participa en las jornadas de economía responsable de Canarias - Auren España</title>
<meta name="robots" content="index, follow, max-snippet:-1, max-image-preview:large, max-video-preview:-1" />
<link rel="canonical" href="https://auren.com/es/noticias/auren-participa-en-las-jornadas-de-economia-responsable-de-canarias/" />
<meta property="og:locale" content="es_ES" />
<meta property="og:type" content="article" />
<meta property="og:title" content="Auren participa en las jornadas de economía responsable de Canarias - Auren España" />
<meta property="og:description" content="Auren participará en las jornadas de economía responsable de Canarias el próximo 4 de julio, para hablar del proyecto de Auren ODS y RSC. Además del libro de entrevista sobre [&hellip;]" />
<meta property="og:url" content="https://auren.com/es/noticias/auren-participa-en-las-jornadas-de-economia-responsable-de-canarias/" />
<meta property="og:site_name" content="Auren" />
<meta property="og:image" content="https://auren.com/es/wp-content/uploads/2018/06/900x520_18.jpg" />
	<meta property="og:image:width" content="900" />
	<meta property="og:image:height" content="520" />
	<meta property="og:image:type" content="image/jpeg" />
<meta name="twitter:card" content="summary_large_image" />
<meta name="twitter:site" content="@auren_spain" />
<meta name="twitter:label1" content="Tiempo de lectura" />
	<meta name="twitter:data1" content="1 minuto" />
<script type="application/ld+json" class="yoast-schema-graph">{"@context":"https:\/\/schema.org","@graph":[{"@type":"WebPage","@id":"https:\/\/auren.com\/es\/noticias\/auren-participa-en-las-jornadas-de-economia-responsable-de-canarias\/","url":"https:\/\/auren.com\/es\/noticias\/auren-participa-en-las-jornadas-de-economia-responsable-de-canarias\/","name":"Auren participa en las jornadas de economía responsable de Canarias - Auren España","isPartOf":{"@id":"https:\/\/auren.com\/es\/#website"},"primaryImageOfPage":{"@id":"https:\/\/auren.com\/es\/noticias\/auren-participa-en-las-jornadas-de-economia-responsable-de-canarias\/#primaryimage"},"image":{"@id":"https:\/\/auren.com\/es\/noticias\/auren-participa-en-las-jornadas-de-economia-responsable-de-canarias\/#primaryimage"},"thumbnailUrl":"https:\/\/auren.com\/es\/wp-content\/uploads\/2018\/06\/900x520_18.jpg","datePublished":"2018-06-27T12:03:59+00:00","breadcrumb":{"@id":"https:\/\/auren.com\/es\/noticias\/auren-participa-en-las-jornadas-de-economia-responsable-de-canarias\/#breadcrumb"},"inLanguage":"es","potentialAction":[{"@type":"ReadAction","target":["https:\/\/auren.com\/es\/noticias\/auren-participa-en-las-jornadas-de-economia-responsable-de-canarias\/"]}]},{"@type":"ImageObject","inLanguage":"es","@id":"https:\/\/auren.com\/es\/noticias\/auren-participa-en-las-jornadas-de-economia-responsable-de-canarias\/#primaryimage","url":"https:\/\/auren.com\/es\/wp-content\/uploads\/2018\/06\/900x520_18.jpg","contentUrl":"https:\/\/auren.com\/es\/wp-content\/uploads\/2018\/06\/900x520_18.jpg","width":900,"height":520},{"@type":"BreadcrumbList","@id":"https:\/\/auren.com\/es\/noticias\/auren-participa-en-las-jornadas-de-economia-responsable-de-canarias\/#breadcrumb","itemListElement":[{"@type":"ListItem","position":1,"name":"Portada","item":"https:\/\/auren.com\/es\/"},{"@type":"ListItem","position":2,"name":"Auren participa en las jornadas de economía responsable de Canarias"}]},{"@type":"WebSite","@id":"https:\/\/auren.com\/es\/#website","url":"https:\/\/auren.com\/es\/","name":"Auren","description":"","publisher":{"@id":"https:\/\/auren.com\/es\/#organization"},"alternateName":"Auren","potentialAction":[{"@type":"SearchAction","target":{"@type":"EntryPoint","urlTemplate":"https:\/\/auren.com\/es\/?s={search_term_string}"},"query-input":{"@type":"PropertyValueSpecification","valueRequired":true,"valueName":"search_term_string"}}],"inLanguage":"es"},{"@type":"Organization","@id":"https:\/\/auren.com\/es\/#organization","name":"Auren","alternateName":"Auren","url":"https:\/\/auren.com\/es\/","logo":{"@type":"ImageObject","inLanguage":"es","@id":"https:\/\/auren.com\/es\/#\/schema\/logo\/image\/","url":"https:\/\/auren.com\/es\/wp-content\/uploads\/2025\/01\/cropped-cropped-favicon-Auren.png","contentUrl":"https:\/\/auren.com\/es\/wp-content\/uploads\/2025\/01\/cropped-cropped-favicon-Auren.png","width":512,"height":512,"caption":"Auren"},"image":{"@id":"https:\/\/auren.com\/es\/#\/schema\/logo\/image\/"},"sameAs":["https:\/\/x.com\/auren_spain","https:\/\/www.linkedin.com\/company\/aurenspainserviciosprofesionales","https:\/\/www.youtube.com\/@AurenEsp","https:\/\/www.instagram.com\/auren_spain"]}]}</script>
<!-- / Yoast SEO plugin. -->

Auren participa en las jornadas de economía responsable de Canarias - Auren España

Auren participará en las jornadas de economía responsable de Canarias el próximo 4 de julio, para hablar del proyecto de Auren ODS y RSC. Además del libro de entrevista sobre [&hellip;]
