{"id":5572,"date":"2018-06-12T15:01:08","date_gmt":"2018-06-12T13:01:08","guid":{"rendered":"https:\/\/auren.com\/es\/new\/auren-crea-un-area-de-derecho-inmobiliario\/"},"modified":"2018-06-12T15:01:08","modified_gmt":"2018-06-12T13:01:08","slug":"auren-crea-un-area-de-derecho-inmobiliario","status":"publish","type":"new","link":"https:\/\/auren.com\/es\/noticias\/auren-crea-un-area-de-derecho-inmobiliario\/","title":{"rendered":"Auren crea un \u00e1rea de Derecho Inmobiliario"},"content":{"rendered":"<p class=\"text-justify\">Auren ha creado un \u00e1rea de Derecho Inmobiliario enfocada al asesoramiento jur\u00eddico de todo lo relacionado con bienes e inmuebles y sus implicaciones legales. Resoluci\u00f3n de conflictos inmobiliarios, redacci\u00f3n de contratos, reclamaci\u00f3n de deuda, contratos de obra, incumplimientos en compraventas o asesoramiento en transacciones inmobiliarias, son algunos de los servicios que se ofrecer\u00e1n desde la nueva unidad de Auren Derecho Inmobiliario.<\/p>\n<p class=\"text-justify\">Para liderar el \u00e1rea, Auren ha fichado como nueva socia de la firma a Mercedes Ruiz-Rico Vera, abogada experta en el asesoramiento en materia de inversi\u00f3n inmobiliaria, contrataci\u00f3n civil y resoluci\u00f3n de conflictos inmobiliarios. Mercedes es Licenciada en Derecho por la Universidad de Granada, y fue premio nacional fin de carrera al mejor expediente acad\u00e9mico. Durante su trayectoria profesional ha colaborado con varios despachos prestando asesoramiento a m\u00faltiples empresas nacionales e internacionales en materia procesal, civil e inmobiliaria. Tambi\u00e9n es profesora del M\u00e1ster en Asesor\u00eda Jur\u00eddica de Empresas en la Universidad de Granada y profesora en el ISDE (Instituto Superior de Derecho y Econom\u00eda).<\/p>\n<p class=\"text-justify\">Como parte del equipo y gerentes de la nueva unidad se ha incorporado a Laura Vallinas, Amelia Rebollo y Jorge Petrement, destacados abogados dentro del sector del derecho inmobiliario.   <\/p>\n<p class=\"text-justify\">El equipo de Mercedes Ruiz-Rico est\u00e1 especializado, adem\u00e1s, en el an\u00e1lisis jur\u00eddico de la compraventa de carteras inmobiliarias, habiendo participado en las principales operaciones que se est\u00e1n llevando a cabo en los \u00faltimos a\u00f1os en el sector bancario.<\/p>\n<p class=\"text-justify\">El nuevo \u00e1rea de Derecho Inmobiliario trabajar\u00e1 en coordinaci\u00f3n con el \u00e1rea de consultor\u00eda en Real Estate y con el Departamento de Derecho Procesal, sector en el que tambi\u00e9n son especialistas, para ofrecer un asesoramiento integral y multidisciplinar.<\/p>\n<p><!-- AddThis Advanced Settings generic via filter on the_content --><!-- AddThis Share Buttons generic via filter on the_content --><\/p>\n","protected":false},"excerpt":{"rendered":"<p>Auren ha creado un \u00e1rea de Derecho Inmobiliario enfocada al asesoramiento jur\u00eddico de todo lo relacionado con bienes e inmuebles y sus implicaciones legales. Resoluci\u00f3n de conflictos inmobiliarios, redacci\u00f3n de [&hellip;]<\/p>\n","protected":false},"featured_media":5573,"template":"","meta":{"_acf_changed":false,"footnotes":""},"new-category":[],"class_list":["post-5572","new","type-new","status-publish","has-post-thumbnail","hentry"],"acf":[],"yoast_head":"<!-- This site is optimized with the Yoast SEO plugin v27.5 - https:\/\/yoast.com\/product\/yoast-seo-wordpress\/ -->\n<title>Auren crea un \u00e1rea de Derecho Inmobiliario - Auren Espa\u00f1a<\/title>\n<meta name=\"robots\" content=\"index, follow, max-snippet:-1, max-image-preview:large, max-video-preview:-1\" \/>\n<link rel=\"canonical\" href=\"https:\/\/auren.com\/es\/noticias\/auren-crea-un-area-de-derecho-inmobiliario\/\" \/>\n<meta property=\"og:locale\" content=\"es_ES\" \/>\n<meta property=\"og:type\" content=\"article\" \/>\n<meta property=\"og:title\" content=\"Auren crea un \u00e1rea de Derecho Inmobiliario - Auren Espa\u00f1a\" \/>\n<meta property=\"og:description\" content=\"Auren ha creado un \u00e1rea de Derecho Inmobiliario enfocada al asesoramiento jur\u00eddico de todo lo relacionado con bienes e inmuebles y sus implicaciones legales. Resoluci\u00f3n de conflictos inmobiliarios, redacci\u00f3n de [&hellip;]\" \/>\n<meta property=\"og:url\" content=\"https:\/\/auren.com\/es\/noticias\/auren-crea-un-area-de-derecho-inmobiliario\/\" \/>\n<meta property=\"og:site_name\" content=\"Auren\" \/>\n<meta property=\"og:image\" content=\"https:\/\/auren.com\/es\/wp-content\/uploads\/2018\/06\/900x520_28.jpg\" \/>\n\t<meta property=\"og:image:width\" content=\"900\" \/>\n\t<meta property=\"og:image:height\" content=\"520\" \/>\n\t<meta property=\"og:image:type\" content=\"image\/jpeg\" \/>\n<meta name=\"twitter:card\" content=\"summary_large_image\" \/>\n<meta name=\"twitter:site\" content=\"@auren_spain\" \/>\n<meta name=\"twitter:label1\" content=\"Tiempo de lectura\" \/>\n\t<meta name=\"twitter:data1\" content=\"1 minuto\" \/>\n<script type=\"application\/ld+json\" class=\"yoast-schema-graph\">{\"@context\":\"https:\\\/\\\/schema.org\",\"@graph\":[{\"@type\":\"WebPage\",\"@id\":\"https:\\\/\\\/auren.com\\\/es\\\/noticias\\\/auren-crea-un-area-de-derecho-inmobiliario\\\/\",\"url\":\"https:\\\/\\\/auren.com\\\/es\\\/noticias\\\/auren-crea-un-area-de-derecho-inmobiliario\\\/\",\"name\":\"Auren crea un \u00e1rea de Derecho Inmobiliario - Auren Espa\u00f1a\",\"isPartOf\":{\"@id\":\"https:\\\/\\\/auren.com\\\/es\\\/#website\"},\"primaryImageOfPage\":{\"@id\":\"https:\\\/\\\/auren.com\\\/es\\\/noticias\\\/auren-crea-un-area-de-derecho-inmobiliario\\\/#primaryimage\"},\"image\":{\"@id\":\"https:\\\/\\\/auren.com\\\/es\\\/noticias\\\/auren-crea-un-area-de-derecho-inmobiliario\\\/#primaryimage\"},\"thumbnailUrl\":\"https:\\\/\\\/auren.com\\\/es\\\/wp-content\\\/uploads\\\/2018\\\/06\\\/900x520_28.jpg\",\"datePublished\":\"2018-06-12T13:01:08+00:00\",\"breadcrumb\":{\"@id\":\"https:\\\/\\\/auren.com\\\/es\\\/noticias\\\/auren-crea-un-area-de-derecho-inmobiliario\\\/#breadcrumb\"},\"inLanguage\":\"es\",\"potentialAction\":[{\"@type\":\"ReadAction\",\"target\":[\"https:\\\/\\\/auren.com\\\/es\\\/noticias\\\/auren-crea-un-area-de-derecho-inmobiliario\\\/\"]}]},{\"@type\":\"ImageObject\",\"inLanguage\":\"es\",\"@id\":\"https:\\\/\\\/auren.com\\\/es\\\/noticias\\\/auren-crea-un-area-de-derecho-inmobiliario\\\/#primaryimage\",\"url\":\"https:\\\/\\\/auren.com\\\/es\\\/wp-content\\\/uploads\\\/2018\\\/06\\\/900x520_28.jpg\",\"contentUrl\":\"https:\\\/\\\/auren.com\\\/es\\\/wp-content\\\/uploads\\\/2018\\\/06\\\/900x520_28.jpg\",\"width\":900,\"height\":520},{\"@type\":\"BreadcrumbList\",\"@id\":\"https:\\\/\\\/auren.com\\\/es\\\/noticias\\\/auren-crea-un-area-de-derecho-inmobiliario\\\/#breadcrumb\",\"itemListElement\":[{\"@type\":\"ListItem\",\"position\":1,\"name\":\"Portada\",\"item\":\"https:\\\/\\\/auren.com\\\/es\\\/\"},{\"@type\":\"ListItem\",\"position\":2,\"name\":\"Auren crea un \u00e1rea de Derecho Inmobiliario\"}]},{\"@type\":\"WebSite\",\"@id\":\"https:\\\/\\\/auren.com\\\/es\\\/#website\",\"url\":\"https:\\\/\\\/auren.com\\\/es\\\/\",\"name\":\"Auren\",\"description\":\"\",\"publisher\":{\"@id\":\"https:\\\/\\\/auren.com\\\/es\\\/#organization\"},\"alternateName\":\"Auren\",\"potentialAction\":[{\"@type\":\"SearchAction\",\"target\":{\"@type\":\"EntryPoint\",\"urlTemplate\":\"https:\\\/\\\/auren.com\\\/es\\\/?s={search_term_string}\"},\"query-input\":{\"@type\":\"PropertyValueSpecification\",\"valueRequired\":true,\"valueName\":\"search_term_string\"}}],\"inLanguage\":\"es\"},{\"@type\":\"Organization\",\"@id\":\"https:\\\/\\\/auren.com\\\/es\\\/#organization\",\"name\":\"Auren\",\"alternateName\":\"Auren\",\"url\":\"https:\\\/\\\/auren.com\\\/es\\\/\",\"logo\":{\"@type\":\"ImageObject\",\"inLanguage\":\"es\",\"@id\":\"https:\\\/\\\/auren.com\\\/es\\\/#\\\/schema\\\/logo\\\/image\\\/\",\"url\":\"https:\\\/\\\/auren.com\\\/es\\\/wp-content\\\/uploads\\\/2025\\\/01\\\/cropped-cropped-favicon-Auren.png\",\"contentUrl\":\"https:\\\/\\\/auren.com\\\/es\\\/wp-content\\\/uploads\\\/2025\\\/01\\\/cropped-cropped-favicon-Auren.png\",\"width\":512,\"height\":512,\"caption\":\"Auren\"},\"image\":{\"@id\":\"https:\\\/\\\/auren.com\\\/es\\\/#\\\/schema\\\/logo\\\/image\\\/\"},\"sameAs\":[\"https:\\\/\\\/x.com\\\/auren_spain\",\"https:\\\/\\\/www.linkedin.com\\\/company\\\/aurenspainserviciosprofesionales\",\"https:\\\/\\\/www.youtube.com\\\/@AurenEsp\",\"https:\\\/\\\/www.instagram.com\\\/auren_spain\"]}]}<\/script>\n<!-- \/ Yoast SEO plugin. -->","yoast_head_json":{"title":"Auren crea un \u00e1rea de Derecho Inmobiliario - Auren Espa\u00f1a","robots":{"index":"index","follow":"follow","max-snippet":"max-snippet:-1","max-image-preview":"max-image-preview:large","max-video-preview":"max-video-preview:-1"},"canonical":"https:\/\/auren.com\/es\/noticias\/auren-crea-un-area-de-derecho-inmobiliario\/","og_locale":"es_ES","og_type":"article","og_title":"Auren crea un \u00e1rea de Derecho Inmobiliario - Auren Espa\u00f1a","og_description":"Auren ha creado un \u00e1rea de Derecho Inmobiliario enfocada al asesoramiento jur\u00eddico de todo lo relacionado con bienes e inmuebles y sus implicaciones legales. Resoluci\u00f3n de conflictos inmobiliarios, redacci\u00f3n de [&hellip;]","og_url":"https:\/\/auren.com\/es\/noticias\/auren-crea-un-area-de-derecho-inmobiliario\/","og_site_name":"Auren","og_image":[{"width":900,"height":520,"url":"https:\/\/auren.com\/es\/wp-content\/uploads\/2018\/06\/900x520_28.jpg","type":"image\/jpeg"}],"twitter_card":"summary_large_image","twitter_site":"@auren_spain","twitter_misc":{"Tiempo de lectura":"1 minuto"},"schema":{"@context":"https:\/\/schema.org","@graph":[{"@type":"WebPage","@id":"https:\/\/auren.com\/es\/noticias\/auren-crea-un-area-de-derecho-inmobiliario\/","url":"https:\/\/auren.com\/es\/noticias\/auren-crea-un-area-de-derecho-inmobiliario\/","name":"Auren crea un \u00e1rea de Derecho Inmobiliario - Auren Espa\u00f1a","isPartOf":{"@id":"https:\/\/auren.com\/es\/#website"},"primaryImageOfPage":{"@id":"https:\/\/auren.com\/es\/noticias\/auren-crea-un-area-de-derecho-inmobiliario\/#primaryimage"},"image":{"@id":"https:\/\/auren.com\/es\/noticias\/auren-crea-un-area-de-derecho-inmobiliario\/#primaryimage"},"thumbnailUrl":"https:\/\/auren.com\/es\/wp-content\/uploads\/2018\/06\/900x520_28.jpg","datePublished":"2018-06-12T13:01:08+00:00","breadcrumb":{"@id":"https:\/\/auren.com\/es\/noticias\/auren-crea-un-area-de-derecho-inmobiliario\/#breadcrumb"},"inLanguage":"es","potentialAction":[{"@type":"ReadAction","target":["https:\/\/auren.com\/es\/noticias\/auren-crea-un-area-de-derecho-inmobiliario\/"]}]},{"@type":"ImageObject","inLanguage":"es","@id":"https:\/\/auren.com\/es\/noticias\/auren-crea-un-area-de-derecho-inmobiliario\/#primaryimage","url":"https:\/\/auren.com\/es\/wp-content\/uploads\/2018\/06\/900x520_28.jpg","contentUrl":"https:\/\/auren.com\/es\/wp-content\/uploads\/2018\/06\/900x520_28.jpg","width":900,"height":520},{"@type":"BreadcrumbList","@id":"https:\/\/auren.com\/es\/noticias\/auren-crea-un-area-de-derecho-inmobiliario\/#breadcrumb","itemListElement":[{"@type":"ListItem","position":1,"name":"Portada","item":"https:\/\/auren.com\/es\/"},{"@type":"ListItem","position":2,"name":"Auren crea un \u00e1rea de Derecho Inmobiliario"}]},{"@type":"WebSite","@id":"https:\/\/auren.com\/es\/#website","url":"https:\/\/auren.com\/es\/","name":"Auren","description":"","publisher":{"@id":"https:\/\/auren.com\/es\/#organization"},"alternateName":"Auren","potentialAction":[{"@type":"SearchAction","target":{"@type":"EntryPoint","urlTemplate":"https:\/\/auren.com\/es\/?s={search_term_string}"},"query-input":{"@type":"PropertyValueSpecification","valueRequired":true,"valueName":"search_term_string"}}],"inLanguage":"es"},{"@type":"Organization","@id":"https:\/\/auren.com\/es\/#organization","name":"Auren","alternateName":"Auren","url":"https:\/\/auren.com\/es\/","logo":{"@type":"ImageObject","inLanguage":"es","@id":"https:\/\/auren.com\/es\/#\/schema\/logo\/image\/","url":"https:\/\/auren.com\/es\/wp-content\/uploads\/2025\/01\/cropped-cropped-favicon-Auren.png","contentUrl":"https:\/\/auren.com\/es\/wp-content\/uploads\/2025\/01\/cropped-cropped-favicon-Auren.png","width":512,"height":512,"caption":"Auren"},"image":{"@id":"https:\/\/auren.com\/es\/#\/schema\/logo\/image\/"},"sameAs":["https:\/\/x.com\/auren_spain","https:\/\/www.linkedin.com\/company\/aurenspainserviciosprofesionales","https:\/\/www.youtube.com\/@AurenEsp","https:\/\/www.instagram.com\/auren_spain"]}]}},"_links":{"self":[{"href":"https:\/\/auren.com\/es\/wp-json\/wp\/v2\/new\/5572","targetHints":{"allow":["GET"]}}],"collection":[{"href":"https:\/\/auren.com\/es\/wp-json\/wp\/v2\/new"}],"about":[{"href":"https:\/\/auren.com\/es\/wp-json\/wp\/v2\/types\/new"}],"version-history":[{"count":0,"href":"https:\/\/auren.com\/es\/wp-json\/wp\/v2\/new\/5572\/revisions"}],"wp:featuredmedia":[{"embeddable":true,"href":"https:\/\/auren.com\/es\/wp-json\/wp\/v2\/media\/5573"}],"wp:attachment":[{"href":"https:\/\/auren.com\/es\/wp-json\/wp\/v2\/media?parent=5572"}],"wp:term":[{"taxonomy":"new-category","embeddable":true,"href":"https:\/\/auren.com\/es\/wp-json\/wp\/v2\/new-category?post=5572"}],"curies":[{"name":"wp","href":"https:\/\/api.w.org\/{rel}","templated":true}]}}

Auren crea un área de Derecho Inmobiliario

<p class="text-justify">Auren ha creado un área de Derecho Inmobiliario enfocada al asesoramiento jurídico de todo lo relacionado con bienes e inmuebles y sus implicaciones legales. Resolución de conflictos inmobiliarios, redacción de contratos, reclamación de deuda, contratos de obra, incumplimientos en compraventas o asesoramiento en transacciones inmobiliarias, son algunos de los servicios que se ofrecerán desde la nueva unidad de Auren Derecho Inmobiliario.</p>
<p class="text-justify">Para liderar el área, Auren ha fichado como nueva socia de la firma a Mercedes Ruiz-Rico Vera, abogada experta en el asesoramiento en materia de inversión inmobiliaria, contratación civil y resolución de conflictos inmobiliarios. Mercedes es Licenciada en Derecho por la Universidad de Granada, y fue premio nacional fin de carrera al mejor expediente académico. Durante su trayectoria profesional ha colaborado con varios despachos prestando asesoramiento a múltiples empresas nacionales e internacionales en materia procesal, civil e inmobiliaria. También es profesora del Máster en Asesoría Jurídica de Empresas en la Universidad de Granada y profesora en el ISDE (Instituto Superior de Derecho y Economía).</p>
<p class="text-justify">Como parte del equipo y gerentes de la nueva unidad se ha incorporado a Laura Vallinas, Amelia Rebollo y Jorge Petrement, destacados abogados dentro del sector del derecho inmobiliario.   </p>
<p class="text-justify">El equipo de Mercedes Ruiz-Rico está especializado, además, en el análisis jurídico de la compraventa de carteras inmobiliarias, habiendo participado en las principales operaciones que se están llevando a cabo en los últimos años en el sector bancario.</p>
<p class="text-justify">El nuevo área de Derecho Inmobiliario trabajará en coordinación con el área de consultoría en Real Estate y con el Departamento de Derecho Procesal, sector en el que también son especialistas, para ofrecer un asesoramiento integral y multidisciplinar.</p>
<p><!-- AddThis Advanced Settings generic via filter on the_content --><!-- AddThis Share Buttons generic via filter on the_content --></p>

<p>Auren ha creado un área de Derecho Inmobiliario enfocada al asesoramiento jurídico de todo lo relacionado con bienes e inmuebles y sus implicaciones legales. Resolución de conflictos inmobiliarios, redacción de [&hellip;]</p>

<!-- This site is optimized with the Yoast SEO plugin v27.5 - https://yoast.com/product/yoast-seo-wordpress/ -->
<title>Auren crea un área de Derecho Inmobiliario - Auren España</title>
<meta name="robots" content="index, follow, max-snippet:-1, max-image-preview:large, max-video-preview:-1" />
<link rel="canonical" href="https://auren.com/es/noticias/auren-crea-un-area-de-derecho-inmobiliario/" />
<meta property="og:locale" content="es_ES" />
<meta property="og:type" content="article" />
<meta property="og:title" content="Auren crea un área de Derecho Inmobiliario - Auren España" />
<meta property="og:description" content="Auren ha creado un área de Derecho Inmobiliario enfocada al asesoramiento jurídico de todo lo relacionado con bienes e inmuebles y sus implicaciones legales. Resolución de conflictos inmobiliarios, redacción de [&hellip;]" />
<meta property="og:url" content="https://auren.com/es/noticias/auren-crea-un-area-de-derecho-inmobiliario/" />
<meta property="og:site_name" content="Auren" />
<meta property="og:image" content="https://auren.com/es/wp-content/uploads/2018/06/900x520_28.jpg" />
	<meta property="og:image:width" content="900" />
	<meta property="og:image:height" content="520" />
	<meta property="og:image:type" content="image/jpeg" />
<meta name="twitter:card" content="summary_large_image" />
<meta name="twitter:site" content="@auren_spain" />
<meta name="twitter:label1" content="Tiempo de lectura" />
	<meta name="twitter:data1" content="1 minuto" />
<script type="application/ld+json" class="yoast-schema-graph">{"@context":"https:\/\/schema.org","@graph":[{"@type":"WebPage","@id":"https:\/\/auren.com\/es\/noticias\/auren-crea-un-area-de-derecho-inmobiliario\/","url":"https:\/\/auren.com\/es\/noticias\/auren-crea-un-area-de-derecho-inmobiliario\/","name":"Auren crea un área de Derecho Inmobiliario - Auren España","isPartOf":{"@id":"https:\/\/auren.com\/es\/#website"},"primaryImageOfPage":{"@id":"https:\/\/auren.com\/es\/noticias\/auren-crea-un-area-de-derecho-inmobiliario\/#primaryimage"},"image":{"@id":"https:\/\/auren.com\/es\/noticias\/auren-crea-un-area-de-derecho-inmobiliario\/#primaryimage"},"thumbnailUrl":"https:\/\/auren.com\/es\/wp-content\/uploads\/2018\/06\/900x520_28.jpg","datePublished":"2018-06-12T13:01:08+00:00","breadcrumb":{"@id":"https:\/\/auren.com\/es\/noticias\/auren-crea-un-area-de-derecho-inmobiliario\/#breadcrumb"},"inLanguage":"es","potentialAction":[{"@type":"ReadAction","target":["https:\/\/auren.com\/es\/noticias\/auren-crea-un-area-de-derecho-inmobiliario\/"]}]},{"@type":"ImageObject","inLanguage":"es","@id":"https:\/\/auren.com\/es\/noticias\/auren-crea-un-area-de-derecho-inmobiliario\/#primaryimage","url":"https:\/\/auren.com\/es\/wp-content\/uploads\/2018\/06\/900x520_28.jpg","contentUrl":"https:\/\/auren.com\/es\/wp-content\/uploads\/2018\/06\/900x520_28.jpg","width":900,"height":520},{"@type":"BreadcrumbList","@id":"https:\/\/auren.com\/es\/noticias\/auren-crea-un-area-de-derecho-inmobiliario\/#breadcrumb","itemListElement":[{"@type":"ListItem","position":1,"name":"Portada","item":"https:\/\/auren.com\/es\/"},{"@type":"ListItem","position":2,"name":"Auren crea un área de Derecho Inmobiliario"}]},{"@type":"WebSite","@id":"https:\/\/auren.com\/es\/#website","url":"https:\/\/auren.com\/es\/","name":"Auren","description":"","publisher":{"@id":"https:\/\/auren.com\/es\/#organization"},"alternateName":"Auren","potentialAction":[{"@type":"SearchAction","target":{"@type":"EntryPoint","urlTemplate":"https:\/\/auren.com\/es\/?s={search_term_string}"},"query-input":{"@type":"PropertyValueSpecification","valueRequired":true,"valueName":"search_term_string"}}],"inLanguage":"es"},{"@type":"Organization","@id":"https:\/\/auren.com\/es\/#organization","name":"Auren","alternateName":"Auren","url":"https:\/\/auren.com\/es\/","logo":{"@type":"ImageObject","inLanguage":"es","@id":"https:\/\/auren.com\/es\/#\/schema\/logo\/image\/","url":"https:\/\/auren.com\/es\/wp-content\/uploads\/2025\/01\/cropped-cropped-favicon-Auren.png","contentUrl":"https:\/\/auren.com\/es\/wp-content\/uploads\/2025\/01\/cropped-cropped-favicon-Auren.png","width":512,"height":512,"caption":"Auren"},"image":{"@id":"https:\/\/auren.com\/es\/#\/schema\/logo\/image\/"},"sameAs":["https:\/\/x.com\/auren_spain","https:\/\/www.linkedin.com\/company\/aurenspainserviciosprofesionales","https:\/\/www.youtube.com\/@AurenEsp","https:\/\/www.instagram.com\/auren_spain"]}]}</script>
<!-- / Yoast SEO plugin. -->

Auren crea un área de Derecho Inmobiliario - Auren España

Auren ha creado un área de Derecho Inmobiliario enfocada al asesoramiento jurídico de todo lo relacionado con bienes e inmuebles y sus implicaciones legales. Resolución de conflictos inmobiliarios, redacción de [&hellip;]
