{"id":6043,"date":"2017-03-27T10:25:01","date_gmt":"2017-03-27T08:25:01","guid":{"rendered":"https:\/\/auren.com\/es\/new\/auren-patrocina-la-3a-edicion-del-open-de-arbitraje\/"},"modified":"2017-03-27T10:25:01","modified_gmt":"2017-03-27T08:25:01","slug":"auren-patrocina-la-3a-edicion-del-open-de-arbitraje","status":"publish","type":"new","link":"https:\/\/auren.com\/es\/noticias\/auren-patrocina-la-3a-edicion-del-open-de-arbitraje\/","title":{"rendered":"AUREN PATROCINA LA 3\u00aa EDICI\u00d3N DEL OPEN DE ARBITRAJE"},"content":{"rendered":"<p>Un a\u00f1o m\u00e1s, Auren patrocinar\u00e1 el Open de arbitraje, que se celebrar\u00e1 el pr\u00f3ximo 11 de Mayo en el Auditorio Rafael del Pino. C\/ Rafael Calvo, 39 a las 09:00 H.<\/p>\n<p>Ser\u00e1  un punto de encuentro de aquellos profesionales interesados por el arbitraje. Se ha convertido, adem\u00e1s, en un evento de car\u00e1cter internacional donde expertos de numerosos pa\u00edses en todas latitudes se dan cita para tratar los temas de actualidad en el arbitraje dom\u00e9stico e internacional.<\/p>\n<p>M\u00e1s informaci\u00f3n y programa pulsa <a href=\"http:\/\/www.opendearbitraje.com\/index.html \">AQU\u00cd<\/a><\/p>\n<p><!-- AddThis Advanced Settings generic via filter on the_content --><!-- AddThis Share Buttons generic via filter on the_content --><\/p>\n","protected":false},"excerpt":{"rendered":"<p>Informaci\u00f3n de Open de arbitraje.com<\/p>\n","protected":false},"featured_media":6044,"template":"","meta":{"_acf_changed":false,"footnotes":""},"new-category":[],"class_list":["post-6043","new","type-new","status-publish","has-post-thumbnail","hentry"],"acf":[],"yoast_head":"<!-- This site is optimized with the Yoast SEO plugin v27.4 - https:\/\/yoast.com\/product\/yoast-seo-wordpress\/ -->\n<title>AUREN PATROCINA LA 3\u00aa EDICI\u00d3N DEL OPEN DE ARBITRAJE - Auren Espa\u00f1a<\/title>\n<meta name=\"robots\" content=\"index, follow, max-snippet:-1, max-image-preview:large, max-video-preview:-1\" \/>\n<link rel=\"canonical\" href=\"https:\/\/auren.com\/es\/noticias\/auren-patrocina-la-3a-edicion-del-open-de-arbitraje\/\" \/>\n<meta property=\"og:locale\" content=\"es_ES\" \/>\n<meta property=\"og:type\" content=\"article\" \/>\n<meta property=\"og:title\" content=\"AUREN PATROCINA LA 3\u00aa EDICI\u00d3N DEL OPEN DE ARBITRAJE - Auren Espa\u00f1a\" \/>\n<meta property=\"og:description\" content=\"Informaci\u00f3n de Open de arbitraje.com\" \/>\n<meta property=\"og:url\" content=\"https:\/\/auren.com\/es\/noticias\/auren-patrocina-la-3a-edicion-del-open-de-arbitraje\/\" \/>\n<meta property=\"og:site_name\" content=\"Auren\" \/>\n<meta property=\"og:image\" content=\"https:\/\/auren.com\/es\/wp-content\/uploads\/2017\/03\/3277.jpg\" \/>\n\t<meta property=\"og:image:width\" content=\"593\" \/>\n\t<meta property=\"og:image:height\" content=\"240\" \/>\n\t<meta property=\"og:image:type\" content=\"image\/jpeg\" \/>\n<meta name=\"twitter:card\" content=\"summary_large_image\" \/>\n<meta name=\"twitter:site\" content=\"@auren_spain\" \/>\n<script type=\"application\/ld+json\" class=\"yoast-schema-graph\">{\"@context\":\"https:\\\/\\\/schema.org\",\"@graph\":[{\"@type\":\"WebPage\",\"@id\":\"https:\\\/\\\/auren.com\\\/es\\\/noticias\\\/auren-patrocina-la-3a-edicion-del-open-de-arbitraje\\\/\",\"url\":\"https:\\\/\\\/auren.com\\\/es\\\/noticias\\\/auren-patrocina-la-3a-edicion-del-open-de-arbitraje\\\/\",\"name\":\"AUREN PATROCINA LA 3\u00aa EDICI\u00d3N DEL OPEN DE ARBITRAJE - Auren Espa\u00f1a\",\"isPartOf\":{\"@id\":\"https:\\\/\\\/auren.com\\\/es\\\/#website\"},\"primaryImageOfPage\":{\"@id\":\"https:\\\/\\\/auren.com\\\/es\\\/noticias\\\/auren-patrocina-la-3a-edicion-del-open-de-arbitraje\\\/#primaryimage\"},\"image\":{\"@id\":\"https:\\\/\\\/auren.com\\\/es\\\/noticias\\\/auren-patrocina-la-3a-edicion-del-open-de-arbitraje\\\/#primaryimage\"},\"thumbnailUrl\":\"https:\\\/\\\/auren.com\\\/es\\\/wp-content\\\/uploads\\\/2017\\\/03\\\/3277.jpg\",\"datePublished\":\"2017-03-27T08:25:01+00:00\",\"breadcrumb\":{\"@id\":\"https:\\\/\\\/auren.com\\\/es\\\/noticias\\\/auren-patrocina-la-3a-edicion-del-open-de-arbitraje\\\/#breadcrumb\"},\"inLanguage\":\"es\",\"potentialAction\":[{\"@type\":\"ReadAction\",\"target\":[\"https:\\\/\\\/auren.com\\\/es\\\/noticias\\\/auren-patrocina-la-3a-edicion-del-open-de-arbitraje\\\/\"]}]},{\"@type\":\"ImageObject\",\"inLanguage\":\"es\",\"@id\":\"https:\\\/\\\/auren.com\\\/es\\\/noticias\\\/auren-patrocina-la-3a-edicion-del-open-de-arbitraje\\\/#primaryimage\",\"url\":\"https:\\\/\\\/auren.com\\\/es\\\/wp-content\\\/uploads\\\/2017\\\/03\\\/3277.jpg\",\"contentUrl\":\"https:\\\/\\\/auren.com\\\/es\\\/wp-content\\\/uploads\\\/2017\\\/03\\\/3277.jpg\",\"width\":593,\"height\":240},{\"@type\":\"BreadcrumbList\",\"@id\":\"https:\\\/\\\/auren.com\\\/es\\\/noticias\\\/auren-patrocina-la-3a-edicion-del-open-de-arbitraje\\\/#breadcrumb\",\"itemListElement\":[{\"@type\":\"ListItem\",\"position\":1,\"name\":\"Portada\",\"item\":\"https:\\\/\\\/auren.com\\\/es\\\/\"},{\"@type\":\"ListItem\",\"position\":2,\"name\":\"AUREN PATROCINA LA 3\u00aa EDICI\u00d3N DEL OPEN DE ARBITRAJE\"}]},{\"@type\":\"WebSite\",\"@id\":\"https:\\\/\\\/auren.com\\\/es\\\/#website\",\"url\":\"https:\\\/\\\/auren.com\\\/es\\\/\",\"name\":\"Auren\",\"description\":\"\",\"publisher\":{\"@id\":\"https:\\\/\\\/auren.com\\\/es\\\/#organization\"},\"alternateName\":\"Auren\",\"potentialAction\":[{\"@type\":\"SearchAction\",\"target\":{\"@type\":\"EntryPoint\",\"urlTemplate\":\"https:\\\/\\\/auren.com\\\/es\\\/?s={search_term_string}\"},\"query-input\":{\"@type\":\"PropertyValueSpecification\",\"valueRequired\":true,\"valueName\":\"search_term_string\"}}],\"inLanguage\":\"es\"},{\"@type\":\"Organization\",\"@id\":\"https:\\\/\\\/auren.com\\\/es\\\/#organization\",\"name\":\"Auren\",\"alternateName\":\"Auren\",\"url\":\"https:\\\/\\\/auren.com\\\/es\\\/\",\"logo\":{\"@type\":\"ImageObject\",\"inLanguage\":\"es\",\"@id\":\"https:\\\/\\\/auren.com\\\/es\\\/#\\\/schema\\\/logo\\\/image\\\/\",\"url\":\"https:\\\/\\\/auren.com\\\/es\\\/wp-content\\\/uploads\\\/2025\\\/01\\\/cropped-cropped-favicon-Auren.png\",\"contentUrl\":\"https:\\\/\\\/auren.com\\\/es\\\/wp-content\\\/uploads\\\/2025\\\/01\\\/cropped-cropped-favicon-Auren.png\",\"width\":512,\"height\":512,\"caption\":\"Auren\"},\"image\":{\"@id\":\"https:\\\/\\\/auren.com\\\/es\\\/#\\\/schema\\\/logo\\\/image\\\/\"},\"sameAs\":[\"https:\\\/\\\/x.com\\\/auren_spain\",\"https:\\\/\\\/www.linkedin.com\\\/company\\\/aurenspainserviciosprofesionales\",\"https:\\\/\\\/www.youtube.com\\\/@AurenEsp\",\"https:\\\/\\\/www.instagram.com\\\/auren_spain\"]}]}<\/script>\n<!-- \/ Yoast SEO plugin. -->","yoast_head_json":{"title":"AUREN PATROCINA LA 3\u00aa EDICI\u00d3N DEL OPEN DE ARBITRAJE - Auren Espa\u00f1a","robots":{"index":"index","follow":"follow","max-snippet":"max-snippet:-1","max-image-preview":"max-image-preview:large","max-video-preview":"max-video-preview:-1"},"canonical":"https:\/\/auren.com\/es\/noticias\/auren-patrocina-la-3a-edicion-del-open-de-arbitraje\/","og_locale":"es_ES","og_type":"article","og_title":"AUREN PATROCINA LA 3\u00aa EDICI\u00d3N DEL OPEN DE ARBITRAJE - Auren Espa\u00f1a","og_description":"Informaci\u00f3n de Open de arbitraje.com","og_url":"https:\/\/auren.com\/es\/noticias\/auren-patrocina-la-3a-edicion-del-open-de-arbitraje\/","og_site_name":"Auren","og_image":[{"width":593,"height":240,"url":"https:\/\/auren.com\/es\/wp-content\/uploads\/2017\/03\/3277.jpg","type":"image\/jpeg"}],"twitter_card":"summary_large_image","twitter_site":"@auren_spain","schema":{"@context":"https:\/\/schema.org","@graph":[{"@type":"WebPage","@id":"https:\/\/auren.com\/es\/noticias\/auren-patrocina-la-3a-edicion-del-open-de-arbitraje\/","url":"https:\/\/auren.com\/es\/noticias\/auren-patrocina-la-3a-edicion-del-open-de-arbitraje\/","name":"AUREN PATROCINA LA 3\u00aa EDICI\u00d3N DEL OPEN DE ARBITRAJE - Auren Espa\u00f1a","isPartOf":{"@id":"https:\/\/auren.com\/es\/#website"},"primaryImageOfPage":{"@id":"https:\/\/auren.com\/es\/noticias\/auren-patrocina-la-3a-edicion-del-open-de-arbitraje\/#primaryimage"},"image":{"@id":"https:\/\/auren.com\/es\/noticias\/auren-patrocina-la-3a-edicion-del-open-de-arbitraje\/#primaryimage"},"thumbnailUrl":"https:\/\/auren.com\/es\/wp-content\/uploads\/2017\/03\/3277.jpg","datePublished":"2017-03-27T08:25:01+00:00","breadcrumb":{"@id":"https:\/\/auren.com\/es\/noticias\/auren-patrocina-la-3a-edicion-del-open-de-arbitraje\/#breadcrumb"},"inLanguage":"es","potentialAction":[{"@type":"ReadAction","target":["https:\/\/auren.com\/es\/noticias\/auren-patrocina-la-3a-edicion-del-open-de-arbitraje\/"]}]},{"@type":"ImageObject","inLanguage":"es","@id":"https:\/\/auren.com\/es\/noticias\/auren-patrocina-la-3a-edicion-del-open-de-arbitraje\/#primaryimage","url":"https:\/\/auren.com\/es\/wp-content\/uploads\/2017\/03\/3277.jpg","contentUrl":"https:\/\/auren.com\/es\/wp-content\/uploads\/2017\/03\/3277.jpg","width":593,"height":240},{"@type":"BreadcrumbList","@id":"https:\/\/auren.com\/es\/noticias\/auren-patrocina-la-3a-edicion-del-open-de-arbitraje\/#breadcrumb","itemListElement":[{"@type":"ListItem","position":1,"name":"Portada","item":"https:\/\/auren.com\/es\/"},{"@type":"ListItem","position":2,"name":"AUREN PATROCINA LA 3\u00aa EDICI\u00d3N DEL OPEN DE ARBITRAJE"}]},{"@type":"WebSite","@id":"https:\/\/auren.com\/es\/#website","url":"https:\/\/auren.com\/es\/","name":"Auren","description":"","publisher":{"@id":"https:\/\/auren.com\/es\/#organization"},"alternateName":"Auren","potentialAction":[{"@type":"SearchAction","target":{"@type":"EntryPoint","urlTemplate":"https:\/\/auren.com\/es\/?s={search_term_string}"},"query-input":{"@type":"PropertyValueSpecification","valueRequired":true,"valueName":"search_term_string"}}],"inLanguage":"es"},{"@type":"Organization","@id":"https:\/\/auren.com\/es\/#organization","name":"Auren","alternateName":"Auren","url":"https:\/\/auren.com\/es\/","logo":{"@type":"ImageObject","inLanguage":"es","@id":"https:\/\/auren.com\/es\/#\/schema\/logo\/image\/","url":"https:\/\/auren.com\/es\/wp-content\/uploads\/2025\/01\/cropped-cropped-favicon-Auren.png","contentUrl":"https:\/\/auren.com\/es\/wp-content\/uploads\/2025\/01\/cropped-cropped-favicon-Auren.png","width":512,"height":512,"caption":"Auren"},"image":{"@id":"https:\/\/auren.com\/es\/#\/schema\/logo\/image\/"},"sameAs":["https:\/\/x.com\/auren_spain","https:\/\/www.linkedin.com\/company\/aurenspainserviciosprofesionales","https:\/\/www.youtube.com\/@AurenEsp","https:\/\/www.instagram.com\/auren_spain"]}]}},"_links":{"self":[{"href":"https:\/\/auren.com\/es\/wp-json\/wp\/v2\/new\/6043","targetHints":{"allow":["GET"]}}],"collection":[{"href":"https:\/\/auren.com\/es\/wp-json\/wp\/v2\/new"}],"about":[{"href":"https:\/\/auren.com\/es\/wp-json\/wp\/v2\/types\/new"}],"version-history":[{"count":0,"href":"https:\/\/auren.com\/es\/wp-json\/wp\/v2\/new\/6043\/revisions"}],"wp:featuredmedia":[{"embeddable":true,"href":"https:\/\/auren.com\/es\/wp-json\/wp\/v2\/media\/6044"}],"wp:attachment":[{"href":"https:\/\/auren.com\/es\/wp-json\/wp\/v2\/media?parent=6043"}],"wp:term":[{"taxonomy":"new-category","embeddable":true,"href":"https:\/\/auren.com\/es\/wp-json\/wp\/v2\/new-category?post=6043"}],"curies":[{"name":"wp","href":"https:\/\/api.w.org\/{rel}","templated":true}]}}

AUREN PATROCINA LA 3ª EDICIÓN DEL OPEN DE ARBITRAJE

<p>Un año más, Auren patrocinará el Open de arbitraje, que se celebrará el próximo 11 de Mayo en el Auditorio Rafael del Pino. C/ Rafael Calvo, 39 a las 09:00 H.</p>
<p>Será  un punto de encuentro de aquellos profesionales interesados por el arbitraje. Se ha convertido, además, en un evento de carácter internacional donde expertos de numerosos países en todas latitudes se dan cita para tratar los temas de actualidad en el arbitraje doméstico e internacional.</p>
<p>Más información y programa pulsa <a href="http://www.opendearbitraje.com/index.html ">AQUÍ</a></p>
<p><!-- AddThis Advanced Settings generic via filter on the_content --><!-- AddThis Share Buttons generic via filter on the_content --></p>

<p>Información de Open de arbitraje.com</p>

<!-- This site is optimized with the Yoast SEO plugin v27.4 - https://yoast.com/product/yoast-seo-wordpress/ -->
<title>AUREN PATROCINA LA 3ª EDICIÓN DEL OPEN DE ARBITRAJE - Auren España</title>
<meta name="robots" content="index, follow, max-snippet:-1, max-image-preview:large, max-video-preview:-1" />
<link rel="canonical" href="https://auren.com/es/noticias/auren-patrocina-la-3a-edicion-del-open-de-arbitraje/" />
<meta property="og:locale" content="es_ES" />
<meta property="og:type" content="article" />
<meta property="og:title" content="AUREN PATROCINA LA 3ª EDICIÓN DEL OPEN DE ARBITRAJE - Auren España" />
<meta property="og:description" content="Información de Open de arbitraje.com" />
<meta property="og:url" content="https://auren.com/es/noticias/auren-patrocina-la-3a-edicion-del-open-de-arbitraje/" />
<meta property="og:site_name" content="Auren" />
<meta property="og:image" content="https://auren.com/es/wp-content/uploads/2017/03/3277.jpg" />
	<meta property="og:image:width" content="593" />
	<meta property="og:image:height" content="240" />
	<meta property="og:image:type" content="image/jpeg" />
<meta name="twitter:card" content="summary_large_image" />
<meta name="twitter:site" content="@auren_spain" />
<script type="application/ld+json" class="yoast-schema-graph">{"@context":"https:\/\/schema.org","@graph":[{"@type":"WebPage","@id":"https:\/\/auren.com\/es\/noticias\/auren-patrocina-la-3a-edicion-del-open-de-arbitraje\/","url":"https:\/\/auren.com\/es\/noticias\/auren-patrocina-la-3a-edicion-del-open-de-arbitraje\/","name":"AUREN PATROCINA LA 3ª EDICIÓN DEL OPEN DE ARBITRAJE - Auren España","isPartOf":{"@id":"https:\/\/auren.com\/es\/#website"},"primaryImageOfPage":{"@id":"https:\/\/auren.com\/es\/noticias\/auren-patrocina-la-3a-edicion-del-open-de-arbitraje\/#primaryimage"},"image":{"@id":"https:\/\/auren.com\/es\/noticias\/auren-patrocina-la-3a-edicion-del-open-de-arbitraje\/#primaryimage"},"thumbnailUrl":"https:\/\/auren.com\/es\/wp-content\/uploads\/2017\/03\/3277.jpg","datePublished":"2017-03-27T08:25:01+00:00","breadcrumb":{"@id":"https:\/\/auren.com\/es\/noticias\/auren-patrocina-la-3a-edicion-del-open-de-arbitraje\/#breadcrumb"},"inLanguage":"es","potentialAction":[{"@type":"ReadAction","target":["https:\/\/auren.com\/es\/noticias\/auren-patrocina-la-3a-edicion-del-open-de-arbitraje\/"]}]},{"@type":"ImageObject","inLanguage":"es","@id":"https:\/\/auren.com\/es\/noticias\/auren-patrocina-la-3a-edicion-del-open-de-arbitraje\/#primaryimage","url":"https:\/\/auren.com\/es\/wp-content\/uploads\/2017\/03\/3277.jpg","contentUrl":"https:\/\/auren.com\/es\/wp-content\/uploads\/2017\/03\/3277.jpg","width":593,"height":240},{"@type":"BreadcrumbList","@id":"https:\/\/auren.com\/es\/noticias\/auren-patrocina-la-3a-edicion-del-open-de-arbitraje\/#breadcrumb","itemListElement":[{"@type":"ListItem","position":1,"name":"Portada","item":"https:\/\/auren.com\/es\/"},{"@type":"ListItem","position":2,"name":"AUREN PATROCINA LA 3ª EDICIÓN DEL OPEN DE ARBITRAJE"}]},{"@type":"WebSite","@id":"https:\/\/auren.com\/es\/#website","url":"https:\/\/auren.com\/es\/","name":"Auren","description":"","publisher":{"@id":"https:\/\/auren.com\/es\/#organization"},"alternateName":"Auren","potentialAction":[{"@type":"SearchAction","target":{"@type":"EntryPoint","urlTemplate":"https:\/\/auren.com\/es\/?s={search_term_string}"},"query-input":{"@type":"PropertyValueSpecification","valueRequired":true,"valueName":"search_term_string"}}],"inLanguage":"es"},{"@type":"Organization","@id":"https:\/\/auren.com\/es\/#organization","name":"Auren","alternateName":"Auren","url":"https:\/\/auren.com\/es\/","logo":{"@type":"ImageObject","inLanguage":"es","@id":"https:\/\/auren.com\/es\/#\/schema\/logo\/image\/","url":"https:\/\/auren.com\/es\/wp-content\/uploads\/2025\/01\/cropped-cropped-favicon-Auren.png","contentUrl":"https:\/\/auren.com\/es\/wp-content\/uploads\/2025\/01\/cropped-cropped-favicon-Auren.png","width":512,"height":512,"caption":"Auren"},"image":{"@id":"https:\/\/auren.com\/es\/#\/schema\/logo\/image\/"},"sameAs":["https:\/\/x.com\/auren_spain","https:\/\/www.linkedin.com\/company\/aurenspainserviciosprofesionales","https:\/\/www.youtube.com\/@AurenEsp","https:\/\/www.instagram.com\/auren_spain"]}]}</script>
<!-- / Yoast SEO plugin. -->

AUREN PATROCINA LA 3ª EDICIÓN DEL OPEN DE ARBITRAJE - Auren España

Información de Open de arbitraje.com
