{"id":6046,"date":"2017-03-24T11:03:37","date_gmt":"2017-03-24T10:03:37","guid":{"rendered":"https:\/\/auren.com\/es\/new\/auren-integra-a-logralia-en-su-oficina-de-bilbao-reforzando-asi-su-area-de-tecnologias-de-la-informacion\/"},"modified":"2017-03-24T11:03:37","modified_gmt":"2017-03-24T10:03:37","slug":"auren-integra-a-logralia-en-su-oficina-de-bilbao-reforzando-asi-su-area-de-tecnologias-de-la-informacion","status":"publish","type":"new","link":"https:\/\/auren.com\/es\/noticias\/auren-integra-a-logralia-en-su-oficina-de-bilbao-reforzando-asi-su-area-de-tecnologias-de-la-informacion\/","title":{"rendered":"Auren integra a Logralia en su oficina de Bilbao reforzando as\u00ed su \u00e1rea de Tecnolog\u00edas de la informaci\u00f3n."},"content":{"rendered":"<p style=\"text-align: justify;\">Auren, ha integrado a la empresa de consultor\u00eda en Tecnolog\u00edas de la Informaci\u00f3n Logralia Consultores en la oficina de Bilbao. De este modo, Auren reforzar\u00e1 su \u00e1rea de TI integrando la actividad y el equipo humano de Logralia Consultores.<\/p>\n<p style=\"text-align: justify;\">Con esta operaci\u00f3n, la firma de servicios profesionales ha ampliado su cartera de clientes y podr\u00e1 ofrecer nuevos servicios en tecnolog\u00edas de la informaci\u00f3n.<\/p>\n<p>M\u00e1s informaci\u00f3n pulsa <a href=\"http:\/\/tecnologia.elderecho.com\/tecnologia\/internet_y_tecnologia\/Auren-Bilbao-area_TI-Logralia-consultores_0_1066125132.html  \">AQU\u00cd<\/a> <\/p>\n<p><!-- AddThis Advanced Settings generic via filter on the_content --><!-- AddThis Share Buttons generic via filter on the_content --><\/p>\n","protected":false},"excerpt":{"rendered":"<p> Publicada en El Derecho.com , el 14 de marzo de 2017<\/p>\n","protected":false},"featured_media":6047,"template":"","meta":{"_acf_changed":false,"footnotes":""},"new-category":[],"class_list":["post-6046","new","type-new","status-publish","has-post-thumbnail","hentry"],"acf":[],"yoast_head":"<!-- This site is optimized with the Yoast SEO plugin v27.4 - https:\/\/yoast.com\/product\/yoast-seo-wordpress\/ -->\n<title>Auren integra a Logralia en su oficina de Bilbao reforzando as\u00ed su \u00e1rea de Tecnolog\u00edas de la informaci\u00f3n. - Auren Espa\u00f1a<\/title>\n<meta name=\"robots\" content=\"index, follow, max-snippet:-1, max-image-preview:large, max-video-preview:-1\" \/>\n<link rel=\"canonical\" href=\"https:\/\/auren.com\/es\/noticias\/auren-integra-a-logralia-en-su-oficina-de-bilbao-reforzando-asi-su-area-de-tecnologias-de-la-informacion\/\" \/>\n<meta property=\"og:locale\" content=\"es_ES\" \/>\n<meta property=\"og:type\" content=\"article\" \/>\n<meta property=\"og:title\" content=\"Auren integra a Logralia en su oficina de Bilbao reforzando as\u00ed su \u00e1rea de Tecnolog\u00edas de la informaci\u00f3n. - Auren Espa\u00f1a\" \/>\n<meta property=\"og:description\" content=\"Publicada en El Derecho.com , el 14 de marzo de 2017\" \/>\n<meta property=\"og:url\" content=\"https:\/\/auren.com\/es\/noticias\/auren-integra-a-logralia-en-su-oficina-de-bilbao-reforzando-asi-su-area-de-tecnologias-de-la-informacion\/\" \/>\n<meta property=\"og:site_name\" content=\"Auren\" \/>\n<meta property=\"og:image\" content=\"https:\/\/auren.com\/es\/wp-content\/uploads\/2017\/03\/900x520_01.jpg\" \/>\n\t<meta property=\"og:image:width\" content=\"900\" \/>\n\t<meta property=\"og:image:height\" content=\"520\" \/>\n\t<meta property=\"og:image:type\" content=\"image\/jpeg\" \/>\n<meta name=\"twitter:card\" content=\"summary_large_image\" \/>\n<meta name=\"twitter:site\" content=\"@auren_spain\" \/>\n<script type=\"application\/ld+json\" class=\"yoast-schema-graph\">{\"@context\":\"https:\\\/\\\/schema.org\",\"@graph\":[{\"@type\":\"WebPage\",\"@id\":\"https:\\\/\\\/auren.com\\\/es\\\/noticias\\\/auren-integra-a-logralia-en-su-oficina-de-bilbao-reforzando-asi-su-area-de-tecnologias-de-la-informacion\\\/\",\"url\":\"https:\\\/\\\/auren.com\\\/es\\\/noticias\\\/auren-integra-a-logralia-en-su-oficina-de-bilbao-reforzando-asi-su-area-de-tecnologias-de-la-informacion\\\/\",\"name\":\"Auren integra a Logralia en su oficina de Bilbao reforzando as\u00ed su \u00e1rea de Tecnolog\u00edas de la informaci\u00f3n. - Auren Espa\u00f1a\",\"isPartOf\":{\"@id\":\"https:\\\/\\\/auren.com\\\/es\\\/#website\"},\"primaryImageOfPage\":{\"@id\":\"https:\\\/\\\/auren.com\\\/es\\\/noticias\\\/auren-integra-a-logralia-en-su-oficina-de-bilbao-reforzando-asi-su-area-de-tecnologias-de-la-informacion\\\/#primaryimage\"},\"image\":{\"@id\":\"https:\\\/\\\/auren.com\\\/es\\\/noticias\\\/auren-integra-a-logralia-en-su-oficina-de-bilbao-reforzando-asi-su-area-de-tecnologias-de-la-informacion\\\/#primaryimage\"},\"thumbnailUrl\":\"https:\\\/\\\/auren.com\\\/es\\\/wp-content\\\/uploads\\\/2017\\\/03\\\/900x520_01.jpg\",\"datePublished\":\"2017-03-24T10:03:37+00:00\",\"breadcrumb\":{\"@id\":\"https:\\\/\\\/auren.com\\\/es\\\/noticias\\\/auren-integra-a-logralia-en-su-oficina-de-bilbao-reforzando-asi-su-area-de-tecnologias-de-la-informacion\\\/#breadcrumb\"},\"inLanguage\":\"es\",\"potentialAction\":[{\"@type\":\"ReadAction\",\"target\":[\"https:\\\/\\\/auren.com\\\/es\\\/noticias\\\/auren-integra-a-logralia-en-su-oficina-de-bilbao-reforzando-asi-su-area-de-tecnologias-de-la-informacion\\\/\"]}]},{\"@type\":\"ImageObject\",\"inLanguage\":\"es\",\"@id\":\"https:\\\/\\\/auren.com\\\/es\\\/noticias\\\/auren-integra-a-logralia-en-su-oficina-de-bilbao-reforzando-asi-su-area-de-tecnologias-de-la-informacion\\\/#primaryimage\",\"url\":\"https:\\\/\\\/auren.com\\\/es\\\/wp-content\\\/uploads\\\/2017\\\/03\\\/900x520_01.jpg\",\"contentUrl\":\"https:\\\/\\\/auren.com\\\/es\\\/wp-content\\\/uploads\\\/2017\\\/03\\\/900x520_01.jpg\",\"width\":900,\"height\":520},{\"@type\":\"BreadcrumbList\",\"@id\":\"https:\\\/\\\/auren.com\\\/es\\\/noticias\\\/auren-integra-a-logralia-en-su-oficina-de-bilbao-reforzando-asi-su-area-de-tecnologias-de-la-informacion\\\/#breadcrumb\",\"itemListElement\":[{\"@type\":\"ListItem\",\"position\":1,\"name\":\"Portada\",\"item\":\"https:\\\/\\\/auren.com\\\/es\\\/\"},{\"@type\":\"ListItem\",\"position\":2,\"name\":\"Auren integra a Logralia en su oficina de Bilbao reforzando as\u00ed su \u00e1rea de Tecnolog\u00edas de la informaci\u00f3n.\"}]},{\"@type\":\"WebSite\",\"@id\":\"https:\\\/\\\/auren.com\\\/es\\\/#website\",\"url\":\"https:\\\/\\\/auren.com\\\/es\\\/\",\"name\":\"Auren\",\"description\":\"\",\"publisher\":{\"@id\":\"https:\\\/\\\/auren.com\\\/es\\\/#organization\"},\"alternateName\":\"Auren\",\"potentialAction\":[{\"@type\":\"SearchAction\",\"target\":{\"@type\":\"EntryPoint\",\"urlTemplate\":\"https:\\\/\\\/auren.com\\\/es\\\/?s={search_term_string}\"},\"query-input\":{\"@type\":\"PropertyValueSpecification\",\"valueRequired\":true,\"valueName\":\"search_term_string\"}}],\"inLanguage\":\"es\"},{\"@type\":\"Organization\",\"@id\":\"https:\\\/\\\/auren.com\\\/es\\\/#organization\",\"name\":\"Auren\",\"alternateName\":\"Auren\",\"url\":\"https:\\\/\\\/auren.com\\\/es\\\/\",\"logo\":{\"@type\":\"ImageObject\",\"inLanguage\":\"es\",\"@id\":\"https:\\\/\\\/auren.com\\\/es\\\/#\\\/schema\\\/logo\\\/image\\\/\",\"url\":\"https:\\\/\\\/auren.com\\\/es\\\/wp-content\\\/uploads\\\/2025\\\/01\\\/cropped-cropped-favicon-Auren.png\",\"contentUrl\":\"https:\\\/\\\/auren.com\\\/es\\\/wp-content\\\/uploads\\\/2025\\\/01\\\/cropped-cropped-favicon-Auren.png\",\"width\":512,\"height\":512,\"caption\":\"Auren\"},\"image\":{\"@id\":\"https:\\\/\\\/auren.com\\\/es\\\/#\\\/schema\\\/logo\\\/image\\\/\"},\"sameAs\":[\"https:\\\/\\\/x.com\\\/auren_spain\",\"https:\\\/\\\/www.linkedin.com\\\/company\\\/aurenspainserviciosprofesionales\",\"https:\\\/\\\/www.youtube.com\\\/@AurenEsp\",\"https:\\\/\\\/www.instagram.com\\\/auren_spain\"]}]}<\/script>\n<!-- \/ Yoast SEO plugin. -->","yoast_head_json":{"title":"Auren integra a Logralia en su oficina de Bilbao reforzando as\u00ed su \u00e1rea de Tecnolog\u00edas de la informaci\u00f3n. - Auren Espa\u00f1a","robots":{"index":"index","follow":"follow","max-snippet":"max-snippet:-1","max-image-preview":"max-image-preview:large","max-video-preview":"max-video-preview:-1"},"canonical":"https:\/\/auren.com\/es\/noticias\/auren-integra-a-logralia-en-su-oficina-de-bilbao-reforzando-asi-su-area-de-tecnologias-de-la-informacion\/","og_locale":"es_ES","og_type":"article","og_title":"Auren integra a Logralia en su oficina de Bilbao reforzando as\u00ed su \u00e1rea de Tecnolog\u00edas de la informaci\u00f3n. - Auren Espa\u00f1a","og_description":"Publicada en El Derecho.com , el 14 de marzo de 2017","og_url":"https:\/\/auren.com\/es\/noticias\/auren-integra-a-logralia-en-su-oficina-de-bilbao-reforzando-asi-su-area-de-tecnologias-de-la-informacion\/","og_site_name":"Auren","og_image":[{"width":900,"height":520,"url":"https:\/\/auren.com\/es\/wp-content\/uploads\/2017\/03\/900x520_01.jpg","type":"image\/jpeg"}],"twitter_card":"summary_large_image","twitter_site":"@auren_spain","schema":{"@context":"https:\/\/schema.org","@graph":[{"@type":"WebPage","@id":"https:\/\/auren.com\/es\/noticias\/auren-integra-a-logralia-en-su-oficina-de-bilbao-reforzando-asi-su-area-de-tecnologias-de-la-informacion\/","url":"https:\/\/auren.com\/es\/noticias\/auren-integra-a-logralia-en-su-oficina-de-bilbao-reforzando-asi-su-area-de-tecnologias-de-la-informacion\/","name":"Auren integra a Logralia en su oficina de Bilbao reforzando as\u00ed su \u00e1rea de Tecnolog\u00edas de la informaci\u00f3n. - Auren Espa\u00f1a","isPartOf":{"@id":"https:\/\/auren.com\/es\/#website"},"primaryImageOfPage":{"@id":"https:\/\/auren.com\/es\/noticias\/auren-integra-a-logralia-en-su-oficina-de-bilbao-reforzando-asi-su-area-de-tecnologias-de-la-informacion\/#primaryimage"},"image":{"@id":"https:\/\/auren.com\/es\/noticias\/auren-integra-a-logralia-en-su-oficina-de-bilbao-reforzando-asi-su-area-de-tecnologias-de-la-informacion\/#primaryimage"},"thumbnailUrl":"https:\/\/auren.com\/es\/wp-content\/uploads\/2017\/03\/900x520_01.jpg","datePublished":"2017-03-24T10:03:37+00:00","breadcrumb":{"@id":"https:\/\/auren.com\/es\/noticias\/auren-integra-a-logralia-en-su-oficina-de-bilbao-reforzando-asi-su-area-de-tecnologias-de-la-informacion\/#breadcrumb"},"inLanguage":"es","potentialAction":[{"@type":"ReadAction","target":["https:\/\/auren.com\/es\/noticias\/auren-integra-a-logralia-en-su-oficina-de-bilbao-reforzando-asi-su-area-de-tecnologias-de-la-informacion\/"]}]},{"@type":"ImageObject","inLanguage":"es","@id":"https:\/\/auren.com\/es\/noticias\/auren-integra-a-logralia-en-su-oficina-de-bilbao-reforzando-asi-su-area-de-tecnologias-de-la-informacion\/#primaryimage","url":"https:\/\/auren.com\/es\/wp-content\/uploads\/2017\/03\/900x520_01.jpg","contentUrl":"https:\/\/auren.com\/es\/wp-content\/uploads\/2017\/03\/900x520_01.jpg","width":900,"height":520},{"@type":"BreadcrumbList","@id":"https:\/\/auren.com\/es\/noticias\/auren-integra-a-logralia-en-su-oficina-de-bilbao-reforzando-asi-su-area-de-tecnologias-de-la-informacion\/#breadcrumb","itemListElement":[{"@type":"ListItem","position":1,"name":"Portada","item":"https:\/\/auren.com\/es\/"},{"@type":"ListItem","position":2,"name":"Auren integra a Logralia en su oficina de Bilbao reforzando as\u00ed su \u00e1rea de Tecnolog\u00edas de la informaci\u00f3n."}]},{"@type":"WebSite","@id":"https:\/\/auren.com\/es\/#website","url":"https:\/\/auren.com\/es\/","name":"Auren","description":"","publisher":{"@id":"https:\/\/auren.com\/es\/#organization"},"alternateName":"Auren","potentialAction":[{"@type":"SearchAction","target":{"@type":"EntryPoint","urlTemplate":"https:\/\/auren.com\/es\/?s={search_term_string}"},"query-input":{"@type":"PropertyValueSpecification","valueRequired":true,"valueName":"search_term_string"}}],"inLanguage":"es"},{"@type":"Organization","@id":"https:\/\/auren.com\/es\/#organization","name":"Auren","alternateName":"Auren","url":"https:\/\/auren.com\/es\/","logo":{"@type":"ImageObject","inLanguage":"es","@id":"https:\/\/auren.com\/es\/#\/schema\/logo\/image\/","url":"https:\/\/auren.com\/es\/wp-content\/uploads\/2025\/01\/cropped-cropped-favicon-Auren.png","contentUrl":"https:\/\/auren.com\/es\/wp-content\/uploads\/2025\/01\/cropped-cropped-favicon-Auren.png","width":512,"height":512,"caption":"Auren"},"image":{"@id":"https:\/\/auren.com\/es\/#\/schema\/logo\/image\/"},"sameAs":["https:\/\/x.com\/auren_spain","https:\/\/www.linkedin.com\/company\/aurenspainserviciosprofesionales","https:\/\/www.youtube.com\/@AurenEsp","https:\/\/www.instagram.com\/auren_spain"]}]}},"_links":{"self":[{"href":"https:\/\/auren.com\/es\/wp-json\/wp\/v2\/new\/6046","targetHints":{"allow":["GET"]}}],"collection":[{"href":"https:\/\/auren.com\/es\/wp-json\/wp\/v2\/new"}],"about":[{"href":"https:\/\/auren.com\/es\/wp-json\/wp\/v2\/types\/new"}],"version-history":[{"count":0,"href":"https:\/\/auren.com\/es\/wp-json\/wp\/v2\/new\/6046\/revisions"}],"wp:featuredmedia":[{"embeddable":true,"href":"https:\/\/auren.com\/es\/wp-json\/wp\/v2\/media\/6047"}],"wp:attachment":[{"href":"https:\/\/auren.com\/es\/wp-json\/wp\/v2\/media?parent=6046"}],"wp:term":[{"taxonomy":"new-category","embeddable":true,"href":"https:\/\/auren.com\/es\/wp-json\/wp\/v2\/new-category?post=6046"}],"curies":[{"name":"wp","href":"https:\/\/api.w.org\/{rel}","templated":true}]}}

Auren integra a Logralia en su oficina de Bilbao reforzando así su área de Tecnologías de la información.

<p style="text-align: justify;">Auren, ha integrado a la empresa de consultoría en Tecnologías de la Información Logralia Consultores en la oficina de Bilbao. De este modo, Auren reforzará su área de TI integrando la actividad y el equipo humano de Logralia Consultores.</p>
<p style="text-align: justify;">Con esta operación, la firma de servicios profesionales ha ampliado su cartera de clientes y podrá ofrecer nuevos servicios en tecnologías de la información.</p>
<p>Más información pulsa <a href="http://tecnologia.elderecho.com/tecnologia/internet_y_tecnologia/Auren-Bilbao-area_TI-Logralia-consultores_0_1066125132.html  ">AQUÍ</a> </p>
<p><!-- AddThis Advanced Settings generic via filter on the_content --><!-- AddThis Share Buttons generic via filter on the_content --></p>

<!-- This site is optimized with the Yoast SEO plugin v27.4 - https://yoast.com/product/yoast-seo-wordpress/ -->
<title>Auren integra a Logralia en su oficina de Bilbao reforzando así su área de Tecnologías de la información. - Auren España</title>
<meta name="robots" content="index, follow, max-snippet:-1, max-image-preview:large, max-video-preview:-1" />
<link rel="canonical" href="https://auren.com/es/noticias/auren-integra-a-logralia-en-su-oficina-de-bilbao-reforzando-asi-su-area-de-tecnologias-de-la-informacion/" />
<meta property="og:locale" content="es_ES" />
<meta property="og:type" content="article" />
<meta property="og:title" content="Auren integra a Logralia en su oficina de Bilbao reforzando así su área de Tecnologías de la información. - Auren España" />
<meta property="og:description" content="Publicada en El Derecho.com , el 14 de marzo de 2017" />
<meta property="og:url" content="https://auren.com/es/noticias/auren-integra-a-logralia-en-su-oficina-de-bilbao-reforzando-asi-su-area-de-tecnologias-de-la-informacion/" />
<meta property="og:site_name" content="Auren" />
<meta property="og:image" content="https://auren.com/es/wp-content/uploads/2017/03/900x520_01.jpg" />
	<meta property="og:image:width" content="900" />
	<meta property="og:image:height" content="520" />
	<meta property="og:image:type" content="image/jpeg" />
<meta name="twitter:card" content="summary_large_image" />
<meta name="twitter:site" content="@auren_spain" />
<script type="application/ld+json" class="yoast-schema-graph">{"@context":"https:\/\/schema.org","@graph":[{"@type":"WebPage","@id":"https:\/\/auren.com\/es\/noticias\/auren-integra-a-logralia-en-su-oficina-de-bilbao-reforzando-asi-su-area-de-tecnologias-de-la-informacion\/","url":"https:\/\/auren.com\/es\/noticias\/auren-integra-a-logralia-en-su-oficina-de-bilbao-reforzando-asi-su-area-de-tecnologias-de-la-informacion\/","name":"Auren integra a Logralia en su oficina de Bilbao reforzando así su área de Tecnologías de la información. - Auren España","isPartOf":{"@id":"https:\/\/auren.com\/es\/#website"},"primaryImageOfPage":{"@id":"https:\/\/auren.com\/es\/noticias\/auren-integra-a-logralia-en-su-oficina-de-bilbao-reforzando-asi-su-area-de-tecnologias-de-la-informacion\/#primaryimage"},"image":{"@id":"https:\/\/auren.com\/es\/noticias\/auren-integra-a-logralia-en-su-oficina-de-bilbao-reforzando-asi-su-area-de-tecnologias-de-la-informacion\/#primaryimage"},"thumbnailUrl":"https:\/\/auren.com\/es\/wp-content\/uploads\/2017\/03\/900x520_01.jpg","datePublished":"2017-03-24T10:03:37+00:00","breadcrumb":{"@id":"https:\/\/auren.com\/es\/noticias\/auren-integra-a-logralia-en-su-oficina-de-bilbao-reforzando-asi-su-area-de-tecnologias-de-la-informacion\/#breadcrumb"},"inLanguage":"es","potentialAction":[{"@type":"ReadAction","target":["https:\/\/auren.com\/es\/noticias\/auren-integra-a-logralia-en-su-oficina-de-bilbao-reforzando-asi-su-area-de-tecnologias-de-la-informacion\/"]}]},{"@type":"ImageObject","inLanguage":"es","@id":"https:\/\/auren.com\/es\/noticias\/auren-integra-a-logralia-en-su-oficina-de-bilbao-reforzando-asi-su-area-de-tecnologias-de-la-informacion\/#primaryimage","url":"https:\/\/auren.com\/es\/wp-content\/uploads\/2017\/03\/900x520_01.jpg","contentUrl":"https:\/\/auren.com\/es\/wp-content\/uploads\/2017\/03\/900x520_01.jpg","width":900,"height":520},{"@type":"BreadcrumbList","@id":"https:\/\/auren.com\/es\/noticias\/auren-integra-a-logralia-en-su-oficina-de-bilbao-reforzando-asi-su-area-de-tecnologias-de-la-informacion\/#breadcrumb","itemListElement":[{"@type":"ListItem","position":1,"name":"Portada","item":"https:\/\/auren.com\/es\/"},{"@type":"ListItem","position":2,"name":"Auren integra a Logralia en su oficina de Bilbao reforzando así su área de Tecnologías de la información."}]},{"@type":"WebSite","@id":"https:\/\/auren.com\/es\/#website","url":"https:\/\/auren.com\/es\/","name":"Auren","description":"","publisher":{"@id":"https:\/\/auren.com\/es\/#organization"},"alternateName":"Auren","potentialAction":[{"@type":"SearchAction","target":{"@type":"EntryPoint","urlTemplate":"https:\/\/auren.com\/es\/?s={search_term_string}"},"query-input":{"@type":"PropertyValueSpecification","valueRequired":true,"valueName":"search_term_string"}}],"inLanguage":"es"},{"@type":"Organization","@id":"https:\/\/auren.com\/es\/#organization","name":"Auren","alternateName":"Auren","url":"https:\/\/auren.com\/es\/","logo":{"@type":"ImageObject","inLanguage":"es","@id":"https:\/\/auren.com\/es\/#\/schema\/logo\/image\/","url":"https:\/\/auren.com\/es\/wp-content\/uploads\/2025\/01\/cropped-cropped-favicon-Auren.png","contentUrl":"https:\/\/auren.com\/es\/wp-content\/uploads\/2025\/01\/cropped-cropped-favicon-Auren.png","width":512,"height":512,"caption":"Auren"},"image":{"@id":"https:\/\/auren.com\/es\/#\/schema\/logo\/image\/"},"sameAs":["https:\/\/x.com\/auren_spain","https:\/\/www.linkedin.com\/company\/aurenspainserviciosprofesionales","https:\/\/www.youtube.com\/@AurenEsp","https:\/\/www.instagram.com\/auren_spain"]}]}</script>
<!-- / Yoast SEO plugin. -->

Auren integra a Logralia en su oficina de Bilbao reforzando así su área de Tecnologías de la información. - Auren España
