{"id":6241,"date":"2016-06-15T07:48:28","date_gmt":"2016-06-15T05:48:28","guid":{"rendered":"https:\/\/auren.com\/es\/new\/el-abogado-de-empresa-ante-la-crisis-de-liderazgo\/"},"modified":"2016-06-15T07:48:28","modified_gmt":"2016-06-15T05:48:28","slug":"el-abogado-de-empresa-ante-la-crisis-de-liderazgo","status":"publish","type":"new","link":"https:\/\/auren.com\/es\/noticias\/el-abogado-de-empresa-ante-la-crisis-de-liderazgo\/","title":{"rendered":"El abogado de empresa ante la crisis de liderazgo"},"content":{"rendered":"<p style=\"text-align: justify;\">Como socio estratega, &#8216;todo terreno&#8217; legal, colega profesional, &#8216;vidente&#8217; con reflejos, gran comunicador, confidente de la direcci\u00f3n, \u00faltimo guardi\u00e1n de la \u00e9tica y gran gestor. Estas eran las ocho virtudes que en su d\u00eda se\u00f1alaba la presidenta de la Comisi\u00f3n de Abogados de Empresa del Colegio de Madrid sobre ellos. Parecer\u00eda, por tanto, el dibujo de un perfil similar al de aquella expresi\u00f3n latina, &#8216;advocatus&#8217;, referida al &#8216;llamado en auxilio&#8217;, de la que proviene el t\u00e9rmino actual de abogado. Como lo dibuj\u00f3 tambi\u00e9n Federico Fern\u00e1ndez de Buj\u00e1n en su apunte sobre la figura del abogado romano dentro de aquellas lecciones magistrales publicadas en 2012 sobre los \u201cretos de la abogac\u00eda ante la sociedad global\u201d.<\/p>\n<p style=\"text-align: justify;\"> Tribuna completa, pulsa <a href=\"\/files\/928-TRIBUNA IGNACIO SAIZ - IURIS JUNIO.pdf\">AQU\u00cd <\/a><\/p>\n<p><!-- AddThis Advanced Settings generic via filter on the_content --><!-- AddThis Share Buttons generic via filter on the_content --><\/p>\n","protected":false},"excerpt":{"rendered":"<p>Tribuna de Ignacio S\u00e1iz, Abogado de Auren<br \/>\nPublicada en El Economista Iuris &amp; Lex, el 10 de junio de 2016<\/p>\n","protected":false},"featured_media":6242,"template":"","meta":{"_acf_changed":false,"footnotes":""},"new-category":[],"class_list":["post-6241","new","type-new","status-publish","has-post-thumbnail","hentry"],"acf":[],"yoast_head":"<!-- This site is optimized with the Yoast SEO plugin v27.4 - https:\/\/yoast.com\/product\/yoast-seo-wordpress\/ -->\n<title>El abogado de empresa ante la crisis de liderazgo - Auren Espa\u00f1a<\/title>\n<meta name=\"robots\" content=\"index, follow, max-snippet:-1, max-image-preview:large, max-video-preview:-1\" \/>\n<link rel=\"canonical\" href=\"https:\/\/auren.com\/es\/noticias\/el-abogado-de-empresa-ante-la-crisis-de-liderazgo\/\" \/>\n<meta property=\"og:locale\" content=\"es_ES\" \/>\n<meta property=\"og:type\" content=\"article\" \/>\n<meta property=\"og:title\" content=\"El abogado de empresa ante la crisis de liderazgo - Auren Espa\u00f1a\" \/>\n<meta property=\"og:description\" content=\"Tribuna de Ignacio S\u00e1iz, Abogado de Auren Publicada en El Economista Iuris &amp; Lex, el 10 de junio de 2016\" \/>\n<meta property=\"og:url\" content=\"https:\/\/auren.com\/es\/noticias\/el-abogado-de-empresa-ante-la-crisis-de-liderazgo\/\" \/>\n<meta property=\"og:site_name\" content=\"Auren\" \/>\n<meta property=\"og:image\" content=\"https:\/\/auren.com\/es\/wp-content\/uploads\/2016\/06\/900x520_36.jpg\" \/>\n\t<meta property=\"og:image:width\" content=\"900\" \/>\n\t<meta property=\"og:image:height\" content=\"520\" \/>\n\t<meta property=\"og:image:type\" content=\"image\/jpeg\" \/>\n<meta name=\"twitter:card\" content=\"summary_large_image\" \/>\n<meta name=\"twitter:site\" content=\"@auren_spain\" \/>\n<meta name=\"twitter:label1\" content=\"Tiempo de lectura\" \/>\n\t<meta name=\"twitter:data1\" content=\"1 minuto\" \/>\n<script type=\"application\/ld+json\" class=\"yoast-schema-graph\">{\"@context\":\"https:\\\/\\\/schema.org\",\"@graph\":[{\"@type\":\"WebPage\",\"@id\":\"https:\\\/\\\/auren.com\\\/es\\\/noticias\\\/el-abogado-de-empresa-ante-la-crisis-de-liderazgo\\\/\",\"url\":\"https:\\\/\\\/auren.com\\\/es\\\/noticias\\\/el-abogado-de-empresa-ante-la-crisis-de-liderazgo\\\/\",\"name\":\"El abogado de empresa ante la crisis de liderazgo - Auren Espa\u00f1a\",\"isPartOf\":{\"@id\":\"https:\\\/\\\/auren.com\\\/es\\\/#website\"},\"primaryImageOfPage\":{\"@id\":\"https:\\\/\\\/auren.com\\\/es\\\/noticias\\\/el-abogado-de-empresa-ante-la-crisis-de-liderazgo\\\/#primaryimage\"},\"image\":{\"@id\":\"https:\\\/\\\/auren.com\\\/es\\\/noticias\\\/el-abogado-de-empresa-ante-la-crisis-de-liderazgo\\\/#primaryimage\"},\"thumbnailUrl\":\"https:\\\/\\\/auren.com\\\/es\\\/wp-content\\\/uploads\\\/2016\\\/06\\\/900x520_36.jpg\",\"datePublished\":\"2016-06-15T05:48:28+00:00\",\"breadcrumb\":{\"@id\":\"https:\\\/\\\/auren.com\\\/es\\\/noticias\\\/el-abogado-de-empresa-ante-la-crisis-de-liderazgo\\\/#breadcrumb\"},\"inLanguage\":\"es\",\"potentialAction\":[{\"@type\":\"ReadAction\",\"target\":[\"https:\\\/\\\/auren.com\\\/es\\\/noticias\\\/el-abogado-de-empresa-ante-la-crisis-de-liderazgo\\\/\"]}]},{\"@type\":\"ImageObject\",\"inLanguage\":\"es\",\"@id\":\"https:\\\/\\\/auren.com\\\/es\\\/noticias\\\/el-abogado-de-empresa-ante-la-crisis-de-liderazgo\\\/#primaryimage\",\"url\":\"https:\\\/\\\/auren.com\\\/es\\\/wp-content\\\/uploads\\\/2016\\\/06\\\/900x520_36.jpg\",\"contentUrl\":\"https:\\\/\\\/auren.com\\\/es\\\/wp-content\\\/uploads\\\/2016\\\/06\\\/900x520_36.jpg\",\"width\":900,\"height\":520},{\"@type\":\"BreadcrumbList\",\"@id\":\"https:\\\/\\\/auren.com\\\/es\\\/noticias\\\/el-abogado-de-empresa-ante-la-crisis-de-liderazgo\\\/#breadcrumb\",\"itemListElement\":[{\"@type\":\"ListItem\",\"position\":1,\"name\":\"Portada\",\"item\":\"https:\\\/\\\/auren.com\\\/es\\\/\"},{\"@type\":\"ListItem\",\"position\":2,\"name\":\"El abogado de empresa ante la crisis de liderazgo\"}]},{\"@type\":\"WebSite\",\"@id\":\"https:\\\/\\\/auren.com\\\/es\\\/#website\",\"url\":\"https:\\\/\\\/auren.com\\\/es\\\/\",\"name\":\"Auren\",\"description\":\"\",\"publisher\":{\"@id\":\"https:\\\/\\\/auren.com\\\/es\\\/#organization\"},\"alternateName\":\"Auren\",\"potentialAction\":[{\"@type\":\"SearchAction\",\"target\":{\"@type\":\"EntryPoint\",\"urlTemplate\":\"https:\\\/\\\/auren.com\\\/es\\\/?s={search_term_string}\"},\"query-input\":{\"@type\":\"PropertyValueSpecification\",\"valueRequired\":true,\"valueName\":\"search_term_string\"}}],\"inLanguage\":\"es\"},{\"@type\":\"Organization\",\"@id\":\"https:\\\/\\\/auren.com\\\/es\\\/#organization\",\"name\":\"Auren\",\"alternateName\":\"Auren\",\"url\":\"https:\\\/\\\/auren.com\\\/es\\\/\",\"logo\":{\"@type\":\"ImageObject\",\"inLanguage\":\"es\",\"@id\":\"https:\\\/\\\/auren.com\\\/es\\\/#\\\/schema\\\/logo\\\/image\\\/\",\"url\":\"https:\\\/\\\/auren.com\\\/es\\\/wp-content\\\/uploads\\\/2025\\\/01\\\/cropped-cropped-favicon-Auren.png\",\"contentUrl\":\"https:\\\/\\\/auren.com\\\/es\\\/wp-content\\\/uploads\\\/2025\\\/01\\\/cropped-cropped-favicon-Auren.png\",\"width\":512,\"height\":512,\"caption\":\"Auren\"},\"image\":{\"@id\":\"https:\\\/\\\/auren.com\\\/es\\\/#\\\/schema\\\/logo\\\/image\\\/\"},\"sameAs\":[\"https:\\\/\\\/x.com\\\/auren_spain\",\"https:\\\/\\\/www.linkedin.com\\\/company\\\/aurenspainserviciosprofesionales\",\"https:\\\/\\\/www.youtube.com\\\/@AurenEsp\",\"https:\\\/\\\/www.instagram.com\\\/auren_spain\"]}]}<\/script>\n<!-- \/ Yoast SEO plugin. -->","yoast_head_json":{"title":"El abogado de empresa ante la crisis de liderazgo - Auren Espa\u00f1a","robots":{"index":"index","follow":"follow","max-snippet":"max-snippet:-1","max-image-preview":"max-image-preview:large","max-video-preview":"max-video-preview:-1"},"canonical":"https:\/\/auren.com\/es\/noticias\/el-abogado-de-empresa-ante-la-crisis-de-liderazgo\/","og_locale":"es_ES","og_type":"article","og_title":"El abogado de empresa ante la crisis de liderazgo - Auren Espa\u00f1a","og_description":"Tribuna de Ignacio S\u00e1iz, Abogado de Auren Publicada en El Economista Iuris &amp; Lex, el 10 de junio de 2016","og_url":"https:\/\/auren.com\/es\/noticias\/el-abogado-de-empresa-ante-la-crisis-de-liderazgo\/","og_site_name":"Auren","og_image":[{"width":900,"height":520,"url":"https:\/\/auren.com\/es\/wp-content\/uploads\/2016\/06\/900x520_36.jpg","type":"image\/jpeg"}],"twitter_card":"summary_large_image","twitter_site":"@auren_spain","twitter_misc":{"Tiempo de lectura":"1 minuto"},"schema":{"@context":"https:\/\/schema.org","@graph":[{"@type":"WebPage","@id":"https:\/\/auren.com\/es\/noticias\/el-abogado-de-empresa-ante-la-crisis-de-liderazgo\/","url":"https:\/\/auren.com\/es\/noticias\/el-abogado-de-empresa-ante-la-crisis-de-liderazgo\/","name":"El abogado de empresa ante la crisis de liderazgo - Auren Espa\u00f1a","isPartOf":{"@id":"https:\/\/auren.com\/es\/#website"},"primaryImageOfPage":{"@id":"https:\/\/auren.com\/es\/noticias\/el-abogado-de-empresa-ante-la-crisis-de-liderazgo\/#primaryimage"},"image":{"@id":"https:\/\/auren.com\/es\/noticias\/el-abogado-de-empresa-ante-la-crisis-de-liderazgo\/#primaryimage"},"thumbnailUrl":"https:\/\/auren.com\/es\/wp-content\/uploads\/2016\/06\/900x520_36.jpg","datePublished":"2016-06-15T05:48:28+00:00","breadcrumb":{"@id":"https:\/\/auren.com\/es\/noticias\/el-abogado-de-empresa-ante-la-crisis-de-liderazgo\/#breadcrumb"},"inLanguage":"es","potentialAction":[{"@type":"ReadAction","target":["https:\/\/auren.com\/es\/noticias\/el-abogado-de-empresa-ante-la-crisis-de-liderazgo\/"]}]},{"@type":"ImageObject","inLanguage":"es","@id":"https:\/\/auren.com\/es\/noticias\/el-abogado-de-empresa-ante-la-crisis-de-liderazgo\/#primaryimage","url":"https:\/\/auren.com\/es\/wp-content\/uploads\/2016\/06\/900x520_36.jpg","contentUrl":"https:\/\/auren.com\/es\/wp-content\/uploads\/2016\/06\/900x520_36.jpg","width":900,"height":520},{"@type":"BreadcrumbList","@id":"https:\/\/auren.com\/es\/noticias\/el-abogado-de-empresa-ante-la-crisis-de-liderazgo\/#breadcrumb","itemListElement":[{"@type":"ListItem","position":1,"name":"Portada","item":"https:\/\/auren.com\/es\/"},{"@type":"ListItem","position":2,"name":"El abogado de empresa ante la crisis de liderazgo"}]},{"@type":"WebSite","@id":"https:\/\/auren.com\/es\/#website","url":"https:\/\/auren.com\/es\/","name":"Auren","description":"","publisher":{"@id":"https:\/\/auren.com\/es\/#organization"},"alternateName":"Auren","potentialAction":[{"@type":"SearchAction","target":{"@type":"EntryPoint","urlTemplate":"https:\/\/auren.com\/es\/?s={search_term_string}"},"query-input":{"@type":"PropertyValueSpecification","valueRequired":true,"valueName":"search_term_string"}}],"inLanguage":"es"},{"@type":"Organization","@id":"https:\/\/auren.com\/es\/#organization","name":"Auren","alternateName":"Auren","url":"https:\/\/auren.com\/es\/","logo":{"@type":"ImageObject","inLanguage":"es","@id":"https:\/\/auren.com\/es\/#\/schema\/logo\/image\/","url":"https:\/\/auren.com\/es\/wp-content\/uploads\/2025\/01\/cropped-cropped-favicon-Auren.png","contentUrl":"https:\/\/auren.com\/es\/wp-content\/uploads\/2025\/01\/cropped-cropped-favicon-Auren.png","width":512,"height":512,"caption":"Auren"},"image":{"@id":"https:\/\/auren.com\/es\/#\/schema\/logo\/image\/"},"sameAs":["https:\/\/x.com\/auren_spain","https:\/\/www.linkedin.com\/company\/aurenspainserviciosprofesionales","https:\/\/www.youtube.com\/@AurenEsp","https:\/\/www.instagram.com\/auren_spain"]}]}},"_links":{"self":[{"href":"https:\/\/auren.com\/es\/wp-json\/wp\/v2\/new\/6241","targetHints":{"allow":["GET"]}}],"collection":[{"href":"https:\/\/auren.com\/es\/wp-json\/wp\/v2\/new"}],"about":[{"href":"https:\/\/auren.com\/es\/wp-json\/wp\/v2\/types\/new"}],"version-history":[{"count":0,"href":"https:\/\/auren.com\/es\/wp-json\/wp\/v2\/new\/6241\/revisions"}],"wp:featuredmedia":[{"embeddable":true,"href":"https:\/\/auren.com\/es\/wp-json\/wp\/v2\/media\/6242"}],"wp:attachment":[{"href":"https:\/\/auren.com\/es\/wp-json\/wp\/v2\/media?parent=6241"}],"wp:term":[{"taxonomy":"new-category","embeddable":true,"href":"https:\/\/auren.com\/es\/wp-json\/wp\/v2\/new-category?post=6241"}],"curies":[{"name":"wp","href":"https:\/\/api.w.org\/{rel}","templated":true}]}}

<p style="text-align: justify;">Como socio estratega, &#8216;todo terreno&#8217; legal, colega profesional, &#8216;vidente&#8217; con reflejos, gran comunicador, confidente de la dirección, último guardián de la ética y gran gestor. Estas eran las ocho virtudes que en su día señalaba la presidenta de la Comisión de Abogados de Empresa del Colegio de Madrid sobre ellos. Parecería, por tanto, el dibujo de un perfil similar al de aquella expresión latina, &#8216;advocatus&#8217;, referida al &#8216;llamado en auxilio&#8217;, de la que proviene el término actual de abogado. Como lo dibujó también Federico Fernández de Buján en su apunte sobre la figura del abogado romano dentro de aquellas lecciones magistrales publicadas en 2012 sobre los “retos de la abogacía ante la sociedad global”.</p>
<p style="text-align: justify;"> Tribuna completa, pulsa <a href="/files/928-TRIBUNA IGNACIO SAIZ - IURIS JUNIO.pdf">AQUÍ </a></p>
<p><!-- AddThis Advanced Settings generic via filter on the_content --><!-- AddThis Share Buttons generic via filter on the_content --></p>

<p>Tribuna de Ignacio Sáiz, Abogado de Auren<br />
Publicada en El Economista Iuris &amp; Lex, el 10 de junio de 2016</p>

<!-- This site is optimized with the Yoast SEO plugin v27.4 - https://yoast.com/product/yoast-seo-wordpress/ -->
<title>El abogado de empresa ante la crisis de liderazgo - Auren España</title>
<meta name="robots" content="index, follow, max-snippet:-1, max-image-preview:large, max-video-preview:-1" />
<link rel="canonical" href="https://auren.com/es/noticias/el-abogado-de-empresa-ante-la-crisis-de-liderazgo/" />
<meta property="og:locale" content="es_ES" />
<meta property="og:type" content="article" />
<meta property="og:title" content="El abogado de empresa ante la crisis de liderazgo - Auren España" />
<meta property="og:description" content="Tribuna de Ignacio Sáiz, Abogado de Auren Publicada en El Economista Iuris &amp; Lex, el 10 de junio de 2016" />
<meta property="og:url" content="https://auren.com/es/noticias/el-abogado-de-empresa-ante-la-crisis-de-liderazgo/" />
<meta property="og:site_name" content="Auren" />
<meta property="og:image" content="https://auren.com/es/wp-content/uploads/2016/06/900x520_36.jpg" />
	<meta property="og:image:width" content="900" />
	<meta property="og:image:height" content="520" />
	<meta property="og:image:type" content="image/jpeg" />
<meta name="twitter:card" content="summary_large_image" />
<meta name="twitter:site" content="@auren_spain" />
<meta name="twitter:label1" content="Tiempo de lectura" />
	<meta name="twitter:data1" content="1 minuto" />
<script type="application/ld+json" class="yoast-schema-graph">{"@context":"https:\/\/schema.org","@graph":[{"@type":"WebPage","@id":"https:\/\/auren.com\/es\/noticias\/el-abogado-de-empresa-ante-la-crisis-de-liderazgo\/","url":"https:\/\/auren.com\/es\/noticias\/el-abogado-de-empresa-ante-la-crisis-de-liderazgo\/","name":"El abogado de empresa ante la crisis de liderazgo - Auren España","isPartOf":{"@id":"https:\/\/auren.com\/es\/#website"},"primaryImageOfPage":{"@id":"https:\/\/auren.com\/es\/noticias\/el-abogado-de-empresa-ante-la-crisis-de-liderazgo\/#primaryimage"},"image":{"@id":"https:\/\/auren.com\/es\/noticias\/el-abogado-de-empresa-ante-la-crisis-de-liderazgo\/#primaryimage"},"thumbnailUrl":"https:\/\/auren.com\/es\/wp-content\/uploads\/2016\/06\/900x520_36.jpg","datePublished":"2016-06-15T05:48:28+00:00","breadcrumb":{"@id":"https:\/\/auren.com\/es\/noticias\/el-abogado-de-empresa-ante-la-crisis-de-liderazgo\/#breadcrumb"},"inLanguage":"es","potentialAction":[{"@type":"ReadAction","target":["https:\/\/auren.com\/es\/noticias\/el-abogado-de-empresa-ante-la-crisis-de-liderazgo\/"]}]},{"@type":"ImageObject","inLanguage":"es","@id":"https:\/\/auren.com\/es\/noticias\/el-abogado-de-empresa-ante-la-crisis-de-liderazgo\/#primaryimage","url":"https:\/\/auren.com\/es\/wp-content\/uploads\/2016\/06\/900x520_36.jpg","contentUrl":"https:\/\/auren.com\/es\/wp-content\/uploads\/2016\/06\/900x520_36.jpg","width":900,"height":520},{"@type":"BreadcrumbList","@id":"https:\/\/auren.com\/es\/noticias\/el-abogado-de-empresa-ante-la-crisis-de-liderazgo\/#breadcrumb","itemListElement":[{"@type":"ListItem","position":1,"name":"Portada","item":"https:\/\/auren.com\/es\/"},{"@type":"ListItem","position":2,"name":"El abogado de empresa ante la crisis de liderazgo"}]},{"@type":"WebSite","@id":"https:\/\/auren.com\/es\/#website","url":"https:\/\/auren.com\/es\/","name":"Auren","description":"","publisher":{"@id":"https:\/\/auren.com\/es\/#organization"},"alternateName":"Auren","potentialAction":[{"@type":"SearchAction","target":{"@type":"EntryPoint","urlTemplate":"https:\/\/auren.com\/es\/?s={search_term_string}"},"query-input":{"@type":"PropertyValueSpecification","valueRequired":true,"valueName":"search_term_string"}}],"inLanguage":"es"},{"@type":"Organization","@id":"https:\/\/auren.com\/es\/#organization","name":"Auren","alternateName":"Auren","url":"https:\/\/auren.com\/es\/","logo":{"@type":"ImageObject","inLanguage":"es","@id":"https:\/\/auren.com\/es\/#\/schema\/logo\/image\/","url":"https:\/\/auren.com\/es\/wp-content\/uploads\/2025\/01\/cropped-cropped-favicon-Auren.png","contentUrl":"https:\/\/auren.com\/es\/wp-content\/uploads\/2025\/01\/cropped-cropped-favicon-Auren.png","width":512,"height":512,"caption":"Auren"},"image":{"@id":"https:\/\/auren.com\/es\/#\/schema\/logo\/image\/"},"sameAs":["https:\/\/x.com\/auren_spain","https:\/\/www.linkedin.com\/company\/aurenspainserviciosprofesionales","https:\/\/www.youtube.com\/@AurenEsp","https:\/\/www.instagram.com\/auren_spain"]}]}</script>
<!-- / Yoast SEO plugin. -->

El abogado de empresa ante la crisis de liderazgo - Auren España

Tribuna de Ignacio Sáiz, Abogado de Auren Publicada en El Economista Iuris &amp; Lex, el 10 de junio de 2016
