{"id":6343,"date":"2016-04-01T12:48:21","date_gmt":"2016-04-01T10:48:21","guid":{"rendered":"https:\/\/auren.com\/es\/new\/auren-colabora-en-el-evento-semana-informatica-com-del-18-al-22-de-abril-2016\/"},"modified":"2016-04-01T12:48:21","modified_gmt":"2016-04-01T10:48:21","slug":"auren-colabora-en-el-evento-semana-informatica-com-del-18-al-22-de-abril-2016","status":"publish","type":"new","link":"https:\/\/auren.com\/es\/noticias\/auren-colabora-en-el-evento-semana-informatica-com-del-18-al-22-de-abril-2016\/","title":{"rendered":"Auren, colabora en el evento  Semana Inform\u00e1tica.com  &#8211; del 18 al 22 de abril 2016"},"content":{"rendered":"<p>El \u00c1rea de Consultor\u00eda &#8211; Seguridad de la Informaci\u00f3n patrocinar\u00e1 el evento de Semana Inform\u00e1tica 2016, y el XI Congreso de Ingenier\u00eda Inform\u00e1tica de la Comunidad Valenciana. Es la und\u00e9cima edici\u00f3n del evento, que se celebrar\u00e1 en Valencia del 18 al 22 de abril, con el lema \u201cdiferencia TI\u201d.<\/p>\n<p>El martes 19 de abril, Renato Aquilino, Consultor Senior del \u00e1rea de Seguridad de la Informaci\u00f3n de Auren, participar\u00e1 en la mesa redonda \u00abRetos de Gobierno de TI en la nueva Administraci\u00f3n P\u00fablica\u00bb, englobada en la Jornada \u00abLa innovaci\u00f3n inform\u00e1tica como elemento diferencial en el sector p\u00fablico\u00bb.<\/p>\n<p>Noticia completa, pulsa <a href=\"http:\/\/www.semanainformatica.com\/patrocinadores\/colaboradores\/590-auren\" target=\"_blank\" rel=\"noopener noreferrer\">AQU\u00cd<\/a><\/p>\n<p><!-- AddThis Advanced Settings generic via filter on the_content --><!-- AddThis Share Buttons generic via filter on the_content --><\/p>\n","protected":false},"excerpt":{"rendered":"<p> Semana Inform\u00e1tica.com, 1 de abril de 2016  <\/p>\n","protected":false},"featured_media":6344,"template":"","meta":{"_acf_changed":false,"footnotes":""},"new-category":[],"class_list":["post-6343","new","type-new","status-publish","has-post-thumbnail","hentry"],"acf":[],"yoast_head":"<!-- This site is optimized with the Yoast SEO plugin v27.5 - https:\/\/yoast.com\/product\/yoast-seo-wordpress\/ -->\n<title>Auren, colabora en el evento Semana Inform\u00e1tica.com - del 18 al 22 de abril 2016 - Auren Espa\u00f1a<\/title>\n<meta name=\"robots\" content=\"index, follow, max-snippet:-1, max-image-preview:large, max-video-preview:-1\" \/>\n<link rel=\"canonical\" href=\"https:\/\/auren.com\/es\/noticias\/auren-colabora-en-el-evento-semana-informatica-com-del-18-al-22-de-abril-2016\/\" \/>\n<meta property=\"og:locale\" content=\"es_ES\" \/>\n<meta property=\"og:type\" content=\"article\" \/>\n<meta property=\"og:title\" content=\"Auren, colabora en el evento Semana Inform\u00e1tica.com - del 18 al 22 de abril 2016 - Auren Espa\u00f1a\" \/>\n<meta property=\"og:description\" content=\"Semana Inform\u00e1tica.com, 1 de abril de 2016\" \/>\n<meta property=\"og:url\" content=\"https:\/\/auren.com\/es\/noticias\/auren-colabora-en-el-evento-semana-informatica-com-del-18-al-22-de-abril-2016\/\" \/>\n<meta property=\"og:site_name\" content=\"Auren\" \/>\n<meta property=\"og:image\" content=\"https:\/\/auren.com\/es\/wp-content\/uploads\/2016\/04\/900x520_17.jpg\" \/>\n\t<meta property=\"og:image:width\" content=\"900\" \/>\n\t<meta property=\"og:image:height\" content=\"520\" \/>\n\t<meta property=\"og:image:type\" content=\"image\/jpeg\" \/>\n<meta name=\"twitter:card\" content=\"summary_large_image\" \/>\n<meta name=\"twitter:site\" content=\"@auren_spain\" \/>\n<meta name=\"twitter:label1\" content=\"Tiempo de lectura\" \/>\n\t<meta name=\"twitter:data1\" content=\"1 minuto\" \/>\n<script type=\"application\/ld+json\" class=\"yoast-schema-graph\">{\"@context\":\"https:\\\/\\\/schema.org\",\"@graph\":[{\"@type\":\"WebPage\",\"@id\":\"https:\\\/\\\/auren.com\\\/es\\\/noticias\\\/auren-colabora-en-el-evento-semana-informatica-com-del-18-al-22-de-abril-2016\\\/\",\"url\":\"https:\\\/\\\/auren.com\\\/es\\\/noticias\\\/auren-colabora-en-el-evento-semana-informatica-com-del-18-al-22-de-abril-2016\\\/\",\"name\":\"Auren, colabora en el evento Semana Inform\u00e1tica.com - del 18 al 22 de abril 2016 - Auren Espa\u00f1a\",\"isPartOf\":{\"@id\":\"https:\\\/\\\/auren.com\\\/es\\\/#website\"},\"primaryImageOfPage\":{\"@id\":\"https:\\\/\\\/auren.com\\\/es\\\/noticias\\\/auren-colabora-en-el-evento-semana-informatica-com-del-18-al-22-de-abril-2016\\\/#primaryimage\"},\"image\":{\"@id\":\"https:\\\/\\\/auren.com\\\/es\\\/noticias\\\/auren-colabora-en-el-evento-semana-informatica-com-del-18-al-22-de-abril-2016\\\/#primaryimage\"},\"thumbnailUrl\":\"https:\\\/\\\/auren.com\\\/es\\\/wp-content\\\/uploads\\\/2016\\\/04\\\/900x520_17.jpg\",\"datePublished\":\"2016-04-01T10:48:21+00:00\",\"breadcrumb\":{\"@id\":\"https:\\\/\\\/auren.com\\\/es\\\/noticias\\\/auren-colabora-en-el-evento-semana-informatica-com-del-18-al-22-de-abril-2016\\\/#breadcrumb\"},\"inLanguage\":\"es\",\"potentialAction\":[{\"@type\":\"ReadAction\",\"target\":[\"https:\\\/\\\/auren.com\\\/es\\\/noticias\\\/auren-colabora-en-el-evento-semana-informatica-com-del-18-al-22-de-abril-2016\\\/\"]}]},{\"@type\":\"ImageObject\",\"inLanguage\":\"es\",\"@id\":\"https:\\\/\\\/auren.com\\\/es\\\/noticias\\\/auren-colabora-en-el-evento-semana-informatica-com-del-18-al-22-de-abril-2016\\\/#primaryimage\",\"url\":\"https:\\\/\\\/auren.com\\\/es\\\/wp-content\\\/uploads\\\/2016\\\/04\\\/900x520_17.jpg\",\"contentUrl\":\"https:\\\/\\\/auren.com\\\/es\\\/wp-content\\\/uploads\\\/2016\\\/04\\\/900x520_17.jpg\",\"width\":900,\"height\":520},{\"@type\":\"BreadcrumbList\",\"@id\":\"https:\\\/\\\/auren.com\\\/es\\\/noticias\\\/auren-colabora-en-el-evento-semana-informatica-com-del-18-al-22-de-abril-2016\\\/#breadcrumb\",\"itemListElement\":[{\"@type\":\"ListItem\",\"position\":1,\"name\":\"Portada\",\"item\":\"https:\\\/\\\/auren.com\\\/es\\\/\"},{\"@type\":\"ListItem\",\"position\":2,\"name\":\"Auren, colabora en el evento Semana Inform\u00e1tica.com &#8211; del 18 al 22 de abril 2016\"}]},{\"@type\":\"WebSite\",\"@id\":\"https:\\\/\\\/auren.com\\\/es\\\/#website\",\"url\":\"https:\\\/\\\/auren.com\\\/es\\\/\",\"name\":\"Auren\",\"description\":\"\",\"publisher\":{\"@id\":\"https:\\\/\\\/auren.com\\\/es\\\/#organization\"},\"alternateName\":\"Auren\",\"potentialAction\":[{\"@type\":\"SearchAction\",\"target\":{\"@type\":\"EntryPoint\",\"urlTemplate\":\"https:\\\/\\\/auren.com\\\/es\\\/?s={search_term_string}\"},\"query-input\":{\"@type\":\"PropertyValueSpecification\",\"valueRequired\":true,\"valueName\":\"search_term_string\"}}],\"inLanguage\":\"es\"},{\"@type\":\"Organization\",\"@id\":\"https:\\\/\\\/auren.com\\\/es\\\/#organization\",\"name\":\"Auren\",\"alternateName\":\"Auren\",\"url\":\"https:\\\/\\\/auren.com\\\/es\\\/\",\"logo\":{\"@type\":\"ImageObject\",\"inLanguage\":\"es\",\"@id\":\"https:\\\/\\\/auren.com\\\/es\\\/#\\\/schema\\\/logo\\\/image\\\/\",\"url\":\"https:\\\/\\\/auren.com\\\/es\\\/wp-content\\\/uploads\\\/2025\\\/01\\\/cropped-cropped-favicon-Auren.png\",\"contentUrl\":\"https:\\\/\\\/auren.com\\\/es\\\/wp-content\\\/uploads\\\/2025\\\/01\\\/cropped-cropped-favicon-Auren.png\",\"width\":512,\"height\":512,\"caption\":\"Auren\"},\"image\":{\"@id\":\"https:\\\/\\\/auren.com\\\/es\\\/#\\\/schema\\\/logo\\\/image\\\/\"},\"sameAs\":[\"https:\\\/\\\/x.com\\\/auren_spain\",\"https:\\\/\\\/www.linkedin.com\\\/company\\\/aurenspainserviciosprofesionales\",\"https:\\\/\\\/www.youtube.com\\\/@AurenEsp\",\"https:\\\/\\\/www.instagram.com\\\/auren_spain\"]}]}<\/script>\n<!-- \/ Yoast SEO plugin. -->","yoast_head_json":{"title":"Auren, colabora en el evento Semana Inform\u00e1tica.com - del 18 al 22 de abril 2016 - Auren Espa\u00f1a","robots":{"index":"index","follow":"follow","max-snippet":"max-snippet:-1","max-image-preview":"max-image-preview:large","max-video-preview":"max-video-preview:-1"},"canonical":"https:\/\/auren.com\/es\/noticias\/auren-colabora-en-el-evento-semana-informatica-com-del-18-al-22-de-abril-2016\/","og_locale":"es_ES","og_type":"article","og_title":"Auren, colabora en el evento Semana Inform\u00e1tica.com - del 18 al 22 de abril 2016 - Auren Espa\u00f1a","og_description":"Semana Inform\u00e1tica.com, 1 de abril de 2016","og_url":"https:\/\/auren.com\/es\/noticias\/auren-colabora-en-el-evento-semana-informatica-com-del-18-al-22-de-abril-2016\/","og_site_name":"Auren","og_image":[{"width":900,"height":520,"url":"https:\/\/auren.com\/es\/wp-content\/uploads\/2016\/04\/900x520_17.jpg","type":"image\/jpeg"}],"twitter_card":"summary_large_image","twitter_site":"@auren_spain","twitter_misc":{"Tiempo de lectura":"1 minuto"},"schema":{"@context":"https:\/\/schema.org","@graph":[{"@type":"WebPage","@id":"https:\/\/auren.com\/es\/noticias\/auren-colabora-en-el-evento-semana-informatica-com-del-18-al-22-de-abril-2016\/","url":"https:\/\/auren.com\/es\/noticias\/auren-colabora-en-el-evento-semana-informatica-com-del-18-al-22-de-abril-2016\/","name":"Auren, colabora en el evento Semana Inform\u00e1tica.com - del 18 al 22 de abril 2016 - Auren Espa\u00f1a","isPartOf":{"@id":"https:\/\/auren.com\/es\/#website"},"primaryImageOfPage":{"@id":"https:\/\/auren.com\/es\/noticias\/auren-colabora-en-el-evento-semana-informatica-com-del-18-al-22-de-abril-2016\/#primaryimage"},"image":{"@id":"https:\/\/auren.com\/es\/noticias\/auren-colabora-en-el-evento-semana-informatica-com-del-18-al-22-de-abril-2016\/#primaryimage"},"thumbnailUrl":"https:\/\/auren.com\/es\/wp-content\/uploads\/2016\/04\/900x520_17.jpg","datePublished":"2016-04-01T10:48:21+00:00","breadcrumb":{"@id":"https:\/\/auren.com\/es\/noticias\/auren-colabora-en-el-evento-semana-informatica-com-del-18-al-22-de-abril-2016\/#breadcrumb"},"inLanguage":"es","potentialAction":[{"@type":"ReadAction","target":["https:\/\/auren.com\/es\/noticias\/auren-colabora-en-el-evento-semana-informatica-com-del-18-al-22-de-abril-2016\/"]}]},{"@type":"ImageObject","inLanguage":"es","@id":"https:\/\/auren.com\/es\/noticias\/auren-colabora-en-el-evento-semana-informatica-com-del-18-al-22-de-abril-2016\/#primaryimage","url":"https:\/\/auren.com\/es\/wp-content\/uploads\/2016\/04\/900x520_17.jpg","contentUrl":"https:\/\/auren.com\/es\/wp-content\/uploads\/2016\/04\/900x520_17.jpg","width":900,"height":520},{"@type":"BreadcrumbList","@id":"https:\/\/auren.com\/es\/noticias\/auren-colabora-en-el-evento-semana-informatica-com-del-18-al-22-de-abril-2016\/#breadcrumb","itemListElement":[{"@type":"ListItem","position":1,"name":"Portada","item":"https:\/\/auren.com\/es\/"},{"@type":"ListItem","position":2,"name":"Auren, colabora en el evento Semana Inform\u00e1tica.com &#8211; del 18 al 22 de abril 2016"}]},{"@type":"WebSite","@id":"https:\/\/auren.com\/es\/#website","url":"https:\/\/auren.com\/es\/","name":"Auren","description":"","publisher":{"@id":"https:\/\/auren.com\/es\/#organization"},"alternateName":"Auren","potentialAction":[{"@type":"SearchAction","target":{"@type":"EntryPoint","urlTemplate":"https:\/\/auren.com\/es\/?s={search_term_string}"},"query-input":{"@type":"PropertyValueSpecification","valueRequired":true,"valueName":"search_term_string"}}],"inLanguage":"es"},{"@type":"Organization","@id":"https:\/\/auren.com\/es\/#organization","name":"Auren","alternateName":"Auren","url":"https:\/\/auren.com\/es\/","logo":{"@type":"ImageObject","inLanguage":"es","@id":"https:\/\/auren.com\/es\/#\/schema\/logo\/image\/","url":"https:\/\/auren.com\/es\/wp-content\/uploads\/2025\/01\/cropped-cropped-favicon-Auren.png","contentUrl":"https:\/\/auren.com\/es\/wp-content\/uploads\/2025\/01\/cropped-cropped-favicon-Auren.png","width":512,"height":512,"caption":"Auren"},"image":{"@id":"https:\/\/auren.com\/es\/#\/schema\/logo\/image\/"},"sameAs":["https:\/\/x.com\/auren_spain","https:\/\/www.linkedin.com\/company\/aurenspainserviciosprofesionales","https:\/\/www.youtube.com\/@AurenEsp","https:\/\/www.instagram.com\/auren_spain"]}]}},"_links":{"self":[{"href":"https:\/\/auren.com\/es\/wp-json\/wp\/v2\/new\/6343","targetHints":{"allow":["GET"]}}],"collection":[{"href":"https:\/\/auren.com\/es\/wp-json\/wp\/v2\/new"}],"about":[{"href":"https:\/\/auren.com\/es\/wp-json\/wp\/v2\/types\/new"}],"version-history":[{"count":0,"href":"https:\/\/auren.com\/es\/wp-json\/wp\/v2\/new\/6343\/revisions"}],"wp:featuredmedia":[{"embeddable":true,"href":"https:\/\/auren.com\/es\/wp-json\/wp\/v2\/media\/6344"}],"wp:attachment":[{"href":"https:\/\/auren.com\/es\/wp-json\/wp\/v2\/media?parent=6343"}],"wp:term":[{"taxonomy":"new-category","embeddable":true,"href":"https:\/\/auren.com\/es\/wp-json\/wp\/v2\/new-category?post=6343"}],"curies":[{"name":"wp","href":"https:\/\/api.w.org\/{rel}","templated":true}]}}

Auren, colabora en el evento  Semana Informática.com  &#8211; del 18 al 22 de abril 2016

<p>El Área de Consultoría &#8211; Seguridad de la Información patrocinará el evento de Semana Informática 2016, y el XI Congreso de Ingeniería Informática de la Comunidad Valenciana. Es la undécima edición del evento, que se celebrará en Valencia del 18 al 22 de abril, con el lema “diferencia TI”.</p>
<p>El martes 19 de abril, Renato Aquilino, Consultor Senior del área de Seguridad de la Información de Auren, participará en la mesa redonda «Retos de Gobierno de TI en la nueva Administración Pública», englobada en la Jornada «La innovación informática como elemento diferencial en el sector público».</p>
<p>Noticia completa, pulsa <a href="http://www.semanainformatica.com/patrocinadores/colaboradores/590-auren" target="_blank" rel="noopener noreferrer">AQUÍ</a></p>
<p><!-- AddThis Advanced Settings generic via filter on the_content --><!-- AddThis Share Buttons generic via filter on the_content --></p>

<p> Semana Informática.com, 1 de abril de 2016  </p>

<!-- This site is optimized with the Yoast SEO plugin v27.5 - https://yoast.com/product/yoast-seo-wordpress/ -->
<title>Auren, colabora en el evento Semana Informática.com - del 18 al 22 de abril 2016 - Auren España</title>
<meta name="robots" content="index, follow, max-snippet:-1, max-image-preview:large, max-video-preview:-1" />
<link rel="canonical" href="https://auren.com/es/noticias/auren-colabora-en-el-evento-semana-informatica-com-del-18-al-22-de-abril-2016/" />
<meta property="og:locale" content="es_ES" />
<meta property="og:type" content="article" />
<meta property="og:title" content="Auren, colabora en el evento Semana Informática.com - del 18 al 22 de abril 2016 - Auren España" />
<meta property="og:description" content="Semana Informática.com, 1 de abril de 2016" />
<meta property="og:url" content="https://auren.com/es/noticias/auren-colabora-en-el-evento-semana-informatica-com-del-18-al-22-de-abril-2016/" />
<meta property="og:site_name" content="Auren" />
<meta property="og:image" content="https://auren.com/es/wp-content/uploads/2016/04/900x520_17.jpg" />
	<meta property="og:image:width" content="900" />
	<meta property="og:image:height" content="520" />
	<meta property="og:image:type" content="image/jpeg" />
<meta name="twitter:card" content="summary_large_image" />
<meta name="twitter:site" content="@auren_spain" />
<meta name="twitter:label1" content="Tiempo de lectura" />
	<meta name="twitter:data1" content="1 minuto" />
<script type="application/ld+json" class="yoast-schema-graph">{"@context":"https:\/\/schema.org","@graph":[{"@type":"WebPage","@id":"https:\/\/auren.com\/es\/noticias\/auren-colabora-en-el-evento-semana-informatica-com-del-18-al-22-de-abril-2016\/","url":"https:\/\/auren.com\/es\/noticias\/auren-colabora-en-el-evento-semana-informatica-com-del-18-al-22-de-abril-2016\/","name":"Auren, colabora en el evento Semana Informática.com - del 18 al 22 de abril 2016 - Auren España","isPartOf":{"@id":"https:\/\/auren.com\/es\/#website"},"primaryImageOfPage":{"@id":"https:\/\/auren.com\/es\/noticias\/auren-colabora-en-el-evento-semana-informatica-com-del-18-al-22-de-abril-2016\/#primaryimage"},"image":{"@id":"https:\/\/auren.com\/es\/noticias\/auren-colabora-en-el-evento-semana-informatica-com-del-18-al-22-de-abril-2016\/#primaryimage"},"thumbnailUrl":"https:\/\/auren.com\/es\/wp-content\/uploads\/2016\/04\/900x520_17.jpg","datePublished":"2016-04-01T10:48:21+00:00","breadcrumb":{"@id":"https:\/\/auren.com\/es\/noticias\/auren-colabora-en-el-evento-semana-informatica-com-del-18-al-22-de-abril-2016\/#breadcrumb"},"inLanguage":"es","potentialAction":[{"@type":"ReadAction","target":["https:\/\/auren.com\/es\/noticias\/auren-colabora-en-el-evento-semana-informatica-com-del-18-al-22-de-abril-2016\/"]}]},{"@type":"ImageObject","inLanguage":"es","@id":"https:\/\/auren.com\/es\/noticias\/auren-colabora-en-el-evento-semana-informatica-com-del-18-al-22-de-abril-2016\/#primaryimage","url":"https:\/\/auren.com\/es\/wp-content\/uploads\/2016\/04\/900x520_17.jpg","contentUrl":"https:\/\/auren.com\/es\/wp-content\/uploads\/2016\/04\/900x520_17.jpg","width":900,"height":520},{"@type":"BreadcrumbList","@id":"https:\/\/auren.com\/es\/noticias\/auren-colabora-en-el-evento-semana-informatica-com-del-18-al-22-de-abril-2016\/#breadcrumb","itemListElement":[{"@type":"ListItem","position":1,"name":"Portada","item":"https:\/\/auren.com\/es\/"},{"@type":"ListItem","position":2,"name":"Auren, colabora en el evento Semana Informática.com &#8211; del 18 al 22 de abril 2016"}]},{"@type":"WebSite","@id":"https:\/\/auren.com\/es\/#website","url":"https:\/\/auren.com\/es\/","name":"Auren","description":"","publisher":{"@id":"https:\/\/auren.com\/es\/#organization"},"alternateName":"Auren","potentialAction":[{"@type":"SearchAction","target":{"@type":"EntryPoint","urlTemplate":"https:\/\/auren.com\/es\/?s={search_term_string}"},"query-input":{"@type":"PropertyValueSpecification","valueRequired":true,"valueName":"search_term_string"}}],"inLanguage":"es"},{"@type":"Organization","@id":"https:\/\/auren.com\/es\/#organization","name":"Auren","alternateName":"Auren","url":"https:\/\/auren.com\/es\/","logo":{"@type":"ImageObject","inLanguage":"es","@id":"https:\/\/auren.com\/es\/#\/schema\/logo\/image\/","url":"https:\/\/auren.com\/es\/wp-content\/uploads\/2025\/01\/cropped-cropped-favicon-Auren.png","contentUrl":"https:\/\/auren.com\/es\/wp-content\/uploads\/2025\/01\/cropped-cropped-favicon-Auren.png","width":512,"height":512,"caption":"Auren"},"image":{"@id":"https:\/\/auren.com\/es\/#\/schema\/logo\/image\/"},"sameAs":["https:\/\/x.com\/auren_spain","https:\/\/www.linkedin.com\/company\/aurenspainserviciosprofesionales","https:\/\/www.youtube.com\/@AurenEsp","https:\/\/www.instagram.com\/auren_spain"]}]}</script>
<!-- / Yoast SEO plugin. -->

Auren, colabora en el evento Semana Informática.com - del 18 al 22 de abril 2016 - Auren España

Semana Informática.com, 1 de abril de 2016

Auren, colabora en el evento Semana Informática.com &#8211; del 18 al 22 de abril 2016
