{"id":15395,"date":"2015-11-10T16:23:05","date_gmt":"2015-11-10T15:23:05","guid":{"rendered":"https:\/\/auren.com\/uy\/global-new\/auren-posicionada-en-los-rankings-de-paises-bajos-mexico-y-latam-del-iab\/"},"modified":"2015-11-10T16:23:05","modified_gmt":"2015-11-10T15:23:05","slug":"auren-posicionada-en-los-rankings-de-paises-bajos-mexico-y-latam-del-iab","status":"publish","type":"global-new","link":"https:\/\/auren.com\/uy\/global-new\/auren-posicionada-en-los-rankings-de-paises-bajos-mexico-y-latam-del-iab\/","title":{"rendered":"Auren posicionada en los rankings de Pa\u00edses Bajos, M\u00e9xico y Latam del IAB"},"content":{"rendered":"<p><img decoding=\"async\" alt=\"\" style=\"float: right;width: 204px;height: 50.0255px;margin: 0px 0px 10px 10px\" data-src=\"http:\/\/www.auren.com\/uploads\/images\/originals\/1657.jpg\" src=\"data:image\/svg+xml;base64,PHN2ZyB3aWR0aD0iMSIgaGVpZ2h0PSIxIiB4bWxucz0iaHR0cDovL3d3dy53My5vcmcvMjAwMC9zdmciPjwvc3ZnPg==\" class=\"lazyload\"><\/p>\n<p><span class=\"A1\">Los \u00faltimos rankings publicados por el Internacional Accounting Bulletin (IAB) posicionan a Auren en las clasificaciones de Pa\u00edses Bajos, M\u00e9xico y Latinoam\u00e9rica. Respecto a Pa\u00edses Bajos, Auren se ha posicionado en 17\u00ba lugar, tanto en Fee como en staff Data. En Latinoam\u00e9rica, Auren se mantiene en 21\u00ba posici\u00f3n en ambas categor\u00edas, mientras que en M\u00e9xiconos posicionamos en 20\u00ba y 19 \u00ba lugar (Fee y Staff).<\/span><\/p>\n<p><a href=\"\/files\/596-AUREN LATAM SEPT 2015.pdf\"><\/a><span><\/span><br \/><span class=\"A1\"><\/span><\/p>\n<p><!-- AddThis Advanced Settings generic via filter on the_content --><!-- AddThis Share Buttons generic via filter on the_content --><\/p>\n","protected":false},"excerpt":{"rendered":"<p>Los \u00faltimos rankings publicados por el Internacional Accounting Bulletin (IAB) posicionan a Auren en las clasificaciones de Pa\u00edses Bajos, M\u00e9xico y Latinoam\u00e9rica. Respecto a Pa\u00edses Bajos, Auren se ha posicionado [&hellip;]<\/p>\n","protected":false},"featured_media":12632,"template":"","meta":{"_acf_changed":false},"global-new-category":[],"class_list":["post-15395","global-new","type-global-new","status-publish","has-post-thumbnail","hentry"],"acf":[],"yoast_head":"<!-- This site is optimized with the Yoast SEO plugin v27.5 - https:\/\/yoast.com\/product\/yoast-seo-wordpress\/ -->\n<title>Auren posicionada en los rankings de Pa\u00edses Bajos, M\u00e9xico y Latam del IAB - Auren Uruguay<\/title>\n<meta name=\"robots\" content=\"index, follow, max-snippet:-1, max-image-preview:large, max-video-preview:-1\" \/>\n<link rel=\"canonical\" href=\"https:\/\/auren.com\/uy\/global-new\/auren-posicionada-en-los-rankings-de-paises-bajos-mexico-y-latam-del-iab\/\" \/>\n<meta property=\"og:locale\" content=\"es_ES\" \/>\n<meta property=\"og:type\" content=\"article\" \/>\n<meta property=\"og:title\" content=\"Auren posicionada en los rankings de Pa\u00edses Bajos, M\u00e9xico y Latam del IAB - Auren Uruguay\" \/>\n<meta property=\"og:description\" content=\"Los \u00faltimos rankings publicados por el Internacional Accounting Bulletin (IAB) posicionan a Auren en las clasificaciones de Pa\u00edses Bajos, M\u00e9xico y Latinoam\u00e9rica. Respecto a Pa\u00edses Bajos, Auren se ha posicionado [&hellip;]\" \/>\n<meta property=\"og:url\" content=\"https:\/\/auren.com\/uy\/global-new\/auren-posicionada-en-los-rankings-de-paises-bajos-mexico-y-latam-del-iab\/\" \/>\n<meta property=\"og:site_name\" content=\"Auren Uruguay\" \/>\n<meta property=\"article:publisher\" content=\"https:\/\/www.facebook.com\/aurenuruguay\" \/>\n<meta property=\"og:image\" content=\"http:\/\/www.auren.com\/uploads\/images\/originals\/1657.jpg\" \/>\n<meta name=\"twitter:card\" content=\"summary_large_image\" \/>\n<meta name=\"twitter:site\" content=\"@AurenUruguay\" \/>\n<script type=\"application\/ld+json\" class=\"yoast-schema-graph\">{\"@context\":\"https:\\\/\\\/schema.org\",\"@graph\":[{\"@type\":\"WebPage\",\"@id\":\"https:\\\/\\\/auren.com\\\/uy\\\/global-new\\\/auren-posicionada-en-los-rankings-de-paises-bajos-mexico-y-latam-del-iab\\\/\",\"url\":\"https:\\\/\\\/auren.com\\\/uy\\\/global-new\\\/auren-posicionada-en-los-rankings-de-paises-bajos-mexico-y-latam-del-iab\\\/\",\"name\":\"Auren posicionada en los rankings de Pa\u00edses Bajos, M\u00e9xico y Latam del IAB - Auren Uruguay\",\"isPartOf\":{\"@id\":\"https:\\\/\\\/auren.com\\\/uy\\\/#website\"},\"primaryImageOfPage\":{\"@id\":\"https:\\\/\\\/auren.com\\\/uy\\\/global-new\\\/auren-posicionada-en-los-rankings-de-paises-bajos-mexico-y-latam-del-iab\\\/#primaryimage\"},\"image\":{\"@id\":\"https:\\\/\\\/auren.com\\\/uy\\\/global-new\\\/auren-posicionada-en-los-rankings-de-paises-bajos-mexico-y-latam-del-iab\\\/#primaryimage\"},\"thumbnailUrl\":\"https:\\\/\\\/auren.com\\\/uy\\\/wp-content\\\/uploads\\\/global\\\/2015\\\/11\\\/900x520_19-1.jpg\",\"datePublished\":\"2015-11-10T15:23:05+00:00\",\"breadcrumb\":{\"@id\":\"https:\\\/\\\/auren.com\\\/uy\\\/global-new\\\/auren-posicionada-en-los-rankings-de-paises-bajos-mexico-y-latam-del-iab\\\/#breadcrumb\"},\"inLanguage\":\"es\",\"potentialAction\":[{\"@type\":\"ReadAction\",\"target\":[\"https:\\\/\\\/auren.com\\\/uy\\\/global-new\\\/auren-posicionada-en-los-rankings-de-paises-bajos-mexico-y-latam-del-iab\\\/\"]}]},{\"@type\":\"ImageObject\",\"inLanguage\":\"es\",\"@id\":\"https:\\\/\\\/auren.com\\\/uy\\\/global-new\\\/auren-posicionada-en-los-rankings-de-paises-bajos-mexico-y-latam-del-iab\\\/#primaryimage\",\"url\":\"https:\\\/\\\/auren.com\\\/uy\\\/wp-content\\\/uploads\\\/global\\\/2015\\\/11\\\/900x520_19-1.jpg\",\"contentUrl\":\"https:\\\/\\\/auren.com\\\/uy\\\/wp-content\\\/uploads\\\/global\\\/2015\\\/11\\\/900x520_19-1.jpg\",\"width\":900,\"height\":520},{\"@type\":\"BreadcrumbList\",\"@id\":\"https:\\\/\\\/auren.com\\\/uy\\\/global-new\\\/auren-posicionada-en-los-rankings-de-paises-bajos-mexico-y-latam-del-iab\\\/#breadcrumb\",\"itemListElement\":[{\"@type\":\"ListItem\",\"position\":1,\"name\":\"Portada\",\"item\":\"https:\\\/\\\/auren.com\\\/uy\\\/\"},{\"@type\":\"ListItem\",\"position\":2,\"name\":\"Auren posicionada en los rankings de Pa\u00edses Bajos, M\u00e9xico y Latam del IAB\"}]},{\"@type\":\"WebSite\",\"@id\":\"https:\\\/\\\/auren.com\\\/uy\\\/#website\",\"url\":\"https:\\\/\\\/auren.com\\\/uy\\\/\",\"name\":\"Auren Uruguay\",\"description\":\"\",\"publisher\":{\"@id\":\"https:\\\/\\\/auren.com\\\/uy\\\/#organization\"},\"potentialAction\":[{\"@type\":\"SearchAction\",\"target\":{\"@type\":\"EntryPoint\",\"urlTemplate\":\"https:\\\/\\\/auren.com\\\/uy\\\/?s={search_term_string}\"},\"query-input\":{\"@type\":\"PropertyValueSpecification\",\"valueRequired\":true,\"valueName\":\"search_term_string\"}}],\"inLanguage\":\"es\"},{\"@type\":\"Organization\",\"@id\":\"https:\\\/\\\/auren.com\\\/uy\\\/#organization\",\"name\":\"Auren Uruguay\",\"url\":\"https:\\\/\\\/auren.com\\\/uy\\\/\",\"logo\":{\"@type\":\"ImageObject\",\"inLanguage\":\"es\",\"@id\":\"https:\\\/\\\/auren.com\\\/uy\\\/#\\\/schema\\\/logo\\\/image\\\/\",\"url\":\"https:\\\/\\\/auren.com\\\/uy\\\/wp-content\\\/uploads\\\/2025\\\/01\\\/cropped-cropped-favicon-Auren.png\",\"contentUrl\":\"https:\\\/\\\/auren.com\\\/uy\\\/wp-content\\\/uploads\\\/2025\\\/01\\\/cropped-cropped-favicon-Auren.png\",\"width\":512,\"height\":512,\"caption\":\"Auren Uruguay\"},\"image\":{\"@id\":\"https:\\\/\\\/auren.com\\\/uy\\\/#\\\/schema\\\/logo\\\/image\\\/\"},\"sameAs\":[\"https:\\\/\\\/www.facebook.com\\\/aurenuruguay\",\"https:\\\/\\\/x.com\\\/AurenUruguay\",\"https:\\\/\\\/www.linkedin.com\\\/company\\\/auren-uruguay\",\"https:\\\/\\\/www.youtube.com\\\/channel\\\/UClkpSYFfsAuqdTaVF5whedQ\",\"https:\\\/\\\/www.instagram.com\\\/aurenuruguay\\\/\"]}]}<\/script>\n<!-- \/ Yoast SEO plugin. -->","yoast_head_json":{"title":"Auren posicionada en los rankings de Pa\u00edses Bajos, M\u00e9xico y Latam del IAB - Auren Uruguay","robots":{"index":"index","follow":"follow","max-snippet":"max-snippet:-1","max-image-preview":"max-image-preview:large","max-video-preview":"max-video-preview:-1"},"canonical":"https:\/\/auren.com\/uy\/global-new\/auren-posicionada-en-los-rankings-de-paises-bajos-mexico-y-latam-del-iab\/","og_locale":"es_ES","og_type":"article","og_title":"Auren posicionada en los rankings de Pa\u00edses Bajos, M\u00e9xico y Latam del IAB - Auren Uruguay","og_description":"Los \u00faltimos rankings publicados por el Internacional Accounting Bulletin (IAB) posicionan a Auren en las clasificaciones de Pa\u00edses Bajos, M\u00e9xico y Latinoam\u00e9rica. Respecto a Pa\u00edses Bajos, Auren se ha posicionado [&hellip;]","og_url":"https:\/\/auren.com\/uy\/global-new\/auren-posicionada-en-los-rankings-de-paises-bajos-mexico-y-latam-del-iab\/","og_site_name":"Auren Uruguay","article_publisher":"https:\/\/www.facebook.com\/aurenuruguay","og_image":[{"url":"http:\/\/www.auren.com\/uploads\/images\/originals\/1657.jpg","type":"","width":"","height":""}],"twitter_card":"summary_large_image","twitter_site":"@AurenUruguay","schema":{"@context":"https:\/\/schema.org","@graph":[{"@type":"WebPage","@id":"https:\/\/auren.com\/uy\/global-new\/auren-posicionada-en-los-rankings-de-paises-bajos-mexico-y-latam-del-iab\/","url":"https:\/\/auren.com\/uy\/global-new\/auren-posicionada-en-los-rankings-de-paises-bajos-mexico-y-latam-del-iab\/","name":"Auren posicionada en los rankings de Pa\u00edses Bajos, M\u00e9xico y Latam del IAB - Auren Uruguay","isPartOf":{"@id":"https:\/\/auren.com\/uy\/#website"},"primaryImageOfPage":{"@id":"https:\/\/auren.com\/uy\/global-new\/auren-posicionada-en-los-rankings-de-paises-bajos-mexico-y-latam-del-iab\/#primaryimage"},"image":{"@id":"https:\/\/auren.com\/uy\/global-new\/auren-posicionada-en-los-rankings-de-paises-bajos-mexico-y-latam-del-iab\/#primaryimage"},"thumbnailUrl":"https:\/\/auren.com\/uy\/wp-content\/uploads\/global\/2015\/11\/900x520_19-1.jpg","datePublished":"2015-11-10T15:23:05+00:00","breadcrumb":{"@id":"https:\/\/auren.com\/uy\/global-new\/auren-posicionada-en-los-rankings-de-paises-bajos-mexico-y-latam-del-iab\/#breadcrumb"},"inLanguage":"es","potentialAction":[{"@type":"ReadAction","target":["https:\/\/auren.com\/uy\/global-new\/auren-posicionada-en-los-rankings-de-paises-bajos-mexico-y-latam-del-iab\/"]}]},{"@type":"ImageObject","inLanguage":"es","@id":"https:\/\/auren.com\/uy\/global-new\/auren-posicionada-en-los-rankings-de-paises-bajos-mexico-y-latam-del-iab\/#primaryimage","url":"https:\/\/auren.com\/uy\/wp-content\/uploads\/global\/2015\/11\/900x520_19-1.jpg","contentUrl":"https:\/\/auren.com\/uy\/wp-content\/uploads\/global\/2015\/11\/900x520_19-1.jpg","width":900,"height":520},{"@type":"BreadcrumbList","@id":"https:\/\/auren.com\/uy\/global-new\/auren-posicionada-en-los-rankings-de-paises-bajos-mexico-y-latam-del-iab\/#breadcrumb","itemListElement":[{"@type":"ListItem","position":1,"name":"Portada","item":"https:\/\/auren.com\/uy\/"},{"@type":"ListItem","position":2,"name":"Auren posicionada en los rankings de Pa\u00edses Bajos, M\u00e9xico y Latam del IAB"}]},{"@type":"WebSite","@id":"https:\/\/auren.com\/uy\/#website","url":"https:\/\/auren.com\/uy\/","name":"Auren Uruguay","description":"","publisher":{"@id":"https:\/\/auren.com\/uy\/#organization"},"potentialAction":[{"@type":"SearchAction","target":{"@type":"EntryPoint","urlTemplate":"https:\/\/auren.com\/uy\/?s={search_term_string}"},"query-input":{"@type":"PropertyValueSpecification","valueRequired":true,"valueName":"search_term_string"}}],"inLanguage":"es"},{"@type":"Organization","@id":"https:\/\/auren.com\/uy\/#organization","name":"Auren Uruguay","url":"https:\/\/auren.com\/uy\/","logo":{"@type":"ImageObject","inLanguage":"es","@id":"https:\/\/auren.com\/uy\/#\/schema\/logo\/image\/","url":"https:\/\/auren.com\/uy\/wp-content\/uploads\/2025\/01\/cropped-cropped-favicon-Auren.png","contentUrl":"https:\/\/auren.com\/uy\/wp-content\/uploads\/2025\/01\/cropped-cropped-favicon-Auren.png","width":512,"height":512,"caption":"Auren Uruguay"},"image":{"@id":"https:\/\/auren.com\/uy\/#\/schema\/logo\/image\/"},"sameAs":["https:\/\/www.facebook.com\/aurenuruguay","https:\/\/x.com\/AurenUruguay","https:\/\/www.linkedin.com\/company\/auren-uruguay","https:\/\/www.youtube.com\/channel\/UClkpSYFfsAuqdTaVF5whedQ","https:\/\/www.instagram.com\/aurenuruguay\/"]}]}},"_links":{"self":[{"href":"https:\/\/auren.com\/uy\/wp-json\/wp\/v2\/global-new\/15395","targetHints":{"allow":["GET"]}}],"collection":[{"href":"https:\/\/auren.com\/uy\/wp-json\/wp\/v2\/global-new"}],"about":[{"href":"https:\/\/auren.com\/uy\/wp-json\/wp\/v2\/types\/global-new"}],"wp:featuredmedia":[{"embeddable":true,"href":"https:\/\/auren.com\/uy\/wp-json\/wp\/v2\/media\/12632"}],"wp:attachment":[{"href":"https:\/\/auren.com\/uy\/wp-json\/wp\/v2\/media?parent=15395"}],"wp:term":[{"taxonomy":"global-new-category","embeddable":true,"href":"https:\/\/auren.com\/uy\/wp-json\/wp\/v2\/global-new-category?post=15395"}],"curies":[{"name":"wp","href":"https:\/\/api.w.org\/{rel}","templated":true}]}}

Auren posicionada en los rankings de Países Bajos, México y Latam del IAB

<p><img decoding="async" alt="" style="float: right;width: 204px;height: 50.0255px;margin: 0px 0px 10px 10px" data-src="http://www.auren.com/uploads/images/originals/1657.jpg" src="data:image/svg+xml;base64,PHN2ZyB3aWR0aD0iMSIgaGVpZ2h0PSIxIiB4bWxucz0iaHR0cDovL3d3dy53My5vcmcvMjAwMC9zdmciPjwvc3ZnPg==" class="lazyload"></p>
<p><span class="A1">Los últimos rankings publicados por el Internacional Accounting Bulletin (IAB) posicionan a Auren en las clasificaciones de Países Bajos, México y Latinoamérica. Respecto a Países Bajos, Auren se ha posicionado en 17º lugar, tanto en Fee como en staff Data. En Latinoamérica, Auren se mantiene en 21º posición en ambas categorías, mientras que en Méxiconos posicionamos en 20º y 19 º lugar (Fee y Staff).</span></p>
<p><a href="/files/596-AUREN LATAM SEPT 2015.pdf"></a><span></span><br /><span class="A1"></span></p>
<p><!-- AddThis Advanced Settings generic via filter on the_content --><!-- AddThis Share Buttons generic via filter on the_content --></p>

<p>Los últimos rankings publicados por el Internacional Accounting Bulletin (IAB) posicionan a Auren en las clasificaciones de Países Bajos, México y Latinoamérica. Respecto a Países Bajos, Auren se ha posicionado [&hellip;]</p>

<!-- This site is optimized with the Yoast SEO plugin v27.5 - https://yoast.com/product/yoast-seo-wordpress/ -->
<title>Auren posicionada en los rankings de Países Bajos, México y Latam del IAB - Auren Uruguay</title>
<meta name="robots" content="index, follow, max-snippet:-1, max-image-preview:large, max-video-preview:-1" />
<link rel="canonical" href="https://auren.com/uy/global-new/auren-posicionada-en-los-rankings-de-paises-bajos-mexico-y-latam-del-iab/" />
<meta property="og:locale" content="es_ES" />
<meta property="og:type" content="article" />
<meta property="og:title" content="Auren posicionada en los rankings de Países Bajos, México y Latam del IAB - Auren Uruguay" />
<meta property="og:description" content="Los últimos rankings publicados por el Internacional Accounting Bulletin (IAB) posicionan a Auren en las clasificaciones de Países Bajos, México y Latinoamérica. Respecto a Países Bajos, Auren se ha posicionado [&hellip;]" />
<meta property="og:url" content="https://auren.com/uy/global-new/auren-posicionada-en-los-rankings-de-paises-bajos-mexico-y-latam-del-iab/" />
<meta property="og:site_name" content="Auren Uruguay" />
<meta property="article:publisher" content="https://www.facebook.com/aurenuruguay" />
<meta property="og:image" content="http://www.auren.com/uploads/images/originals/1657.jpg" />
<meta name="twitter:card" content="summary_large_image" />
<meta name="twitter:site" content="@AurenUruguay" />
<script type="application/ld+json" class="yoast-schema-graph">{"@context":"https:\/\/schema.org","@graph":[{"@type":"WebPage","@id":"https:\/\/auren.com\/uy\/global-new\/auren-posicionada-en-los-rankings-de-paises-bajos-mexico-y-latam-del-iab\/","url":"https:\/\/auren.com\/uy\/global-new\/auren-posicionada-en-los-rankings-de-paises-bajos-mexico-y-latam-del-iab\/","name":"Auren posicionada en los rankings de Países Bajos, México y Latam del IAB - Auren Uruguay","isPartOf":{"@id":"https:\/\/auren.com\/uy\/#website"},"primaryImageOfPage":{"@id":"https:\/\/auren.com\/uy\/global-new\/auren-posicionada-en-los-rankings-de-paises-bajos-mexico-y-latam-del-iab\/#primaryimage"},"image":{"@id":"https:\/\/auren.com\/uy\/global-new\/auren-posicionada-en-los-rankings-de-paises-bajos-mexico-y-latam-del-iab\/#primaryimage"},"thumbnailUrl":"https:\/\/auren.com\/uy\/wp-content\/uploads\/global\/2015\/11\/900x520_19-1.jpg","datePublished":"2015-11-10T15:23:05+00:00","breadcrumb":{"@id":"https:\/\/auren.com\/uy\/global-new\/auren-posicionada-en-los-rankings-de-paises-bajos-mexico-y-latam-del-iab\/#breadcrumb"},"inLanguage":"es","potentialAction":[{"@type":"ReadAction","target":["https:\/\/auren.com\/uy\/global-new\/auren-posicionada-en-los-rankings-de-paises-bajos-mexico-y-latam-del-iab\/"]}]},{"@type":"ImageObject","inLanguage":"es","@id":"https:\/\/auren.com\/uy\/global-new\/auren-posicionada-en-los-rankings-de-paises-bajos-mexico-y-latam-del-iab\/#primaryimage","url":"https:\/\/auren.com\/uy\/wp-content\/uploads\/global\/2015\/11\/900x520_19-1.jpg","contentUrl":"https:\/\/auren.com\/uy\/wp-content\/uploads\/global\/2015\/11\/900x520_19-1.jpg","width":900,"height":520},{"@type":"BreadcrumbList","@id":"https:\/\/auren.com\/uy\/global-new\/auren-posicionada-en-los-rankings-de-paises-bajos-mexico-y-latam-del-iab\/#breadcrumb","itemListElement":[{"@type":"ListItem","position":1,"name":"Portada","item":"https:\/\/auren.com\/uy\/"},{"@type":"ListItem","position":2,"name":"Auren posicionada en los rankings de Países Bajos, México y Latam del IAB"}]},{"@type":"WebSite","@id":"https:\/\/auren.com\/uy\/#website","url":"https:\/\/auren.com\/uy\/","name":"Auren Uruguay","description":"","publisher":{"@id":"https:\/\/auren.com\/uy\/#organization"},"potentialAction":[{"@type":"SearchAction","target":{"@type":"EntryPoint","urlTemplate":"https:\/\/auren.com\/uy\/?s={search_term_string}"},"query-input":{"@type":"PropertyValueSpecification","valueRequired":true,"valueName":"search_term_string"}}],"inLanguage":"es"},{"@type":"Organization","@id":"https:\/\/auren.com\/uy\/#organization","name":"Auren Uruguay","url":"https:\/\/auren.com\/uy\/","logo":{"@type":"ImageObject","inLanguage":"es","@id":"https:\/\/auren.com\/uy\/#\/schema\/logo\/image\/","url":"https:\/\/auren.com\/uy\/wp-content\/uploads\/2025\/01\/cropped-cropped-favicon-Auren.png","contentUrl":"https:\/\/auren.com\/uy\/wp-content\/uploads\/2025\/01\/cropped-cropped-favicon-Auren.png","width":512,"height":512,"caption":"Auren Uruguay"},"image":{"@id":"https:\/\/auren.com\/uy\/#\/schema\/logo\/image\/"},"sameAs":["https:\/\/www.facebook.com\/aurenuruguay","https:\/\/x.com\/AurenUruguay","https:\/\/www.linkedin.com\/company\/auren-uruguay","https:\/\/www.youtube.com\/channel\/UClkpSYFfsAuqdTaVF5whedQ","https:\/\/www.instagram.com\/aurenuruguay\/"]}]}</script>
<!-- / Yoast SEO plugin. -->

Auren posicionada en los rankings de Países Bajos, México y Latam del IAB - Auren Uruguay

Los últimos rankings publicados por el Internacional Accounting Bulletin (IAB) posicionan a Auren en las clasificaciones de Países Bajos, México y Latinoamérica. Respecto a Países Bajos, Auren se ha posicionado [&hellip;]
