{"id":15664,"date":"2018-06-11T15:52:02","date_gmt":"2018-06-11T13:52:02","guid":{"rendered":"https:\/\/auren.com\/uy\/global-new\/auren-una-firma-lider-en-derecho-audiovisual\/"},"modified":"2018-06-11T15:52:02","modified_gmt":"2018-06-11T13:52:02","slug":"auren-una-firma-lider-en-derecho-audiovisual","status":"publish","type":"global-new","link":"https:\/\/auren.com\/uy\/global-new\/auren-una-firma-lider-en-derecho-audiovisual\/","title":{"rendered":"Auren, una firma l\u00edder en derecho audiovisual"},"content":{"rendered":"<p>El departamento de Audiovisual y entretenimiento, liderado por Pilar S\u00e1nchez \u2013 Bleda, ha sido incluido en los rankings de publicaciones prestigiosas como The Legal 500 y Media Law International.<\/p>\n<p>The Legal 500, ha destacado la importancia de Auren Espa\u00f1a en el \u00e1mbito de Propiedad Intelectual y Copyright,&nbsp; y la figura l\u00edder de Pilar como una de las m\u00e1s reconocidas profesionales en el sector. Por otra parte, Media Law International estable a Auren como una de las firmas m\u00e1s especializadas en Derecho Audiovisual en Espa\u00f1a.<\/p>\n<\/p>\n<figure><img decoding=\"async\" data-src=\"https:\/\/d33c2a5xmvj7uh.cloudfront.net\/images\/originals\/75-5.jpg?v=1528732237\" data-image=\"9993797\" src=\"data:image\/svg+xml;base64,PHN2ZyB3aWR0aD0iMSIgaGVpZ2h0PSIxIiB4bWxucz0iaHR0cDovL3d3dy53My5vcmcvMjAwMC9zdmciPjwvc3ZnPg==\" class=\"lazyload\"><\/figure>\n<\/p>\n<p>Mas informaci\u00f3n pulsa&nbsp;<a href=\"http:\/\/tecnologia.elderecho.com\/tecnologia\/internet_y_tecnologia\/Auren-Media-Law-International-audiovisual_0_1224000009.html\" target=\"_blank\" rel=\"noopener noreferrer\">AQU\u00cd<\/a><\/p>\n<\/p>\n<p><!-- AddThis Advanced Settings generic via filter on the_content --><!-- AddThis Share Buttons generic via filter on the_content --><\/p>\n","protected":false},"excerpt":{"rendered":"<p>El departamento de Audiovisual y entretenimiento, liderado por Pilar S\u00e1nchez \u2013 Bleda, ha sido incluido en los rankings de publicaciones prestigiosas como The Legal 500 y Media Law International. The [&hellip;]<\/p>\n","protected":false},"featured_media":12509,"template":"","meta":{"_acf_changed":false},"global-new-category":[],"class_list":["post-15664","global-new","type-global-new","status-publish","has-post-thumbnail","hentry"],"acf":[],"yoast_head":"<!-- This site is optimized with the Yoast SEO plugin v27.5 - https:\/\/yoast.com\/product\/yoast-seo-wordpress\/ -->\n<title>Auren, una firma l\u00edder en derecho audiovisual - Auren Uruguay<\/title>\n<meta name=\"robots\" content=\"index, follow, max-snippet:-1, max-image-preview:large, max-video-preview:-1\" \/>\n<link rel=\"canonical\" href=\"https:\/\/auren.com\/uy\/global-new\/auren-una-firma-lider-en-derecho-audiovisual\/\" \/>\n<meta property=\"og:locale\" content=\"es_ES\" \/>\n<meta property=\"og:type\" content=\"article\" \/>\n<meta property=\"og:title\" content=\"Auren, una firma l\u00edder en derecho audiovisual - Auren Uruguay\" \/>\n<meta property=\"og:description\" content=\"El departamento de Audiovisual y entretenimiento, liderado por Pilar S\u00e1nchez \u2013 Bleda, ha sido incluido en los rankings de publicaciones prestigiosas como The Legal 500 y Media Law International. The [&hellip;]\" \/>\n<meta property=\"og:url\" content=\"https:\/\/auren.com\/uy\/global-new\/auren-una-firma-lider-en-derecho-audiovisual\/\" \/>\n<meta property=\"og:site_name\" content=\"Auren Uruguay\" \/>\n<meta property=\"article:publisher\" content=\"https:\/\/www.facebook.com\/aurenuruguay\" \/>\n<meta property=\"og:image\" content=\"https:\/\/d33c2a5xmvj7uh.cloudfront.net\/images\/originals\/75-5.jpg?v=1528732237\" \/>\n<meta name=\"twitter:card\" content=\"summary_large_image\" \/>\n<meta name=\"twitter:site\" content=\"@AurenUruguay\" \/>\n<script type=\"application\/ld+json\" class=\"yoast-schema-graph\">{\"@context\":\"https:\\\/\\\/schema.org\",\"@graph\":[{\"@type\":\"WebPage\",\"@id\":\"https:\\\/\\\/auren.com\\\/uy\\\/global-new\\\/auren-una-firma-lider-en-derecho-audiovisual\\\/\",\"url\":\"https:\\\/\\\/auren.com\\\/uy\\\/global-new\\\/auren-una-firma-lider-en-derecho-audiovisual\\\/\",\"name\":\"Auren, una firma l\u00edder en derecho audiovisual - Auren Uruguay\",\"isPartOf\":{\"@id\":\"https:\\\/\\\/auren.com\\\/uy\\\/#website\"},\"primaryImageOfPage\":{\"@id\":\"https:\\\/\\\/auren.com\\\/uy\\\/global-new\\\/auren-una-firma-lider-en-derecho-audiovisual\\\/#primaryimage\"},\"image\":{\"@id\":\"https:\\\/\\\/auren.com\\\/uy\\\/global-new\\\/auren-una-firma-lider-en-derecho-audiovisual\\\/#primaryimage\"},\"thumbnailUrl\":\"https:\\\/\\\/auren.com\\\/uy\\\/wp-content\\\/uploads\\\/global\\\/2018\\\/06\\\/75-5-4.jpg\",\"datePublished\":\"2018-06-11T13:52:02+00:00\",\"breadcrumb\":{\"@id\":\"https:\\\/\\\/auren.com\\\/uy\\\/global-new\\\/auren-una-firma-lider-en-derecho-audiovisual\\\/#breadcrumb\"},\"inLanguage\":\"es\",\"potentialAction\":[{\"@type\":\"ReadAction\",\"target\":[\"https:\\\/\\\/auren.com\\\/uy\\\/global-new\\\/auren-una-firma-lider-en-derecho-audiovisual\\\/\"]}]},{\"@type\":\"ImageObject\",\"inLanguage\":\"es\",\"@id\":\"https:\\\/\\\/auren.com\\\/uy\\\/global-new\\\/auren-una-firma-lider-en-derecho-audiovisual\\\/#primaryimage\",\"url\":\"https:\\\/\\\/auren.com\\\/uy\\\/wp-content\\\/uploads\\\/global\\\/2018\\\/06\\\/75-5-4.jpg\",\"contentUrl\":\"https:\\\/\\\/auren.com\\\/uy\\\/wp-content\\\/uploads\\\/global\\\/2018\\\/06\\\/75-5-4.jpg\",\"width\":278,\"height\":200},{\"@type\":\"BreadcrumbList\",\"@id\":\"https:\\\/\\\/auren.com\\\/uy\\\/global-new\\\/auren-una-firma-lider-en-derecho-audiovisual\\\/#breadcrumb\",\"itemListElement\":[{\"@type\":\"ListItem\",\"position\":1,\"name\":\"Portada\",\"item\":\"https:\\\/\\\/auren.com\\\/uy\\\/\"},{\"@type\":\"ListItem\",\"position\":2,\"name\":\"Auren, una firma l\u00edder en derecho audiovisual\"}]},{\"@type\":\"WebSite\",\"@id\":\"https:\\\/\\\/auren.com\\\/uy\\\/#website\",\"url\":\"https:\\\/\\\/auren.com\\\/uy\\\/\",\"name\":\"Auren Uruguay\",\"description\":\"\",\"publisher\":{\"@id\":\"https:\\\/\\\/auren.com\\\/uy\\\/#organization\"},\"potentialAction\":[{\"@type\":\"SearchAction\",\"target\":{\"@type\":\"EntryPoint\",\"urlTemplate\":\"https:\\\/\\\/auren.com\\\/uy\\\/?s={search_term_string}\"},\"query-input\":{\"@type\":\"PropertyValueSpecification\",\"valueRequired\":true,\"valueName\":\"search_term_string\"}}],\"inLanguage\":\"es\"},{\"@type\":\"Organization\",\"@id\":\"https:\\\/\\\/auren.com\\\/uy\\\/#organization\",\"name\":\"Auren Uruguay\",\"url\":\"https:\\\/\\\/auren.com\\\/uy\\\/\",\"logo\":{\"@type\":\"ImageObject\",\"inLanguage\":\"es\",\"@id\":\"https:\\\/\\\/auren.com\\\/uy\\\/#\\\/schema\\\/logo\\\/image\\\/\",\"url\":\"https:\\\/\\\/auren.com\\\/uy\\\/wp-content\\\/uploads\\\/2025\\\/01\\\/cropped-cropped-favicon-Auren.png\",\"contentUrl\":\"https:\\\/\\\/auren.com\\\/uy\\\/wp-content\\\/uploads\\\/2025\\\/01\\\/cropped-cropped-favicon-Auren.png\",\"width\":512,\"height\":512,\"caption\":\"Auren Uruguay\"},\"image\":{\"@id\":\"https:\\\/\\\/auren.com\\\/uy\\\/#\\\/schema\\\/logo\\\/image\\\/\"},\"sameAs\":[\"https:\\\/\\\/www.facebook.com\\\/aurenuruguay\",\"https:\\\/\\\/x.com\\\/AurenUruguay\",\"https:\\\/\\\/www.linkedin.com\\\/company\\\/auren-uruguay\",\"https:\\\/\\\/www.youtube.com\\\/channel\\\/UClkpSYFfsAuqdTaVF5whedQ\",\"https:\\\/\\\/www.instagram.com\\\/aurenuruguay\\\/\"]}]}<\/script>\n<!-- \/ Yoast SEO plugin. -->","yoast_head_json":{"title":"Auren, una firma l\u00edder en derecho audiovisual - Auren Uruguay","robots":{"index":"index","follow":"follow","max-snippet":"max-snippet:-1","max-image-preview":"max-image-preview:large","max-video-preview":"max-video-preview:-1"},"canonical":"https:\/\/auren.com\/uy\/global-new\/auren-una-firma-lider-en-derecho-audiovisual\/","og_locale":"es_ES","og_type":"article","og_title":"Auren, una firma l\u00edder en derecho audiovisual - Auren Uruguay","og_description":"El departamento de Audiovisual y entretenimiento, liderado por Pilar S\u00e1nchez \u2013 Bleda, ha sido incluido en los rankings de publicaciones prestigiosas como The Legal 500 y Media Law International. The [&hellip;]","og_url":"https:\/\/auren.com\/uy\/global-new\/auren-una-firma-lider-en-derecho-audiovisual\/","og_site_name":"Auren Uruguay","article_publisher":"https:\/\/www.facebook.com\/aurenuruguay","og_image":[{"url":"https:\/\/d33c2a5xmvj7uh.cloudfront.net\/images\/originals\/75-5.jpg?v=1528732237","type":"","width":"","height":""}],"twitter_card":"summary_large_image","twitter_site":"@AurenUruguay","schema":{"@context":"https:\/\/schema.org","@graph":[{"@type":"WebPage","@id":"https:\/\/auren.com\/uy\/global-new\/auren-una-firma-lider-en-derecho-audiovisual\/","url":"https:\/\/auren.com\/uy\/global-new\/auren-una-firma-lider-en-derecho-audiovisual\/","name":"Auren, una firma l\u00edder en derecho audiovisual - Auren Uruguay","isPartOf":{"@id":"https:\/\/auren.com\/uy\/#website"},"primaryImageOfPage":{"@id":"https:\/\/auren.com\/uy\/global-new\/auren-una-firma-lider-en-derecho-audiovisual\/#primaryimage"},"image":{"@id":"https:\/\/auren.com\/uy\/global-new\/auren-una-firma-lider-en-derecho-audiovisual\/#primaryimage"},"thumbnailUrl":"https:\/\/auren.com\/uy\/wp-content\/uploads\/global\/2018\/06\/75-5-4.jpg","datePublished":"2018-06-11T13:52:02+00:00","breadcrumb":{"@id":"https:\/\/auren.com\/uy\/global-new\/auren-una-firma-lider-en-derecho-audiovisual\/#breadcrumb"},"inLanguage":"es","potentialAction":[{"@type":"ReadAction","target":["https:\/\/auren.com\/uy\/global-new\/auren-una-firma-lider-en-derecho-audiovisual\/"]}]},{"@type":"ImageObject","inLanguage":"es","@id":"https:\/\/auren.com\/uy\/global-new\/auren-una-firma-lider-en-derecho-audiovisual\/#primaryimage","url":"https:\/\/auren.com\/uy\/wp-content\/uploads\/global\/2018\/06\/75-5-4.jpg","contentUrl":"https:\/\/auren.com\/uy\/wp-content\/uploads\/global\/2018\/06\/75-5-4.jpg","width":278,"height":200},{"@type":"BreadcrumbList","@id":"https:\/\/auren.com\/uy\/global-new\/auren-una-firma-lider-en-derecho-audiovisual\/#breadcrumb","itemListElement":[{"@type":"ListItem","position":1,"name":"Portada","item":"https:\/\/auren.com\/uy\/"},{"@type":"ListItem","position":2,"name":"Auren, una firma l\u00edder en derecho audiovisual"}]},{"@type":"WebSite","@id":"https:\/\/auren.com\/uy\/#website","url":"https:\/\/auren.com\/uy\/","name":"Auren Uruguay","description":"","publisher":{"@id":"https:\/\/auren.com\/uy\/#organization"},"potentialAction":[{"@type":"SearchAction","target":{"@type":"EntryPoint","urlTemplate":"https:\/\/auren.com\/uy\/?s={search_term_string}"},"query-input":{"@type":"PropertyValueSpecification","valueRequired":true,"valueName":"search_term_string"}}],"inLanguage":"es"},{"@type":"Organization","@id":"https:\/\/auren.com\/uy\/#organization","name":"Auren Uruguay","url":"https:\/\/auren.com\/uy\/","logo":{"@type":"ImageObject","inLanguage":"es","@id":"https:\/\/auren.com\/uy\/#\/schema\/logo\/image\/","url":"https:\/\/auren.com\/uy\/wp-content\/uploads\/2025\/01\/cropped-cropped-favicon-Auren.png","contentUrl":"https:\/\/auren.com\/uy\/wp-content\/uploads\/2025\/01\/cropped-cropped-favicon-Auren.png","width":512,"height":512,"caption":"Auren Uruguay"},"image":{"@id":"https:\/\/auren.com\/uy\/#\/schema\/logo\/image\/"},"sameAs":["https:\/\/www.facebook.com\/aurenuruguay","https:\/\/x.com\/AurenUruguay","https:\/\/www.linkedin.com\/company\/auren-uruguay","https:\/\/www.youtube.com\/channel\/UClkpSYFfsAuqdTaVF5whedQ","https:\/\/www.instagram.com\/aurenuruguay\/"]}]}},"_links":{"self":[{"href":"https:\/\/auren.com\/uy\/wp-json\/wp\/v2\/global-new\/15664","targetHints":{"allow":["GET"]}}],"collection":[{"href":"https:\/\/auren.com\/uy\/wp-json\/wp\/v2\/global-new"}],"about":[{"href":"https:\/\/auren.com\/uy\/wp-json\/wp\/v2\/types\/global-new"}],"wp:featuredmedia":[{"embeddable":true,"href":"https:\/\/auren.com\/uy\/wp-json\/wp\/v2\/media\/12509"}],"wp:attachment":[{"href":"https:\/\/auren.com\/uy\/wp-json\/wp\/v2\/media?parent=15664"}],"wp:term":[{"taxonomy":"global-new-category","embeddable":true,"href":"https:\/\/auren.com\/uy\/wp-json\/wp\/v2\/global-new-category?post=15664"}],"curies":[{"name":"wp","href":"https:\/\/api.w.org\/{rel}","templated":true}]}}

Auren, una firma líder en derecho audiovisual

<p>El departamento de Audiovisual y entretenimiento, liderado por Pilar Sánchez – Bleda, ha sido incluido en los rankings de publicaciones prestigiosas como The Legal 500 y Media Law International.</p>
<p>The Legal 500, ha destacado la importancia de Auren España en el ámbito de Propiedad Intelectual y Copyright,&nbsp; y la figura líder de Pilar como una de las más reconocidas profesionales en el sector. Por otra parte, Media Law International estable a Auren como una de las firmas más especializadas en Derecho Audiovisual en España.</p>
</p>
<figure><img decoding="async" data-src="https://d33c2a5xmvj7uh.cloudfront.net/images/originals/75-5.jpg?v=1528732237" data-image="9993797" src="data:image/svg+xml;base64,PHN2ZyB3aWR0aD0iMSIgaGVpZ2h0PSIxIiB4bWxucz0iaHR0cDovL3d3dy53My5vcmcvMjAwMC9zdmciPjwvc3ZnPg==" class="lazyload"></figure>
</p>
<p>Mas información pulsa&nbsp;<a href="http://tecnologia.elderecho.com/tecnologia/internet_y_tecnologia/Auren-Media-Law-International-audiovisual_0_1224000009.html" target="_blank" rel="noopener noreferrer">AQUÍ</a></p>
</p>
<p><!-- AddThis Advanced Settings generic via filter on the_content --><!-- AddThis Share Buttons generic via filter on the_content --></p>

<p>El departamento de Audiovisual y entretenimiento, liderado por Pilar Sánchez – Bleda, ha sido incluido en los rankings de publicaciones prestigiosas como The Legal 500 y Media Law International. The [&hellip;]</p>

<!-- This site is optimized with the Yoast SEO plugin v27.5 - https://yoast.com/product/yoast-seo-wordpress/ -->
<title>Auren, una firma líder en derecho audiovisual - Auren Uruguay</title>
<meta name="robots" content="index, follow, max-snippet:-1, max-image-preview:large, max-video-preview:-1" />
<link rel="canonical" href="https://auren.com/uy/global-new/auren-una-firma-lider-en-derecho-audiovisual/" />
<meta property="og:locale" content="es_ES" />
<meta property="og:type" content="article" />
<meta property="og:title" content="Auren, una firma líder en derecho audiovisual - Auren Uruguay" />
<meta property="og:description" content="El departamento de Audiovisual y entretenimiento, liderado por Pilar Sánchez – Bleda, ha sido incluido en los rankings de publicaciones prestigiosas como The Legal 500 y Media Law International. The [&hellip;]" />
<meta property="og:url" content="https://auren.com/uy/global-new/auren-una-firma-lider-en-derecho-audiovisual/" />
<meta property="og:site_name" content="Auren Uruguay" />
<meta property="article:publisher" content="https://www.facebook.com/aurenuruguay" />
<meta property="og:image" content="https://d33c2a5xmvj7uh.cloudfront.net/images/originals/75-5.jpg?v=1528732237" />
<meta name="twitter:card" content="summary_large_image" />
<meta name="twitter:site" content="@AurenUruguay" />
<script type="application/ld+json" class="yoast-schema-graph">{"@context":"https:\/\/schema.org","@graph":[{"@type":"WebPage","@id":"https:\/\/auren.com\/uy\/global-new\/auren-una-firma-lider-en-derecho-audiovisual\/","url":"https:\/\/auren.com\/uy\/global-new\/auren-una-firma-lider-en-derecho-audiovisual\/","name":"Auren, una firma líder en derecho audiovisual - Auren Uruguay","isPartOf":{"@id":"https:\/\/auren.com\/uy\/#website"},"primaryImageOfPage":{"@id":"https:\/\/auren.com\/uy\/global-new\/auren-una-firma-lider-en-derecho-audiovisual\/#primaryimage"},"image":{"@id":"https:\/\/auren.com\/uy\/global-new\/auren-una-firma-lider-en-derecho-audiovisual\/#primaryimage"},"thumbnailUrl":"https:\/\/auren.com\/uy\/wp-content\/uploads\/global\/2018\/06\/75-5-4.jpg","datePublished":"2018-06-11T13:52:02+00:00","breadcrumb":{"@id":"https:\/\/auren.com\/uy\/global-new\/auren-una-firma-lider-en-derecho-audiovisual\/#breadcrumb"},"inLanguage":"es","potentialAction":[{"@type":"ReadAction","target":["https:\/\/auren.com\/uy\/global-new\/auren-una-firma-lider-en-derecho-audiovisual\/"]}]},{"@type":"ImageObject","inLanguage":"es","@id":"https:\/\/auren.com\/uy\/global-new\/auren-una-firma-lider-en-derecho-audiovisual\/#primaryimage","url":"https:\/\/auren.com\/uy\/wp-content\/uploads\/global\/2018\/06\/75-5-4.jpg","contentUrl":"https:\/\/auren.com\/uy\/wp-content\/uploads\/global\/2018\/06\/75-5-4.jpg","width":278,"height":200},{"@type":"BreadcrumbList","@id":"https:\/\/auren.com\/uy\/global-new\/auren-una-firma-lider-en-derecho-audiovisual\/#breadcrumb","itemListElement":[{"@type":"ListItem","position":1,"name":"Portada","item":"https:\/\/auren.com\/uy\/"},{"@type":"ListItem","position":2,"name":"Auren, una firma líder en derecho audiovisual"}]},{"@type":"WebSite","@id":"https:\/\/auren.com\/uy\/#website","url":"https:\/\/auren.com\/uy\/","name":"Auren Uruguay","description":"","publisher":{"@id":"https:\/\/auren.com\/uy\/#organization"},"potentialAction":[{"@type":"SearchAction","target":{"@type":"EntryPoint","urlTemplate":"https:\/\/auren.com\/uy\/?s={search_term_string}"},"query-input":{"@type":"PropertyValueSpecification","valueRequired":true,"valueName":"search_term_string"}}],"inLanguage":"es"},{"@type":"Organization","@id":"https:\/\/auren.com\/uy\/#organization","name":"Auren Uruguay","url":"https:\/\/auren.com\/uy\/","logo":{"@type":"ImageObject","inLanguage":"es","@id":"https:\/\/auren.com\/uy\/#\/schema\/logo\/image\/","url":"https:\/\/auren.com\/uy\/wp-content\/uploads\/2025\/01\/cropped-cropped-favicon-Auren.png","contentUrl":"https:\/\/auren.com\/uy\/wp-content\/uploads\/2025\/01\/cropped-cropped-favicon-Auren.png","width":512,"height":512,"caption":"Auren Uruguay"},"image":{"@id":"https:\/\/auren.com\/uy\/#\/schema\/logo\/image\/"},"sameAs":["https:\/\/www.facebook.com\/aurenuruguay","https:\/\/x.com\/AurenUruguay","https:\/\/www.linkedin.com\/company\/auren-uruguay","https:\/\/www.youtube.com\/channel\/UClkpSYFfsAuqdTaVF5whedQ","https:\/\/www.instagram.com\/aurenuruguay\/"]}]}</script>
<!-- / Yoast SEO plugin. -->

Auren, una firma líder en derecho audiovisual - Auren Uruguay

El departamento de Audiovisual y entretenimiento, liderado por Pilar Sánchez – Bleda, ha sido incluido en los rankings de publicaciones prestigiosas como The Legal 500 y Media Law International. The [&hellip;]
